000
CXUS53 KGRB 232146
CF6AIG
PRELIMINARY LOCAL CLIMATOLOGICAL DATA (WS FORM: F-6)
STATION: ANTIGO AWOS
MONTH: SEPTEMBER
YEAR: 2022
LATITUDE: 45 9 N
LONGITUDE: 89 8 W
TEMPERATURE IN F: :PCPN: SNOW: WIND :SUNSHINE: SKY :PK WND
================================================================================
1 2 3 4 5 6A 6B 7 8 9 10 11 12 13 14 15 16 17 18
12Z AVG MX 2MIN
DY MAX MIN AVG DEP HDD CDD WTR SNW DPTH SPD SPD DIR MIN PSBL S-S WX SPD DR
================================================================================
1 83 51 67 5 0 2 M M M 4.9 12 210 M M 1 20 220
2 77 60 69 7 0 4 0.01 M M 9.8 18 230 M M 1 28 230
3 71 48 60 -1 5 0 M M M 8.1 12 40 M M 1 21 30
4 70 43 57 -4 8 0 M M M 4.8 10 80 M M 4 1 16 80
5 70 44 57 -4 8 0 M M M 4.5 9 100 M M 3 12 M M
6 73 40 57 -3 8 0 M M M 1.4 7 270 M M 0 M M
7 82 48 65 5 0 0 M M M 2.3 10 320 M M 3 M M
8 80 51 66 6 0 1 M M M 7.4 17 190 M M 3 2 24 190
9 78 58 68 9 0 3 0.10 M M 7.9 16 190 M M 3 1 22 190
10 65 53 59 0 6 0 0.68 M M 5.3 12 360 M M 10 1 16 360
11 63 51 57 -1 8 0 0.04 M M 7.6 14 10 M M 5 1 20 360
12 64 51 58 0 7 0 0.65 0.0 0 9.8 18 10 M M 8 27 10
13 76 41 59 2 6 0 M M M 3.9 13 270 M M 0 M M
14 66 46 56 -1 9 0 M M M 4.2 9 110 M M 2 1 M M
15 74 47 61 5 4 0 M M M 8.9 15 200 M M 3 18 200
16 77 56 67 11 0 2 M M M 6.5 15 170 M M 4 21 170
17 78 58 68 12 0 3 0.01 M M 7.5 13 180 M M 3 20 200
18 75 58 67 12 0 2 M M M 7.6 13 270 M M 7 12 16 260
19 75 49 62 7 3 0 M M M 3.9 9 270 M M 2 12 16 270
20 75 53 64 10 1 0 0.05 M M 6.4 24 190 M M 6 31 190
21 68 47 58 4 7 0 M M M 12.1 20 280 M M 4 1 29 300
22 58 39 49 -4 16 0 M M M 6.9 17 350 M M 1 23 350
23 58 35 47 -6 18 0 M M M 5.9 13 230 M M 4 18 210
24 52 46 49 -3 16 0 0.05 M M 3.4 9 150 M M 10 1 M M
25 62 46 54 2 11 0 M M M 9.0 18 340 M M 8 1 36 340
26 56 40 48 -4 17 0 0.03 M M 12.0 20 340 M M 8 35 310
27 50 34 42 -9 23 0 M M M 10.8 18 340 M M 6 24 340
28 55 26 41 -10 24 0 M M M 1.6 7 360 M M 0 8 M M
29 60 30 45 -5 20 0 M M M 4.8 10 180 M M 0 M M
30 65 32 49 -1 16 0 M M M 2.7 7 180 M M 2 12 M M
================================================================================
SM 2056 1381 241 17 1.62 0.0 191.8 M 112
================================================================================
AV 68.5 46.0 6.4 FASTST M M 4 MAX(MPH)
MISC ----> 24 190 36 340
================================================================================
NOTES:
# LAST OF SEVERAL OCCURRENCES
COLUMN 17 PEAK WIND IN M.P.H.
PRELIMINARY LOCAL CLIMATOLOGICAL DATA (WS FORM: F-6) , PAGE 2
STATION: ANTIGO AWOS
MONTH: SEPTEMBER
YEAR: 2022
LATITUDE: 45 9 N
LONGITUDE: 89 8 W
[TEMPERATURE DATA] [PRECIPITATION DATA] SYMBOLS USED IN COLUMN 16
AVERAGE MONTHLY: 57.3 TOTAL FOR MONTH: 1.62 1 = FOG OR MIST
DPTR FM NORMAL: 1.1 DPTR FM NORMAL: -2.17 2 = FOG REDUCING VISIBILITY
HIGHEST: 83 ON 1 GRTST 24HR 0.68 ON 10-10 TO 1/4 MILE OR LESS
LOWEST: 26 ON 28 3 = THUNDER
SNOW, ICE PELLETS, HAIL 4 = ICE PELLETS
TOTAL MONTH: 0.0 INCH 5 = HAIL
GRTST 24HR 0.0 6 = FREEZING RAIN OR DRIZZLE
GRTST DEPTH: 0 7 = DUSTSTORM OR SANDSTORM:
VSBY 1/2 MILE OR LESS
8 = SMOKE OR HAZE
[NO. OF DAYS WITH] [WEATHER - DAYS WITH] 9 = BLOWING SNOW
X = TORNADO
MAX 32 OR BELOW: 0 0.01 INCH OR MORE: 9
MAX 90 OR ABOVE: 0 0.10 INCH OR MORE: 3
MIN 32 OR BELOW: 3 0.50 INCH OR MORE: 2
MIN 0 OR BELOW: 0 1.00 INCH OR MORE: 0
[HDD (BASE 65) ]
TOTAL THIS MO. 241 CLEAR (SCALE 0-3) 13
DPTR FM NORMAL -43 PTCLDY (SCALE 4-7) 13
TOTAL FM JUL 1 319 CLOUDY (SCALE 8-10) 4
DPTR FM NORMAL -92
[CDD (BASE 65) ]
TOTAL THIS MO. 17
DPTR FM NORMAL -3 [PRESSURE DATA]
TOTAL FM JAN 1 238 HIGHEST SLP M ON M
DPTR FM NORMAL -20 LOWEST SLP M ON M
[REMARKS]
#FINAL-09-22#