000
CXUS56 KSGX 011145
CF6AJO
PRELIMINARY LOCAL CLIMATOLOGICAL DATA (WS FORM: F-6)
STATION: CORONA AIRPORT CA
MONTH: JANUARY
YEAR: 2021
LATITUDE: 33 53 N
LONGITUDE: 117-36 E
TEMPERATURE IN F: :PCPN: SNOW: WIND :SUNSHINE: SKY :PK WND
================================================================================
1 2 3 4 5 6A 6B 7 8 9 10 11 12 13 14 15 16 17 18
12Z AVG MX 2MIN
DY MAX MIN AVG DEP HDD CDD WTR SNW DPTH SPD SPD DIR MIN PSBL S-S WX SPD DR
================================================================================
1 70 40 55 M 10 0 0.00 M M 8.5 23 30 M M 0 32 50
2 67 35 51 M 14 0 0.00 M M 1.7 8 290 M M 0 M M
3 65 37 51 M 14 0 0.00 M M 1.3 8 260 M M 0 1 M M
4 65 38 52 M 13 0 0.00 M M 2.7 16 280 M M 0 1 22 280
5 68 39 54 M 11 0 0.00 M M 2.2 7 260 M M 3 128 M M
6 72 38 55 M 10 0 T M M 2.2 9 280 M M 0 1 M M
7 76 35 56 M 9 0 0.00 M M 2.0 8 160 M M 0 1 M M
8 72 36 54 M 11 0 0.00 M M 1.0 8 270 M M 0 M M
9 73 32 53 M 12 0 0.00 M M 6.1 21 70 M M 0 1 32 70
10 73 42 58 M 7 0 0.00 M M 5.8 14 150 M M 0 21 130
11 76 49 63 M 2 0 0.00 M M 8.1 17 140 M M 0 23 140
12 73 36 55 M 10 0 0.00 M M 1.6 7 70 M M 0 M M
13 78 38 58 M 7 0 0.00 M M 1.2 9 40 M M 0 M M
14 87 40 64 M 1 0 0.00 M M 9.6 22 50 M M 0 37 40
15 90 51 71 M 0 6 0.00 M M 12.4 20 110 M M 0 32 100
16 88 40 64 M 1 0 0.00 M M 7.9 21 40 M M 0 30 50
17 87 48 68 M 0 3 0.00 M M 7.9 15 90 M M 0 22 90
18 82 38 60 M 5 0 0.00 M M 6.7 20 40 M M 0 1 31 40
19 67 44 56 M 9 0 0.00 M M 11.3 28 50 M M 1 1 33 50
20 73 57 65 M 0 0 0.00 M M 10.3 16 70 M M 0 25 60
21 M M M M M M 0.00 M M 3.4 10 140 M M 0 M M
22 M M M M M M T M 0 2.4 8 250 M M 2 M M
23 M M M M M M 0.14 M 0 4.8 8 100 M M 8 M M
24 M M M M M M 0.03 M M 2.5 17 240 M M 5 128 24 240
25 52 44 48 M 17 0 0.13 M M 9.8 18 260 M M 7 33 250
26 55 29 42 M 23 0 0.00 M M 4.3 12 270 M M 2 M M
27 59 37 48 M 17 0 0.00 M M 1.9 6 120 M M 4 M M
28 66 36 51 M 14 0 0.08 M M 3.4 12 230 M M 2 1 17 230
29 54 43 49 M 16 0 0.22 M M 2.5 12 300 M M 9 1 16 300
30 62 35 49 M 16 0 0.00 M M 1.4 6 120 M M 2 12 M M
31 71 38 55 M 10 0 0.00 M M 5.2 9 110 M M 0 M M
================================================================================
SM 1921 1075 259 9 0.60 M 152.2 M 45
================================================================================
AV 71.1 39.8 4.9 FASTST M M 1 MAX(MPH)
MISC ----> 28 50 37 40
================================================================================
NOTES:
# LAST OF SEVERAL OCCURRENCES
COLUMN 17 PEAK WIND IN M.P.H.
PRELIMINARY LOCAL CLIMATOLOGICAL DATA (WS FORM: F-6) , PAGE 2
STATION: CORONA AIRPORT CA
MONTH: JANUARY
YEAR: 2021
LATITUDE: 33 53 N
LONGITUDE: 117-36 E
[TEMPERATURE DATA] [PRECIPITATION DATA] SYMBOLS USED IN COLUMN 16
AVERAGE MONTHLY: 55.5 TOTAL FOR MONTH: 0.60 1 = FOG OR MIST
DPTR FM NORMAL: 0.0 DPTR FM NORMAL: M 2 = FOG REDUCING VISIBILITY
HIGHEST: 90 ON 15 GRTST 24HR 1.11 ON 29-30 TO 1/4 MILE OR LESS
LOWEST: 29 ON 26 3 = THUNDER
SNOW, ICE PELLETS, HAIL 4 = ICE PELLETS
TOTAL MONTH: M 5 = HAIL
GRTST 24HR M ON M 6 = FREEZING RAIN OR DRIZZLE
GRTST DEPTH: 0 7 = DUSTSTORM OR SANDSTORM:
VSBY 1/2 MILE OR LESS
8 = SMOKE OR HAZE
[NO. OF DAYS WITH] [WEATHER - DAYS WITH] 9 = BLOWING SNOW
X = TORNADO
MAX 32 OR BELOW: 0 0.01 INCH OR MORE: 5
MAX 90 OR ABOVE: 1 0.10 INCH OR MORE: 3
MIN 32 OR BELOW: 2 0.50 INCH OR MORE: 0
MIN 0 OR BELOW: 0 1.00 INCH OR MORE: 0
[HDD (BASE 65) ]
TOTAL THIS MO. 259 CLEAR (SCALE 0-3) 26
DPTR FM NORMAL M PTCLDY (SCALE 4-7) 4
TOTAL FM JUL 1 786 CLOUDY (SCALE 8-10) 1
DPTR FM NORMAL M
[CDD (BASE 65) ]
TOTAL THIS MO. 9
DPTR FM NORMAL M [PRESSURE DATA]
TOTAL FM JAN 1 9 HIGHEST SLP M ON M
DPTR FM NORMAL M LOWEST SLP M ON M
[REMARKS]
#FINAL-01-21#