000
CXUS56 KSGX 011045
CF6AJO
PRELIMINARY LOCAL CLIMATOLOGICAL DATA (WS FORM: F-6)
STATION: CORONA AIRPORT CA
MONTH: AUGUST
YEAR: 2023
LATITUDE: 33 53 N
LONGITUDE: 117-36 E
TEMPERATURE IN F: :PCPN: SNOW: WIND :SUNSHINE: SKY :PK WND
================================================================================
1 2 3 4 5 6A 6B 7 8 9 10 11 12 13 14 15 16 17 18
12Z AVG MX 2MIN
DY MAX MIN AVG DEP HDD CDD WTR SNW DPTH SPD SPD DIR MIN PSBL S-S WX SPD DR
================================================================================
1 94 68 81 M 0 16 0.00 M M 4.8 16 280 M M 0 22 280
2 94 64 79 M 0 14 0.00 M M 7.0 16 280 M M 0 21 280
3 88 58 73 M 0 8 0.00 M M 6.3 15 280 M M 0 21 280
4 89 56 73 M 0 8 0.00 M M 5.7 15 280 M M 0 8 22 270
5 94 62 78 M 0 13 0.00 M M 6.3 16 280 M M 0 1 23 280
6 97 62 80 M 0 15 0.00 M M 6.6 17 270 M M 0 1 23 270
7 95 53 74 M 0 9 0.00 M M 5.6 16 280 M M 0 128 22 280
8 93 53 73 M 0 8 0.00 M M 5.1 15 280 M M 0 1 23 270
9 88 65 77 M 0 12 T M M 5.6 16 290 M M 0 24 290
10 83 66 75 M 0 10 T M M 6.9 15 270 M M 6 1 23 270
11 85 66 76 M 0 11 0.00 M M 5.9 17 290 M M 4 24 290
12 89 60 75 M 0 10 0.00 M M 6.0 18 280 M M 0 24 290
13 89 60 75 M 0 10 0.00 M M 6.3 15 300 M M 0 18 280
14 92 64 78 M 0 13 0.00 M M 7.1 17 300 M M 0 1 22 300
15 96 63 80 M 0 15 0.00 M M 7.0 17 280 M M 0 1 23 290
16 98 69 84 M 0 19 0.00 M M 7.4 18 270 M M 0 24 270
17 96 66 81 M 0 16 0.00 M M 7.9 20 270 M M 0 26 270
18 92 57 75 M 0 10 0.00 M M 8.2 18 290 M M 0 23 280
19 85 58 72 M 0 7 0.00 M M 5.1 16 260 M M 1 23 260
20 77 68 73 M 0 8 0.03 M M 4.6 12 110 M M 8 1 M M
21 82 63 73 M 0 8 0.17 M M 5.5 14 270 M M 5 1 16 260
22 89 61 75 M 0 10 0.08 M M 5.1 14 280 M M 0 1 20 280
23 91 61 76 M 0 11 0.02 M M 5.9 16 280 M M 0 21 270
24 87 64 76 M 0 11 0.00 M M 7.3 15 300 M M 0 1 17 270
25 90 61 76 M 0 11 0.00 M M 5.8 17 290 M M 0 1 23 290
26 94 58 76 M 0 11 0.00 M M 4.4 15 270 M M 0 20 270
27 100 57 79 M 0 14 0.00 M M 4.3 14 290 M M 0 17 270
28 102 60 81 M 0 16 0.00 M M 4.7 14 270 M M 0 18 270
29 102 60 81 M 0 16 0.00 M M 4.3 12 300 M M 0 17 270
30 97 61 79 M 0 14 0.00 M M 5.8 17 300 M M 0 23 300
31 90 66 78 M 0 13 0.00 M M 2.8 7 290 M M 0 M M
================================================================================
SM 2838 1910 0 367 0.30 M 180.9 M 24
================================================================================
AV 91.5 61.6 5.8 FASTST M M 1 MAX(MPH)
MISC ----> 20 270 26 270
================================================================================
NOTES:
# LAST OF SEVERAL OCCURRENCES
COLUMN 17 PEAK WIND IN M.P.H.
PRELIMINARY LOCAL CLIMATOLOGICAL DATA (WS FORM: F-6) , PAGE 2
STATION: CORONA AIRPORT CA
MONTH: AUGUST
YEAR: 2023
LATITUDE: 33 53 N
LONGITUDE: 117-36 E
[TEMPERATURE DATA] [PRECIPITATION DATA] SYMBOLS USED IN COLUMN 16
AVERAGE MONTHLY: 76.6 TOTAL FOR MONTH: 0.30 1 = FOG OR MIST
DPTR FM NORMAL: 0.0 DPTR FM NORMAL: M 2 = FOG REDUCING VISIBILITY
HIGHEST: 102 ON 29,28 GRTST 24HR 0.17 ON 21-21 TO 1/4 MILE OR LESS
LOWEST: 53 ON 8, 7 3 = THUNDER
SNOW, ICE PELLETS, HAIL 4 = ICE PELLETS
TOTAL MONTH: M 5 = HAIL
GRTST 24HR M ON M 6 = FREEZING RAIN OR DRIZZLE
GRTST DEPTH: M ON M 7 = DUSTSTORM OR SANDSTORM:
VSBY 1/2 MILE OR LESS
8 = SMOKE OR HAZE
[NO. OF DAYS WITH] [WEATHER - DAYS WITH] 9 = BLOWING SNOW
X = TORNADO
MAX 32 OR BELOW: 0 0.01 INCH OR MORE: 4
MAX 90 OR ABOVE: 19 0.10 INCH OR MORE: 1
MIN 32 OR BELOW: 0 0.50 INCH OR MORE: 0
MIN 0 OR BELOW: 0 1.00 INCH OR MORE: 0
[HDD (BASE 65) ]
TOTAL THIS MO. 0 CLEAR (SCALE 0-3) 27
DPTR FM NORMAL M PTCLDY (SCALE 4-7) 3
TOTAL FM JUL 1 0 CLOUDY (SCALE 8-10) 1
DPTR FM NORMAL M
[CDD (BASE 65) ]
TOTAL THIS MO. 367
DPTR FM NORMAL M [PRESSURE DATA]
TOTAL FM JAN 1 834 HIGHEST SLP M ON M
DPTR FM NORMAL M LOWEST SLP M ON M
[REMARKS]
#FINAL-08-23#