000
CXUS54 KEPZ 221306
CF6ALM
PRELIMINARY LOCAL CLIMATOLOGICAL DATA (WS FORM: F-6)
STATION: ALAMOGORDO
MONTH: OCTOBER
YEAR: 2022
LATITUDE: 32 49 N
LONGITUDE: 106 0 W
TEMPERATURE IN F: :PCPN: SNOW: WIND :SUNSHINE: SKY :PK WND
================================================================================
1 2 3 4 5 6A 6B 7 8 9 10 11 12 13 14 15 16 17 18
12Z AVG MX 2MIN
DY MAX MIN AVG DEP HDD CDD WTR SNW DPTH SPD SPD DIR MIN PSBL S-S WX SPD DR
================================================================================
1 84 30 57 M 8 0 0.01 M M 5.5 15 190 M M 3 22 190
2 81 55 68 M 0 3 0.00 M M 6.7 15 180 M M 5 18 180
3 75 55 65 M 0 0 0.00 M M 4.7 10 360 M M 5 16 360
4 77 55 66 M 0 1 0.00 M M 5.7 17 180 M M 4 25 180
5 75 57 66 M 0 1 0.00 M M 7.0 16 180 M M 7 21 310
6 66 52 59 M 6 0 0.23 M M 4.1 10 330 M M 8 38 23 280
7 73 52 63 M 2 0 0.70 M M 5.0 18 190 M M 8 1 18 190
8 70 54 62 M 3 0 0.05 M M 2.7 14 150 M M 8 1 17 150
9 66 52 59 M 6 0 0.11 M M 4.8 15 280 M M 7 1 22 260
10 72 52 62 M 3 0 0.00 M M 3.9 8 210 M M 4 12 0
11 75 48 62 M 3 0 0.00 M M 3.5 9 140 M M 2 14 99
12 81 48 65 M 0 0 0.00 M M 4.6 10 290 M M 0 14 99
13 79 46 63 M 2 0 0.00 M M 4.1 8 140 M M 1 14 160
14 77 48 63 M 2 0 0.00 M M 3.0 7 360 M M 2 M M
15 81 57 69 M 0 4 0.00 M M 4.5 12 170 M M 3 12 220
16 72 52 62 M 3 0 0.02 M M 5.8 12 330 M M 8 13 16 99
17 61 50 56 M 9 0 0.02 M M 6.8 12 180 M M 10 1 13 180
18 63 46 55 M 10 0 0.01 M M 2.5 7 99 M M 7 M M
19 68 37 53 M 12 0 0.01 M M 3.9 9 300 M M 1 1 13 320
20 73 39 56 M 9 0 0.01 M M 3.8 9 70 M M 2 M M
21 77 41 59 M 6 0 0.02 M M 3.7 10 150 M M 2 13 99
22 79 55 67 M 0 2 0.00 M M 8.8 16 160 M M 4 21 160
23 77 57 67 M 0 2 T M M 14.9 24 250 M M 6 32 240
24 61 41 51 M 14 0 0.06 M M 11.7 24 320 M M 6 1 33 320
25 64 32 48 M 17 0 0.00 M M 8.4 18 10 M M 1 24 10
26 70 34 52 M 13 0 0.00 M M 5.8 10 140 M M 1 17 99
27 70 43 57 M 8 0 0.00 M M 15.2 32 360 M M 4 8 41 360
28 64 37 51 M 14 0 0.00 M M 7.9 15 340 M M 2 8 20 10
29 66 34 50 M 15 0 0.00 M M 4.6 9 330 M M 3 16 0
30 68 34 51 M 14 0 0.00 M M 2.4 7 60 M M 3 M M
31 70 39 55 M 10 0 0.00 M M 3.5 8 140 M M 2 8 M M
================================================================================
SM 2235 1432 189 13 1.25 M 179.3 M 129
================================================================================
AV 72.1 46.2 5.8 FASTST M M 4 MAX(MPH)
MISC ----> 32 360 41 360
================================================================================
NOTES:
# LAST OF SEVERAL OCCURRENCES
COLUMN 17 PEAK WIND IN M.P.H.
PRELIMINARY LOCAL CLIMATOLOGICAL DATA (WS FORM: F-6) , PAGE 2
STATION: ALAMOGORDO
MONTH: OCTOBER
YEAR: 2022
LATITUDE: 32 49 N
LONGITUDE: 106 0 W
[TEMPERATURE DATA] [PRECIPITATION DATA] SYMBOLS USED IN COLUMN 16
AVERAGE MONTHLY: 59.1 TOTAL FOR MONTH: 1.25 1 = FOG OR MIST
DPTR FM NORMAL: 0.0 DPTR FM NORMAL: M 2 = FOG REDUCING VISIBILITY
HIGHEST: 84 ON 1 GRTST 24HR 0.70 ON 7- 7 TO 1/4 MILE OR LESS
LOWEST: 30 ON 1 3 = THUNDER
SNOW, ICE PELLETS, HAIL 4 = ICE PELLETS
TOTAL MONTH: M 5 = HAIL
GRTST 24HR M ON M 6 = FREEZING RAIN OR DRIZZLE
GRTST DEPTH: M ON M 7 = DUSTSTORM OR SANDSTORM:
VSBY 1/2 MILE OR LESS
8 = SMOKE OR HAZE
[NO. OF DAYS WITH] [WEATHER - DAYS WITH] 9 = BLOWING SNOW
X = TORNADO
MAX 32 OR BELOW: 0 0.01 INCH OR MORE: 12
MAX 90 OR ABOVE: 0 0.10 INCH OR MORE: 3
MIN 32 OR BELOW: 2 0.50 INCH OR MORE: 1
MIN 0 OR BELOW: 0 1.00 INCH OR MORE: 0
[HDD (BASE 65) ]
TOTAL THIS MO. 189 CLEAR (SCALE 0-3) 12
DPTR FM NORMAL M PTCLDY (SCALE 4-7) 17
TOTAL FM JUL 1 189 CLOUDY (SCALE 8-10) 2
DPTR FM NORMAL M
[CDD (BASE 65) ]
TOTAL THIS MO. 13
DPTR FM NORMAL M [PRESSURE DATA]
TOTAL FM JAN 1 1933 HIGHEST SLP M ON M
DPTR FM NORMAL M LOWEST SLP M ON M
[REMARKS]
#FINAL-10-22#