000
CXUS54 KEPZ 011200
CF6ALM
PRELIMINARY LOCAL CLIMATOLOGICAL DATA (WS FORM: F-6)
STATION: ALAMOGORDO
MONTH: FEBRUARY
YEAR: 2020
LATITUDE: 32 49 N
LONGITUDE: 106 0 W
TEMPERATURE IN F: :PCPN: SNOW: WIND :SUNSHINE: SKY :PK WND
================================================================================
1 2 3 4 5 6A 6B 7 8 9 10 11 12 13 14 15 16 17 18
12Z AVG MX 2MIN
DY MAX MIN AVG DEP HDD CDD WTR SNW DPTH SPD SPD DIR MIN PSBL S-S WX SPD DR
================================================================================
1 45 45 45 M 20 0 0.00 0.0 M 0.0 M M M M 0 M M
2 M M M M M M M M M M M M M M M M M
3 M M M M M M M M M M M M M M M M M
4 M M M M M M M M M M M M M M M M M
5 36 25 31 M 34 0 0.06 M M M 14 180 M M M 18 18
6 48 25 37 M 28 0 0.00 0.0 M M 15 360 M M M 20 360
7 M 28 M M M M 0.00 M M M M M M M M M M
8 68 32 50 M 15 0 0.00 0.0 M M M M M M M M M
9 66 41 54 M 11 0 0.00 0.0 M M M M M M M M M
10 59 46 53 M 12 0 0.29 0.0 M 3.1 6 190 M M 3 M M
11 48 32 40 M 25 0 0.23 M 0 6.4 12 140 M M 8 1 20 290
12 48 32 40 M 25 0 0.00 0.0 0 6.3 13 340 M M 5 18 330
13 54 28 41 M 24 0 0.00 0.0 0 4.7 14 190 M M 0 M M
14 63 28 46 M 19 0 0.00 0.0 0 5.8 14 200 M M 0 17 200
15 64 36 50 M 15 0 0.00 0.0 0 4.2 10 140 M M 0 M M
16 66 36 51 M 14 0 0.00 0.0 0 5.1 12 150 M M 0 M M
17 70 39 55 M 10 0 0.00 0.0 0 7.5 12 190 M M 0 22 180
18 64 39 52 M 13 0 0.00 0.0 0 8.4 17 160 M M 0 21 180
19 59 36 48 M 17 0 0.00 0.0 0 5.5 13 180 M M 0 M M
20 57 32 45 M 20 0 0.00 0.0 0 8.8 18 170 M M 0 22 170
21 46 32 39 M 26 0 0.00 0.0 0 3.6 9 360 M M 6 M M
22 59 37 48 M 17 0 0.00 0.0 0 3.4 7 170 M M 3 M M
23 61 45 53 M 12 0 0.00 0.0 0 16.1 31 260 M M 5 36 260
24 63 39 51 M 14 0 0.00 0.0 0 8.6 14 10 M M 0 18 310
25 48 27 38 M 27 0 0.00 0.0 0 14.3 28 360 M M 0 37 350
26 46 23 35 M 30 0 0.00 0.0 0 7.1 14 150 M M 0 M M
27 61 21 41 M 24 0 0.00 0.0 0 6.0 15 320 M M 0 22 320
28 64 27 46 M 19 0 0.00 0.0 0 3.5 8 190 M M 0 M M
29 72 37 55 M 10 0 0.00 0.0 0 6.6 18 260 M M 1 27 240
================================================================================
SM 1435 868 481 0 0.58 0.0 135.0 M 31
================================================================================
AV 57.4 33.4 6.4 FASTST M M 1 MAX(MPH)
MISC ----> # 31 260 # 37 350
================================================================================
NOTES:
# LAST OF SEVERAL OCCURRENCES
COLUMN 17 PEAK WIND IN M.P.H.
PRELIMINARY LOCAL CLIMATOLOGICAL DATA (WS FORM: F-6) , PAGE 2
STATION: ALAMOGORDO
MONTH: FEBRUARY
YEAR: 2020
LATITUDE: 32 49 N
LONGITUDE: 106 0 W
[TEMPERATURE DATA] [PRECIPITATION DATA] SYMBOLS USED IN COLUMN 16
AVERAGE MONTHLY: 45.4 TOTAL FOR MONTH: 0.58 1 = FOG OR MIST
DPTR FM NORMAL: M DPTR FM NORMAL: M 2 = FOG REDUCING VISIBILITY
HIGHEST: 72 ON 29 GRTST 24HR 0.29 ON 10-10 TO 1/4 MILE OR LESS
LOWEST: 21 ON 27 3 = THUNDER
SNOW, ICE PELLETS, HAIL 4 = ICE PELLETS
TOTAL MONTH: 0.0 INCH 5 = HAIL
GRTST 24HR 0.0 6 = FREEZING RAIN OR DRIZZLE
GRTST DEPTH: 0 7 = DUSTSTORM OR SANDSTORM:
VSBY 1/2 MILE OR LESS
8 = SMOKE OR HAZE
[NO. OF DAYS WITH] [WEATHER - DAYS WITH] 9 = BLOWING SNOW
X = TORNADO
MAX 32 OR BELOW: 0 0.01 INCH OR MORE: 3
MAX 90 OR ABOVE: 0 0.10 INCH OR MORE: 2
MIN 32 OR BELOW: 14 0.50 INCH OR MORE: 0
MIN 0 OR BELOW: 0 1.00 INCH OR MORE: 0
[HDD (BASE 65) ]
TOTAL THIS MO. 481 CLEAR (SCALE 0-3) 16
DPTR FM NORMAL M PTCLDY (SCALE 4-7) 4
TOTAL FM JUL 1 2459 CLOUDY (SCALE 8-10) 1
DPTR FM NORMAL M
[CDD (BASE 65) ]
TOTAL THIS MO. 0
DPTR FM NORMAL M [PRESSURE DATA]
TOTAL FM JAN 1 0 HIGHEST SLP M ON M
DPTR FM NORMAL M LOWEST SLP M ON M
[REMARKS]
#FINAL-02-20#