000
CXUS55 KPUB 011720
CF6ALS
PRELIMINARY LOCAL CLIMATOLOGICAL DATA (WS FORM: F-6)
STATION: ALAMOSA CO
MONTH: FEBRUARY
YEAR: 2024
LATITUDE: 37 27 N
LONGITUDE: 105 52 W
TEMPERATURE IN F: :PCPN: SNOW: WIND :SUNSHINE: SKY :PK WND
================================================================================
1 2 3 4 5 6A 6B 7 8 9 10 11 12 13 14 15 16 17 18
12Z AVG MX 2MIN
DY MAX MIN AVG DEP HDD CDD WTR SNW DPTH SPD SPD DIR MIN PSBL S-S WX SPD DR
================================================================================
1 49 11 30 10 35 0 T 0.0 0 3.5 14 240 M M 3 21 240
2 40 29 35 15 30 0 0.10 0.2 0 10.9 25 160 M M 8 1 32 170
3 39 24 32 12 33 0 0.05 1.0 1 8.8 28 320 M M 10 1 40 340
4 37 10 24 4 41 0 0.00 0.0 0 4.8 13 310 M M 2 17 320
5 43 6 25 4 40 0 0.00 0.0 0 2.5 8 120 M M 0 11 90
6 44 14 29 8 36 0 0.02 T 0 5.4 25 200 M M 3 1 35 180
7 39 24 32 11 33 0 0.12 0.8 0 17.3 37 240 M M 5 12 50 250
8 40 14 27 5 38 0 0.01 0.3 0 10.8 23 270 M M 1 1 32 270
9 35 15 25 3 40 0 T T T 8.4 21 180 M M 3 28 230
10 32 17 25 3 40 0 0.11 1.2 T 4.6 14 110 M M 10 12 19 110
11 36 -1 18 -5 47 0 0.00 0.0 1 4.3 12 270 M M 1 15 350
12 39 4 22 -1 43 0 0.00 0.0 0 3.4 8 300 M M 0 11 300
13 44 8 26 2 39 0 0.00 0.0 0 4.1 14 250 M M 0 19 240
14 49 12 31 7 34 0 0.00 0.0 0 6.2 25 280 M M 1 32 250
15 51 11 31 7 34 0 0.00 0.0 0 7.7 24 230 M M 1 34 240
16 45 13 29 4 36 0 0.00 0.0 0 4.2 15 30 M M 4 19 30
17 41 11 26 1 39 0 0.03 1.0 0 5.5 17 360 M M 3 12 24 360
18 42 6 24 -2 41 0 0.00 0.0 0 3.4 9 360 M M 1 13 360
19 54 8 31 5 34 0 0.00 0.0 0 5.2 15 220 M M 0 22 210
20 58 18 38 12 27 0 0.00 0.0 0 7.2 26 250 M M 0 36 250
21 54 21 38 11 27 0 0.00 0.0 0 13.1 38 260 M M 0 8 49 260
22 49 12 31 4 34 0 0.00 0.0 0 6.3 17 360 M M 1 23 10
23 49 9 29 1 36 0 0.00 0.0 0 4.2 10 40 M M 0 13 310
24 53 7 30 2 35 0 0.00 0.0 0 3.2 9 150 M M 0 12 330
25 58 11 35 7 30 0 0.00 0.0 0 8.7 28 270 M M 0 40 310
26 54 30 42 13 23 0 0.00 0.0 0 18.7 40 260 M M 0 8 58 250
27 46 17 32 3 33 0 0.02 T 0 16.6 39 240 M M 2 12 51 260
28 44 2 23 -7 42 0 0.00 0.0 0 3.4 18 10 M M 0 27 20
29 51 5 28 -2 37 0 0.00 0.0 0 4.4 14 250 M M 0 17 280
================================================================================
SM 1315 368 1037 0 0.46 4.5 206.8 M 59
================================================================================
AV 45.3 12.7 7.1 FASTST M M 2 MAX(MPH)
MISC ----> 40 260 58 250
================================================================================
NOTES:
COLUMN 17 PEAK WIND IN M.P.H.
PRELIMINARY LOCAL CLIMATOLOGICAL DATA (WS FORM: F-6) , PAGE 2
STATION: ALAMOSA CO
MONTH: FEBRUARY
YEAR: 2024
LATITUDE: 37 27 N
LONGITUDE: 105 52 W
[TEMPERATURE DATA] [PRECIPITATION DATA] SYMBOLS USED IN COLUMN 16
AVERAGE MONTHLY: 29.0 TOTAL FOR MONTH: 0.46 1 = FOG OR MIST
DPTR FM NORMAL: 4.7 DPTR FM NORMAL: 0.18 2 = FOG REDUCING VISIBILITY
HIGHEST: 58 ON 25,20 GRTST 24HR 0.14 ON 6- 7 TO 1/4 MILE OR LESS
LOWEST: -1 ON 11 3 = THUNDER
SNOW, ICE PELLETS, HAIL 4 = ICE PELLETS
TOTAL MONTH: 4.5 INCHES 5 = HAIL
GRTST 24HR 1.2 ON 2-3,10 6 = FREEZING RAIN OR DRIZZLE
GRTST DEPTH: 1 ON 3,11 7 = DUSTSTORM OR SANDSTORM:
VSBY 1/2 MILE OR LESS
8 = SMOKE OR HAZE
[NO. OF DAYS WITH] [WEATHER - DAYS WITH] 9 = BLOWING SNOW
X = TORNADO
MAX 32 OR BELOW: 1 0.01 INCH OR MORE: 8
MAX 90 OR ABOVE: 0 0.10 INCH OR MORE: 3
MIN 32 OR BELOW: 29 0.50 INCH OR MORE: 0
MIN 0 OR BELOW: 1 1.00 INCH OR MORE: 0
[HDD (BASE 65) ]
TOTAL THIS MO. 1037 CLEAR (SCALE 0-3) 24
DPTR FM NORMAL -103 PTCLDY (SCALE 4-7) 2
TOTAL FM JUL 1 5553 CLOUDY (SCALE 8-10) 3
DPTR FM NORMAL -685
[CDD (BASE 65) ]
TOTAL THIS MO. 0
DPTR FM NORMAL 0 [PRESSURE DATA]
TOTAL FM JAN 1 0 HIGHEST SLP 30.47 ON 5
DPTR FM NORMAL 0 LOWEST SLP 29.44 ON 3
[REMARKS]
#FINAL-02-24#