000
CXUS55 KPUB 011354
CF6ALS
PRELIMINARY LOCAL CLIMATOLOGICAL DATA (WS FORM: F-6)
STATION: ALAMOSA CO
MONTH: NOVEMBER
YEAR: 2020
LATITUDE: 37 27 N
LONGITUDE: 105 52 W
TEMPERATURE IN F: :PCPN: SNOW: WIND :SUNSHINE: SKY :PK WND
================================================================================
1 2 3 4 5 6A 6B 7 8 9 10 11 12 13 14 15 16 17 18
12Z AVG MX 2MIN
DY MAX MIN AVG DEP HDD CDD WTR SNW DPTH SPD SPD DIR MIN PSBL S-S WX SPD DR
================================================================================
1 57 22 40 3 25 0 0.00 0.0 0 3.6 12 230 M M 0 14 260
2 62 21 42 6 23 0 0.00 0.0 0 2.0 9 70 M M 0 10 80
3 61 23 42 6 23 0 0.00 0.0 0 2.9 9 260 M M 0 11 260
4 65 25 45 10 20 0 0.00 0.0 0 2.0 9 140 M M 1 16 10
5 64 22 43 8 22 0 0.00 0.0 0 2.3 8 170 M M 0 11 120
6 65 23 44 10 21 0 0.00 0.0 0 6.4 21 200 M M 0 28 200
7 63 30 47 13 18 0 0.01 0.0 0 15.6 35 190 M M 3 18 50 190
8 46 31 39 6 26 0 0.08 T 0 13.1 47 230 M M 6 1 66 230
9 39 17 28 -5 37 0 0.00 0.0 0 13.0 29 210 M M 4 39 230
10 40 9 25 -7 40 0 0.00 0.0 0 5.1 18 340 M M 0 25 340
11 45 5 25 -7 40 0 0.00 0.0 0 8.0 20 250 M M 0 26 210
12 46 12 29 -2 36 0 0.00 0.0 0 6.3 17 180 M M 0 22 160
13 51 9 30 -1 35 0 0.00 0.0 0 6.8 20 230 M M 0 26 240
14 46 16 31 1 34 0 0.00 0.0 0 16.7 35 250 M M 1 8 44 320
15 50 6 28 -2 37 0 0.00 0.0 0 3.1 10 200 M M 0 13 160
16 58 12 35 6 30 0 0.00 0.0 0 2.1 8 300 M M 0 12 280
17 58 11 35 6 30 0 0.00 0.0 0 3.0 10 310 M M 0 12 310
18 61 16 39 11 26 0 0.00 0.0 0 6.5 28 240 M M 0 37 250
19 66 25 46 18 19 0 0.00 0.0 0 12.2 32 250 M M 0 41 250
20 61 18 40 13 25 0 0.00 0.0 0 6.9 22 200 M M M 29 180
21 57 20 39 12 26 0 0.01 0.0 0 5.7 17 290 M M 3 25 290
22 49 15 32 6 33 0 T 0.0 0 6.9 23 180 M M 2 30 170
23 55 27 41 15 24 0 0.02 0.0 0 12.9 29 180 M M 4 1 37 180
24 36 15 26 1 39 0 0.21 2.0 0 5.1 15 170 M M 6 128 19 160
25 38 4 21 -4 44 0 0.00 0.0 1 3.8 8 250 M M 3 128 10 140
26 45 4 25 1 40 0 0.00 0.0 1 3.2 12 190 M M 0 1 13 170
27 45 8 27 3 38 0 0.00 0.0 1 3.9 9 150 M M 1 13 330
28 46 15 31 8 34 0 0.00 0.0 0 3.2 10 340 M M 0 13 350
29 42 10 26 3 39 0 0.00 0.0 0 6.2 22 100 M M 0 32 110
30 41 6 24 2 41 0 0.00 0.0 0 2.3 8 90 M M 0 9 90
================================================================================
SM 1558 477 925 0 0.33 2.0 190.8 M 34
================================================================================
AV 51.9 15.9 6.4 FASTST M M 1 MAX(MPH)
MISC ----> 47 230 66 230
================================================================================
NOTES:
COLUMN 17 PEAK WIND IN M.P.H.
PRELIMINARY LOCAL CLIMATOLOGICAL DATA (WS FORM: F-6) , PAGE 2
STATION: ALAMOSA CO
MONTH: NOVEMBER
YEAR: 2020
LATITUDE: 37 27 N
LONGITUDE: 105 52 W
[TEMPERATURE DATA] [PRECIPITATION DATA] SYMBOLS USED IN COLUMN 16
AVERAGE MONTHLY: 33.9 TOTAL FOR MONTH: 0.33 1 = FOG OR MIST
DPTR FM NORMAL: 4.4 DPTR FM NORMAL: -0.09 2 = FOG REDUCING VISIBILITY
HIGHEST: 66 ON 19 GRTST 24HR 0.23 ON 23-24 TO 1/4 MILE OR LESS
LOWEST: 4 ON 26,25 3 = THUNDER
SNOW, ICE PELLETS, HAIL 4 = ICE PELLETS
TOTAL MONTH: 2.0 INCHES 5 = HAIL
GRTST 24HR 2.0 ON 24 6 = FREEZING RAIN OR DRIZZLE
GRTST DEPTH: 2 ON 24 7 = DUSTSTORM OR SANDSTORM:
VSBY 1/2 MILE OR LESS
8 = SMOKE OR HAZE
[NO. OF DAYS WITH] [WEATHER - DAYS WITH] 9 = BLOWING SNOW
X = TORNADO
MAX 32 OR BELOW: 0 0.01 INCH OR MORE: 5
MAX 90 OR ABOVE: 0 0.10 INCH OR MORE: 1
MIN 32 OR BELOW: 30 0.50 INCH OR MORE: 0
MIN 0 OR BELOW: 0 1.00 INCH OR MORE: 0
[HDD (BASE 65) ]
TOTAL THIS MO. 925 CLEAR (SCALE 0-3) 25
DPTR FM NORMAL -140 PTCLDY (SCALE 4-7) 4
TOTAL FM JUL 1 1874 CLOUDY (SCALE 8-10) 0
DPTR FM NORMAL -301
[CDD (BASE 65) ]
TOTAL THIS MO. 0
DPTR FM NORMAL 0 [PRESSURE DATA]
TOTAL FM JAN 1 92 HIGHEST SLP 30.68 ON 2
DPTR FM NORMAL 41 LOWEST SLP 29.32 ON 8
[REMARKS]
#FINAL-11-20#