000
CXUS55 KPUB 011756 RRB
CLSALS
CLIMATE REPORT
NATIONAL WEATHER SERVICE
1156 AM MDT FRI SEP 01 2023
...................................
...THE ALAMOSA CO CLIMATE SUMMARY FOR THE SEASON, FROM
6/1/2023 TO 8/31/2023...
CLIMATE NORMAL PERIOD 1991 TO 2020
CLIMATE RECORD PERIOD 1932 TO 2023
WEATHER OBSERVED NORMAL DEPART LAST YEAR`S
VALUE DATE(S) VALUE FROM VALUE DATE(S)
NORMAL
................................................................
TEMPERATURE (F)
RECORD
HIGH 96 07/05/1989
LOW 23 06/03/1936
HIGHEST 95 07/17 92 06/11
LOWEST 31 06/02 32 06/02
AVG. MAXIMUM 83.7 81.4 2.3 81.7
AVG. MINIMUM 44.4 44.7 -0.3 47.4
MEAN 64.1 63.0 1.1 64.5
DAYS MAX >= 90 17 3.8 13.2
DAYS MAX <= 32 0 0.0 0.0
DAYS MIN <= 32 2 2.3 -0.3
DAYS MIN <= 0 0 0.0 0.0
PRECIPITATION (INCHES)
RECORD
MAXIMUM 6.69 2022
MINIMUM 0.75 1980
TOTALS 0.56R 2.76 -2.20 6.69
DAILY AVG. 0.01 0.03 -0.02
DAYS >= .01 9 22.5 -13.5
DAYS >= .10 2 7.9 -5.9
DAYS >= .50 0 1.1 -1.1
DAYS >= 1.00 0 0.2 -0.2
GREATEST
24 HR. TOTAL 0.16 08/12 TO 08/12
SNOWFALL (INCHES)
RECORDS
MAXIMUM 1.2 1950
TOTALS 0.0 0.0 0.0 0.0
SINCE 7/1 0.0 0.0 0.0 MM
SNOWDEPTH AVG. 0
DAYS >= 1.0 0 0.0 0.0
GREATEST
SNOW DEPTH 0 0
24 HR TOTAL 0.0 0.0
DEGREE DAYS
HEATING TOTAL 214 252 -38 151
SINCE 7/1 13 107 -94 57
COOLING TOTAL 160 70 90 128
SINCE 1/1 160 70 90 128
................................................................
WIND (MPH)
AVERAGE WIND SPEED 7.8
HIGHEST WIND SPEED/DIRECTION 39/260 DATE 06/26
HIGHEST GUST SPEED/DIRECTION 59/230 DATE 06/26
SKY COVER
POSSIBLE SUNSHINE (PERCENT) MM
AVERAGE SKY COVER 0.13
NUMBER OF DAYS FAIR 88
NUMBER OF DAYS PC 4
NUMBER OF DAYS CLOUDY 0
AVERAGE RH (PERCENT) 50
WEATHER CONDITIONS. NUMBER OF DAYS WITH
THUNDERSTORM 26 MIXED PRECIP 0
HEAVY RAIN 3 RAIN 6
LIGHT RAIN 35 FREEZING RAIN 0
LT FREEZING RAIN 0 HAIL 0
HEAVY SNOW 0 SNOW 0
LIGHT SNOW 0 SLEET 0
FOG 11 FOG W/VIS <= 1/4 MILE 5
HAZE 10
- INDICATES NEGATIVE NUMBERS.
R INDICATES RECORD WAS SET OR TIED.
MM INDICATES DATA IS MISSING.
T INDICATES TRACE AMOUNT.
$$