000
CXUS56 KPDT 011810
CF6ALW
PRELIMINARY LOCAL CLIMATOLOGICAL DATA (WS FORM: F-6)
STATION: WALLA WALLA WA
MONTH: JULY
YEAR: 2021
LATITUDE: 46 5 N
LONGITUDE: 118 17 W
TEMPERATURE IN F: :PCPN: SNOW: WIND :SUNSHINE: SKY :PK WND
================================================================================
1 2 3 4 5 6A 6B 7 8 9 10 11 12 13 14 15 16 17 18
12Z AVG MX 2MIN
DY MAX MIN AVG DEP HDD CDD WTR SNW DPTH SPD SPD DIR MIN PSBL S-S WX SPD DR
================================================================================
1 95 71 83 11 0 18 0.00 M M 8.7 20 200 M M 0 28 200
2 94 67 81 9 0 16 0.00 M M 8.4 18 180 M M 0 24 180
3 98 64 81 8 0 16 0.00 M M 7.8 16 270 M M 0 25 230
4 96 68 82 9 0 17 0.00 M M 10.0 20 280 M M 0 28 210
5 97 65 81 8 0 16 0.00 M M 8.2 18 250 M M 0 26 250
6 101 64 83 9 0 18 0.00 M M 5.5 9 80 M M 0 14 240
7 93 71 82 8 0 17 T M M 12.5 21 230 M M 0 30 270
8 92 64 78 4 0 13 0.00 M M 8.3 16 200 M M 0 24 200
9 94 64 79 4 0 14 0.00 M M 7.6 15 210 M M 0 21 200
10 98 64 81 6 0 16 0.00 M M 6.8 13 160 M M 0 8 18 210
11 96 70 83 7 0 18 0.00 M M 8.4 14 190 M M 0 20 240
12 98 64 81 5 0 16 T M M 6.6 15 260 M M 0 8 21 270
13 99 69 84 8 0 19 0.00 M M 7.8 15 240 M M 0 20 230
14 99 67 83 7 0 18 0.00 M M 7.0 16 180 M M 0 22 190
15 92 69 81 4 0 16 0.00 M M 13.3 22 220 M M 0 32 230
16 87 63 75 -2 0 10 0.00 M M 12.1 26 210 M M 0 32 210
17 89 61 75 -2 0 10 0.00 M M 8.3 18 210 M M 0 25 210
18 93 66 80 3 0 15 0.00 M M 6.9 14 210 M M 0 19 200
19 87 69 78 0 0 13 0.00 M M 6.9 17 200 M M 0 24 200
20 89 71 80 2 0 15 0.00 M M 9.2 21 200 M M 1 28 200
21 84 62 73 -5 0 8 0.00 M M 12.3 21 230 M M 2 3 28 230
22 82 56 69 -9 0 4 0.00 M M 7.3 14 240 M M 0 20 250
23 88 59 74 -4 0 9 0.00 M M 8.6 17 220 M M 0 23 240
24 96 58 77 -1 0 12 0.00 M M 5.5 12 310 M M 0 8 17 230
25 98 66 82 4 0 17 0.00 M M 6.2 12 250 M M 0 8 18 260
26 90 71 81 3 0 16 0.00 M M 5.1 13 220 M M 0 8 17 210
27 85 72 79 1 0 14 T M M 8.3 17 240 M M 1 8 23 250
28 93 69 81 3 0 16 T M M 5.7 12 240 M M 1 19 170
29 101 68 85 7 0 20 0.00 M M 5.5 14 110 M M 0 17 110
30 109 70 90 12 0 25 0.00 M M 7.8 20 30 M M 1 25 40
31 98 74 86 8 0 21 0.01 M M 7.3 23 170 M M 2 8 31 160
================================================================================
SM 2911 2056 0 473 0.01 M 249.9 M 8
================================================================================
AV 93.9 66.3 8.1 FASTST M M 0 MAX(MPH)
MISC ----> 26 210 # 32 230
================================================================================
NOTES:
# LAST OF SEVERAL OCCURRENCES
COLUMN 17 PEAK WIND IN M.P.H.
PRELIMINARY LOCAL CLIMATOLOGICAL DATA (WS FORM: F-6) , PAGE 2
STATION: WALLA WALLA WA
MONTH: JULY
YEAR: 2021
LATITUDE: 46 5 N
LONGITUDE: 118 17 W
[TEMPERATURE DATA] [PRECIPITATION DATA] SYMBOLS USED IN COLUMN 16
AVERAGE MONTHLY: 80.1 TOTAL FOR MONTH: 0.01 1 = FOG OR MIST
DPTR FM NORMAL: 3.8 DPTR FM NORMAL: -0.46 2 = FOG REDUCING VISIBILITY
HIGHEST: 109 ON 30 GRTST 24HR 0.03 ON 30- 1 TO 1/4 MILE OR LESS
LOWEST: 56 ON 22 3 = THUNDER
SNOW, ICE PELLETS, HAIL 4 = ICE PELLETS
TOTAL MONTH: M 5 = HAIL
GRTST 24HR M ON M 6 = FREEZING RAIN OR DRIZZLE
GRTST DEPTH: M ON M 7 = DUSTSTORM OR SANDSTORM:
VSBY 1/2 MILE OR LESS
8 = SMOKE OR HAZE
[NO. OF DAYS WITH] [WEATHER - DAYS WITH] 9 = BLOWING SNOW
X = TORNADO
MAX 32 OR BELOW: 0 0.01 INCH OR MORE: 1
MAX 90 OR ABOVE: 23 0.10 INCH OR MORE: 0
MIN 32 OR BELOW: 0 0.50 INCH OR MORE: 0
MIN 0 OR BELOW: 0 1.00 INCH OR MORE: 0
[HDD (BASE 65) ]
TOTAL THIS MO. 0 CLEAR (SCALE 0-3) 31
DPTR FM NORMAL -3 PTCLDY (SCALE 4-7) 0
TOTAL FM JUL 1 0 CLOUDY (SCALE 8-10) 0
DPTR FM NORMAL 0
[CDD (BASE 65) ]
TOTAL THIS MO. 473
DPTR FM NORMAL 121 [PRESSURE DATA]
TOTAL FM JAN 1 832 HIGHEST SLP 30.17 ON 23
DPTR FM NORMAL 325 LOWEST SLP 29.66 ON 1
[REMARKS]
#FINAL-07-21#