000
CXUS54 KAMA 010710
CF6AMA
PRELIMINARY LOCAL CLIMATOLOGICAL DATA (WS FORM: F-6)
STATION: AMARILLO
MONTH: OCTOBER
YEAR: 2023
LATITUDE: 35 13 N
LONGITUDE: 101 42 W
TEMPERATURE IN F: :PCPN: SNOW: WIND :SUNSHINE: SKY :PK WND
================================================================================
1 2 3 4 5 6A 6B 7 8 9 10 11 12 13 14 15 16 17 18
12Z AVG MX 2MIN
DY MAX MIN AVG DEP HDD CDD WTR SNW DPTH SPD SPD DIR MIN PSBL S-S WX SPD DR
================================================================================
1 86 62 74 9 0 9 0.00 0.0 0 16.5 29 180 M M 2 40 180
2 85 64 75 10 0 10 T 0.0 0 17.5 32 180 M M 3 43 190
3 86 61 74 10 0 9 0.02 0.0 0 16.8 29 220 M M 3 39 230
4 74 52 63 -1 2 0 0.27 0.0 0 9.2 17 20 M M 4 13 24 10
5 79 51 65 1 0 0 0.00 0.0 0 7.0 14 90 M M 3 128 19 90
6 80 44 62 -1 3 0 0.00 0.0 0 12.2 33 40 M M 1 43 40
7 71 45 58 -5 7 0 0.00 0.0 0 7.8 20 200 M M 5 26 190
8 84 44 64 2 1 0 0.00 0.0 0 8.2 15 230 M M 0 20 200
9 88 51 70 8 0 5 0.00 0.0 0 6.9 18 140 M M 0 24 130
10 87 53 70 8 0 5 0.00 0.0 0 15.4 28 210 M M 0 36 210
11 90 57 74 13 0 9 0.00 0.0 0 16.1 29 230 M M 0 40 250
12 83 57 70 9 0 5 0.00 0.0 0 19.1 36 270 M M 0 50 250
13 66 40 53 -7 12 0 0.00 0.0 0 14.8 30 360 M M 0 40 350
14 63 36 50 -10 15 0 0.00 0.0 0 9.0 17 360 M M 0 24 20
15 67 33 50 -10 15 0 0.00 0.0 0 6.4 13 350 M M 0 17 330
16 75 36 56 -3 9 0 0.00 0.0 0 6.8 15 180 M M 0 20 160
17 85 43 64 5 1 0 0.00 0.0 0 14.8 22 220 M M 0 8 35 200
18 75 47 61 3 4 0 0.00 0.0 0 14.1 38 20 M M 0 51 20
19 87 46 67 9 0 2 0.00 0.0 0 8.2 20 290 M M 0 33 300
20 90 49 70 12 0 5 0.00 0.0 0 9.1 17 210 M M 0 23 180
21 91 56 74 17 0 9 0.00 0.0 0 12.7 23 180 M M 0 33 190
22 91 57 74 17 0 9 0.00 0.0 0 19.6 33 180 M M 0 44 180
23 83 59 71 15 0 6 0.00 0.0 0 19.8 29 180 M M 1 3 37 190
24 81 58 70 14 0 5 0.02 0.0 0 10.4 37 240 M M 4 13 53 220
25 78 55 67 11 0 2 0.14 0.0 0 13.1 23 230 M M 2 13 32 200
26 82 53 68 13 0 3 0.00 0.0 0 18.7 36 230 M M 0 51 220
27 64 39 52 -3 13 0 0.00 0.0 0 13.9 29 360 M M 1 40 360
28 46 29 38 -16 27 0 T 0.0 0 12.1 23 20 M M 10 16 30 20
29 34 27 31 -23 34 0 0.00 0.0 0 19.3 30 360 M M 9 1 38 10
30 47 22 35 -19 30 0 0.00 0.0 0 7.4 25 10 M M 2 32 10
31 54 26 40 -13 25 0 0.00 0.0 0 8.8 16 20 M M 0 22 20
================================================================================
SM 2352 1452 198 93 0.45 0.0 391.7 M 50
================================================================================
AV 75.9 46.8 12.6 FASTST M M 2 MAX(MPH)
MISC ----> 38 20 53 220
================================================================================
NOTES:
# LAST OF SEVERAL OCCURRENCES
COLUMN 17 PEAK WIND IN M.P.H.
PRELIMINARY LOCAL CLIMATOLOGICAL DATA (WS FORM: F-6) , PAGE 2
STATION: AMARILLO
MONTH: OCTOBER
YEAR: 2023
LATITUDE: 35 13 N
LONGITUDE: 101 42 W
[TEMPERATURE DATA] [PRECIPITATION DATA] SYMBOLS USED IN COLUMN 16
AVERAGE MONTHLY: 61.4 TOTAL FOR MONTH: 0.45 1 = FOG OR MIST
DPTR FM NORMAL: 2.2 DPTR FM NORMAL: -1.30 2 = FOG REDUCING VISIBILITY
HIGHEST: 91 ON 22,21 GRTST 24HR 0.27 ON 4- 4 TO 1/4 MILE OR LESS
LOWEST: 22 ON 30 3 = THUNDER
SNOW, ICE PELLETS, HAIL 4 = ICE PELLETS
TOTAL MONTH: 0.0 INCH 5 = HAIL
GRTST 24HR 0.0 6 = FREEZING RAIN OR DRIZZLE
GRTST DEPTH: 0 7 = DUSTSTORM OR SANDSTORM:
VSBY 1/2 MILE OR LESS
8 = SMOKE OR HAZE
[NO. OF DAYS WITH] [WEATHER - DAYS WITH] 9 = BLOWING SNOW
X = TORNADO
MAX 32 OR BELOW: 0 0.01 INCH OR MORE: 4
MAX 90 OR ABOVE: 4 0.10 INCH OR MORE: 2
MIN 32 OR BELOW: 4 0.50 INCH OR MORE: 0
MIN 0 OR BELOW: 0 1.00 INCH OR MORE: 0
[HDD (BASE 65) ]
TOTAL THIS MO. 198 CLEAR (SCALE 0-3) 26
DPTR FM NORMAL -21 PTCLDY (SCALE 4-7) 3
TOTAL FM JUL 1 201 CLOUDY (SCALE 8-10) 2
DPTR FM NORMAL -50
[CDD (BASE 65) ]
TOTAL THIS MO. 93
DPTR FM NORMAL 54 [PRESSURE DATA]
TOTAL FM JAN 1 1828 HIGHEST SLP M ON M
DPTR FM NORMAL 223 LOWEST SLP 29.30 ON 12
[REMARKS]
#FINAL-10-23#