000
CXUS54 KAMA 010710
CF6AMA
PRELIMINARY LOCAL CLIMATOLOGICAL DATA (WS FORM: F-6)
STATION: AMARILLO
MONTH: SEPTEMBER
YEAR: 2023
LATITUDE: 35 13 N
LONGITUDE: 101 42 W
TEMPERATURE IN F: :PCPN: SNOW: WIND :SUNSHINE: SKY :PK WND
================================================================================
1 2 3 4 5 6A 6B 7 8 9 10 11 12 13 14 15 16 17 18
12Z AVG MX 2MIN
DY MAX MIN AVG DEP HDD CDD WTR SNW DPTH SPD SPD DIR MIN PSBL S-S WX SPD DR
================================================================================
1 99 62 81 6 0 16 0.00 0.0 0 10.9 20 130 M M 0 26 160
2 99 62 81 6 0 16 0.00 0.0 0 8.8 16 210 M M 0 22 180
3 100 61 81 6 0 16 0.00 0.0 0 10.5 20 190 M M 0 26 180
4 102 68 85 10 0 20 0.00 0.0 0 18.7 32 200 M M 0 43 200
5 93 63 78 4 0 13 0.00 0.0 0 12.5 22 20 M M 0 30 10
6 93 59 76 2 0 11 0.00 0.0 0 10.9 18 140 M M 0 30 170
7 105 69 87 13 0 22 0.00 0.0 0 13.6 26 220 M M 0 35 200
8 96 66 81 7 0 16 0.00 0.0 0 14.8 26 70 M M 0 39 30
9 94 64 79 6 0 14 0.00 0.0 0 10.2 24 130 M M 0 31 130
10 91 65 78 5 0 13 0.09 0.0 0 15.4 37 230 M M 0 3 52 230
11 70 60 65 -8 0 0 0.05 0.0 0 11.7 24 20 M M 9 12 31 40
12 70 58 64 -8 1 0 0.00 0.0 0 8.0 15 130 M M 8 18 40
13 69 57 63 -9 2 0 0.06 0.0 0 12.6 18 160 M M 8 1 26 150
14 76 60 68 -4 0 3 0.07 0.0 0 9.3 17 140 M M 7 1 22 130
15 80 60 70 -1 0 5 0.16 0.0 0 8.8 17 60 M M 6 13 23 60
16 80 58 69 -2 0 4 0.00 0.0 0 6.5 13 360 M M 6 1 19 10
17 85 55 70 -1 0 5 0.00 0.0 0 7.0 14 230 M M 0 19 250
18 92 59 76 6 0 11 0.09 0.0 0 14.8 22 220 M M 0 37 210
19 93 58 76 6 0 11 T 0.0 0 10.5 21 280 M M 0 29 320
20 92 59 76 6 0 11 0.00 0.0 0 8.3 15 350 M M 0 21 340
21 91 66 79 10 0 14 0.04 0.0 0 13.6 29 180 M M 1 3 37 180
22 97 64 81 12 0 16 T 0.0 0 13.9 23 230 M M 0 3 34 260
23 92 56 74 6 0 9 0.00 0.0 0 9.4 16 320 M M 0 23 330
24 87 57 72 4 0 7 0.01 0.0 0 9.9 18 60 M M 1 24 90
25 87 56 72 4 0 7 0.00 0.0 0 5.9 13 150 M M 0 18 130
26 89 59 74 7 0 9 0.00 0.0 0 11.4 20 220 M M 1 27 210
27 94 63 79 12 0 14 0.08 0.0 0 13.2 23 220 M M 2 3 33 180
28 92 64 78 12 0 13 0.00 0.0 0 18.9 29 180 M M 0 39 180
29 96 65 81 15 0 16 0.00 0.0 0 19.2 30 200 M M 0 38 200
30 86 62 74 8 0 9 T 0.0 0 14.3 25 200 M M 1 3 32 170
================================================================================
SM 2690 1835 3 321 0.65 0.0 353.5 M 50
================================================================================
AV 89.7 61.2 11.8 FASTST M M 2 MAX(MPH)
MISC ----> 37 230 52 230
================================================================================
NOTES:
# LAST OF SEVERAL OCCURRENCES
COLUMN 17 PEAK WIND IN M.P.H.
PRELIMINARY LOCAL CLIMATOLOGICAL DATA (WS FORM: F-6) , PAGE 2
STATION: AMARILLO
MONTH: SEPTEMBER
YEAR: 2023
LATITUDE: 35 13 N
LONGITUDE: 101 42 W
[TEMPERATURE DATA] [PRECIPITATION DATA] SYMBOLS USED IN COLUMN 16
AVERAGE MONTHLY: 75.4 TOTAL FOR MONTH: 0.65 1 = FOG OR MIST
DPTR FM NORMAL: 4.5 DPTR FM NORMAL: -1.04 2 = FOG REDUCING VISIBILITY
HIGHEST: 105 ON 7 GRTST 24HR 0.16 ON 15-15 TO 1/4 MILE OR LESS
LOWEST: 55 ON 17 3 = THUNDER
SNOW, ICE PELLETS, HAIL 4 = ICE PELLETS
TOTAL MONTH: 0.0 INCH 5 = HAIL
GRTST 24HR 0.0 6 = FREEZING RAIN OR DRIZZLE
GRTST DEPTH: 0 7 = DUSTSTORM OR SANDSTORM:
VSBY 1/2 MILE OR LESS
8 = SMOKE OR HAZE
[NO. OF DAYS WITH] [WEATHER - DAYS WITH] 9 = BLOWING SNOW
X = TORNADO
MAX 32 OR BELOW: 0 0.01 INCH OR MORE: 9
MAX 90 OR ABOVE: 19 0.10 INCH OR MORE: 1
MIN 32 OR BELOW: 0 0.50 INCH OR MORE: 0
MIN 0 OR BELOW: 0 1.00 INCH OR MORE: 0
[HDD (BASE 65) ]
TOTAL THIS MO. 3 CLEAR (SCALE 0-3) 24
DPTR FM NORMAL -28 PTCLDY (SCALE 4-7) 5
TOTAL FM JUL 1 3 CLOUDY (SCALE 8-10) 1
DPTR FM NORMAL -27
[CDD (BASE 65) ]
TOTAL THIS MO. 321
DPTR FM NORMAL 113 [PRESSURE DATA]
TOTAL FM JAN 1 1735 HIGHEST SLP M ON M
DPTR FM NORMAL 169 LOWEST SLP 29.55 ON 4
[REMARKS]
#FINAL-09-23#