000
CXUS52 KJAX 010800
CF6AMG
PRELIMINARY LOCAL CLIMATOLOGICAL DATA (WS FORM: F-6)
STATION: ALMA
MONTH: JULY
YEAR: 2023
LATITUDE: 31 32 N
LONGITUDE: 82 30 W
TEMPERATURE IN F: :PCPN: SNOW: WIND :SUNSHINE: SKY :PK WND
================================================================================
1 2 3 4 5 6A 6B 7 8 9 10 11 12 13 14 15 16 17 18
12Z AVG MX 2MIN
DY MAX MIN AVG DEP HDD CDD WTR SNW DPTH SPD SPD DIR MIN PSBL S-S WX SPD DR
================================================================================
1 98 72 85 3 0 20 0.00 0.0 0 3.0 10 130 M M 0 1 17 150
2 98 76 87 5 0 22 T 0.0 0 4.8 9 150 M M 1 3 15 90
3 96 75 86 4 0 21 T 0.0 0 3.5 16 160 M M 0 13 26 130
4 99 74 87 5 0 22 0.00 0.0 0 3.0 10 360 M M 1 1 15 350
5 95 75 85 3 0 20 0.00 0.0 0 3.0 13 330 M M 1 1 21 360
6 96 76 86 4 0 21 0.00 0.0 0 4.2 12 260 M M 1 1 18 310
7 97 75 86 4 0 21 0.66 0.0 0 4.7 21 300 M M 0 13 32 270
8 96 74 85 3 0 20 0.00 0.0 0 4.8 14 310 M M 1 1 19 260
9 94 75 85 3 0 20 0.00 0.0 0 7.4 18 250 M M 1 32 240
10 89 73 81 -1 0 16 0.26 0.0 0 6.9 20 310 M M 7 13 30 230
11 95 70 83 1 0 18 0.00 0.0 0 1.8 9 310 M M 0 1 14 280
12 97 75 86 4 0 21 0.00 0.0 0 2.3 14 220 M M 2 1 20 220
13 96 76 86 4 0 21 0.00 0.0 0 4.3 16 210 M M M 13 22 210
14 91 75 83 1 0 18 0.26 0.0 0 4.7 20 210 M M 0 13 27 190
15 94 76 85 2 0 20 T 0.0 0 6.2 18 310 M M 7 13 24 310
16 96 76 86 3 0 21 1.02 0.0 0 6.0 22 270 M M M 13 35 290
17 96 75 86 3 0 21 0.00 0.0 0 2.4 13 310 M M 0 18 19 320
18 96 72 84 1 0 19 0.00 0.0 0 2.3 9 270 M M 0 18 12 280
19 97 74 86 3 0 21 0.00 0.0 0 2.7 10 230 M M 0 18 16 240
20 99 75 87 4 0 22 0.00 0.0 0 4.4 11 320 M M 4 18 16 320
21 99 74 87 4 0 22 0.54 0.0 0 7.1 25 320 M M 8 13 38 320
22 91 73 82 -1 0 17 0.53 0.0 0 5.6 15 230 M M 6 13 22 250
23 88 73 81 -2 0 16 0.37 0.0 0 3.9 17 200 M M 8 13 28 210
24 93 74 84 1 0 19 0.00 0.0 0 3.4 10 250 M M 5 13 14 270
25 96 74 85 2 0 20 0.00 0.0 0 1.5 9 320 M M 0 1 12 330
26 96 72 84 1 0 19 0.00 0.0 0 2.6 10 120 M M 0 1 16 140
27 95 73 84 1 0 19 0.01 0.0 0 2.2 12 130 M M 10 13 16 120
28 86 77 82 -1 0 17 0.30 0.0 0 2.7 13 350 M M 8 13 22 50
29 89 76 83 0 0 18 0.01 0.0 0 4.1 13 320 M M M 17 320
30 97 75 86 3 0 21 0.05 0.0 0 4.3 30 310 M M 2 13 43 330
31 94 73 84 1 0 19 0.00 0.0 0 3.1 13 160 M M 4 17 160
================================================================================
SM 2939 2303 0 612 4.01 0.0 122.9 M 77
================================================================================
AV 94.8 74.3 4.0 FASTST M M 3 MAX(MPH)
MISC ----> 30 310 43 330
================================================================================
NOTES:
# LAST OF SEVERAL OCCURRENCES
COLUMN 17 PEAK WIND IN M.P.H.
PRELIMINARY LOCAL CLIMATOLOGICAL DATA (WS FORM: F-6) , PAGE 2
STATION: ALMA
MONTH: JULY
YEAR: 2023
LATITUDE: 31 32 N
LONGITUDE: 82 30 W
[TEMPERATURE DATA] [PRECIPITATION DATA] SYMBOLS USED IN COLUMN 16
AVERAGE MONTHLY: 84.5 TOTAL FOR MONTH: 4.01 1 = FOG OR MIST
DPTR FM NORMAL: 2.1 DPTR FM NORMAL: -1.22 2 = FOG REDUCING VISIBILITY
HIGHEST: 99 ON 21,20 GRTST 24HR 1.02 ON 16-16 TO 1/4 MILE OR LESS
LOWEST: 70 ON 11 3 = THUNDER
SNOW, ICE PELLETS, HAIL 4 = ICE PELLETS
TOTAL MONTH: 0.0 INCH 5 = HAIL
GRTST 24HR 0.0 6 = FREEZING RAIN OR DRIZZLE
GRTST DEPTH: 0 7 = DUSTSTORM OR SANDSTORM:
VSBY 1/2 MILE OR LESS
8 = SMOKE OR HAZE
[NO. OF DAYS WITH] [WEATHER - DAYS WITH] 9 = BLOWING SNOW
X = TORNADO
MAX 32 OR BELOW: 0 0.01 INCH OR MORE: 11
MAX 90 OR ABOVE: 27 0.10 INCH OR MORE: 8
MIN 32 OR BELOW: 0 0.50 INCH OR MORE: 4
MIN 0 OR BELOW: 0 1.00 INCH OR MORE: 1
[HDD (BASE 65) ]
TOTAL THIS MO. 0 CLEAR (SCALE 0-3) 18
DPTR FM NORMAL 0 PTCLDY (SCALE 4-7) 9
TOTAL FM JUL 1 0 CLOUDY (SCALE 8-10) 4
DPTR FM NORMAL 0
[CDD (BASE 65) ]
TOTAL THIS MO. 612
DPTR FM NORMAL 73 [PRESSURE DATA]
TOTAL FM JAN 1 1624 HIGHEST SLP 30.14 ON 28
DPTR FM NORMAL 181 LOWEST SLP 29.84 ON 22
[REMARKS]
#FINAL-07-23#