000
CXUS52 KGSP 010817
CF6AND
PRELIMINARY LOCAL CLIMATOLOGICAL DATA (WS FORM: F-6)
STATION: ANDERSON SC
MONTH: MARCH
YEAR: 2024
LATITUDE: 34 30 N
LONGITUDE: 82 43 W
TEMPERATURE IN F: :PCPN: SNOW: WIND :SUNSHINE: SKY :PK WND
================================================================================
1 2 3 4 5 6A 6B 7 8 9 10 11 12 13 14 15 16 17 18
12Z AVG MX 2MIN
DY MAX MIN AVG DEP HDD CDD WTR SNW DPTH SPD SPD DIR MIN PSBL S-S WX SPD DR
================================================================================
1 47 38 43 -7 22 0 2.02 M M 9.4 18 70 M M 9 1 25 70
2 66 43 55 5 10 0 0.00 M M 5.1 10 190 M M 7 1 14 180
3 68 50 59 9 6 0 0.00 M M 3.1 9 90 M M 6 12 13 90
4 74 43 59 9 6 0 0.00 M M 2.2 10 70 M M 5 12 14 50
5 70 51 61 10 4 0 0.04 M M 4.0 10 100 M M 5 15 170
6 57 53 55 4 10 0 1.16 M M 6.5 16 60 M M 10 12 22 70
7 74 50 62 11 3 0 0.00 M M 3.8 10 250 M M 5 12 16 250
8 65 50 58 7 7 0 0.16 M M 8.5 18 100 M M 5 1 24 140
9 62 53 58 6 7 0 1.09 M M 9.2 21 280 M M 8 13 31 290
10 64 44 54 2 11 0 0.00 M M 13.2 22 270 M M 0 30 280
11 64 31 48 -4 17 0 0.00 M M 4.6 14 220 M M 0 20 240
12 73 33 53 1 12 0 0.00 M M 3.2 12 210 M M 0 18 270
13 75 39 57 4 8 0 0.00 M M 3.4 17 210 M M 0 22 210
14 80 44 62 9 3 0 0.00 M M 4.8 15 220 M M 0 22 210
15 72 55 64 11 1 0 0.17 M M 6.3 20 210 M M 3 13 26 220
16 76 54 65 12 0 0 0.00 M M 7.9 17 230 M M 0 25 230
17 73 52 63 9 2 0 T M M 9.3 20 250 M M 1 28 250
18 61 41 51 -3 14 0 0.00 M M 10.4 29 320 M M 1 42 300
19 60 31 46 -8 19 0 0.00 M M 9.5 22 220 M M 0 29 240
20 75 42 59 5 6 0 0.00 M M 9.0 21 220 M M 0 26 210
21 75 41 58 3 7 0 0.00 M M 3.3 13 130 M M 0 20 110
22 63 54 59 4 6 0 1.03 M M 9.5 20 60 M M 6 1 27 50
23 71 46 59 4 6 0 0.06 M M 7.1 18 360 M M 6 1 32 360
24 62 38 50 -5 15 0 0.00 M M 9.4 21 80 M M 0 29 100
25 61 41 51 -5 14 0 0.00 M M 10.3 17 80 M M 3 24 70
26 58 48 53 -3 12 0 0.54 M M 8.9 17 80 M M 10 13 24 80
27 71 50 61 5 4 0 0.01 M M 5.4 10 70 M M 6 1 14 50
28 72 44 58 2 7 0 0.00 M M 5.8 20 310 M M 4 28 300
29 72 36 54 -3 11 0 0.00 M M 5.9 16 250 M M 0 23 240
30 77 42 60 3 5 0 0.00 M M 8.7 23 230 M M 0 34 230
31 81 48 65 8 0 0 0.00 M M 7.5 21 220 M M 0 31 220
================================================================================
SM 2119 1385 255 0 6.28 M 215.2 M 100
================================================================================
AV 68.4 44.7 6.9 FASTST M M 3 MAX(MPH)
MISC ----> 29 320 42 300
================================================================================
NOTES:
# LAST OF SEVERAL OCCURRENCES
COLUMN 17 PEAK WIND IN M.P.H.
PRELIMINARY LOCAL CLIMATOLOGICAL DATA (WS FORM: F-6) , PAGE 2
STATION: ANDERSON SC
MONTH: MARCH
YEAR: 2024
LATITUDE: 34 30 N
LONGITUDE: 82 43 W
[TEMPERATURE DATA] [PRECIPITATION DATA] SYMBOLS USED IN COLUMN 16
AVERAGE MONTHLY: 56.5 TOTAL FOR MONTH: 6.28 1 = FOG OR MIST
DPTR FM NORMAL: 3.2 DPTR FM NORMAL: 1.96 2 = FOG REDUCING VISIBILITY
HIGHEST: 81 ON 31 GRTST 24HR 2.02 ON 1- 1 TO 1/4 MILE OR LESS
LOWEST: 31 ON 19,11 3 = THUNDER
SNOW, ICE PELLETS, HAIL 4 = ICE PELLETS
TOTAL MONTH: M 5 = HAIL
GRTST 24HR M ON M 6 = FREEZING RAIN OR DRIZZLE
GRTST DEPTH: M ON M 7 = DUSTSTORM OR SANDSTORM:
VSBY 1/2 MILE OR LESS
8 = SMOKE OR HAZE
[NO. OF DAYS WITH] [WEATHER - DAYS WITH] 9 = BLOWING SNOW
X = TORNADO
MAX 32 OR BELOW: 0 0.01 INCH OR MORE: 10
MAX 90 OR ABOVE: 0 0.10 INCH OR MORE: 7
MIN 32 OR BELOW: 2 0.50 INCH OR MORE: 5
MIN 0 OR BELOW: 0 1.00 INCH OR MORE: 4
[HDD (BASE 65) ]
TOTAL THIS MO. 255 CLEAR (SCALE 0-3) 16
DPTR FM NORMAL -114 PTCLDY (SCALE 4-7) 12
TOTAL FM JUL 1 2373 CLOUDY (SCALE 8-10) 3
DPTR FM NORMAL -351
[CDD (BASE 65) ]
TOTAL THIS MO. 0
DPTR FM NORMAL -8 [PRESSURE DATA]
TOTAL FM JAN 1 0 HIGHEST SLP 30.44 ON 1
DPTR FM NORMAL -9 LOWEST SLP 29.67 ON 23
[REMARKS]
#FINAL-03-24#