000
CXUS52 KGSP 010817
CF6AND
PRELIMINARY LOCAL CLIMATOLOGICAL DATA (WS FORM: F-6)
STATION: ANDERSON SC
MONTH: AUGUST
YEAR: 2022
LATITUDE: 34 30 N
LONGITUDE: 82 43 W
TEMPERATURE IN F: :PCPN: SNOW: WIND :SUNSHINE: SKY :PK WND
================================================================================
1 2 3 4 5 6A 6B 7 8 9 10 11 12 13 14 15 16 17 18
12Z AVG MX 2MIN
DY MAX MIN AVG DEP HDD CDD WTR SNW DPTH SPD SPD DIR MIN PSBL S-S WX SPD DR
================================================================================
1 87 72 80 0 0 15 0.04 M M 8.5 22 280 M M 3 28 270
2 95 69 82 2 0 17 0.00 M M 4.2 15 300 M M 0 19 310
3 94 71 83 3 0 18 0.04 M M 4.5 26 140 M M 1 3 34 150
4 92 70 81 1 0 16 0.04 M M 4.4 14 190 M M 2 3 17 180
5 93 72 83 3 0 18 0.00 M M 5.2 17 170 M M 2 21 150
6 90 74 82 2 0 17 0.06 M M 3.6 20 180 M M 5 13 23 180
7 91 71 81 1 0 16 0.01 M M 3.7 18 100 M M 3 3 24 100
8 93 72 83 3 0 18 T M M 4.3 14 240 M M 3 123 16 250
9 92 71 82 2 0 17 0.01 M M 5.6 20 260 M M 4 13 25 260
10 88 72 80 0 0 15 T M M 6.8 15 260 M M 4 20 260
11 88 72 80 0 0 15 T M M 6.3 15 240 M M 4 3 18 220
12 90 73 82 2 0 17 0.10 M M 3.6 16 50 M M 6 20 40
13 89 70 80 0 0 15 0.00 M M 5.8 15 70 M M 3 19 70
14 90 66 78 -2 0 13 0.00 M M 4.9 14 210 M M 3 17 220
15 93 70 82 3 0 17 0.05 M M 6.5 18 240 M M 4 28 220
16 86 70 78 -1 0 13 T M M 7.7 17 60 M M 8 21 60
17 81 68 75 -4 0 10 0.10 M M 3.2 9 110 M M 8 1 11 140
18 86 68 77 -2 0 12 0.00 M M 4.0 10 160 M M 6 14 180
19 81 70 76 -3 0 11 0.00 M M 6.1 15 70 M M 8 18 100
20 85 71 78 -1 0 13 0.45 M M 2.9 9 210 M M 7 1 13 230
21 85 70 78 -1 0 13 0.67 M M 5.0 22 270 M M 5 13 34 280
22 87 72 80 1 0 15 0.00 M M 5.5 14 230 M M 1 17 240
23 87 71 79 0 0 14 0.00 M M 1.9 8 230 M M 1 12 220
24 87 71 79 1 0 14 0.00 M M 3.4 12 280 M M 5 8 13 150
25 85 72 79 1 0 14 0.03 M M 3.8 10 190 M M 6 13 180
26 91 69 80 2 0 15 0.00 M M 3.8 12 200 M M 5 123 16 200
27 92 69 81 3 0 16 T M M 3.4 12 150 M M 2 14 100
28 91 71 81 3 0 16 0.29 M M 4.4 26 100 M M 2 13 32 110
29 92 70 81 3 0 16 T M M 4.8 18 140 M M 2 27 130
30 90 72 81 3 0 16 0.03 M M 4.2 25 300 M M 4 31 310
31 91 70 81 4 0 16 0.00 M M 3.3 12 250 M M 3 18 16 290
================================================================================
SM 2762 2189 0 468 1.92 M 145.3 M 120
================================================================================
AV 89.1 70.6 4.7 FASTST M M 4 MAX(MPH)
MISC ----> # 26 140 # 34 150
================================================================================
NOTES:
# LAST OF SEVERAL OCCURRENCES
COLUMN 17 PEAK WIND IN M.P.H.
PRELIMINARY LOCAL CLIMATOLOGICAL DATA (WS FORM: F-6) , PAGE 2
STATION: ANDERSON SC
MONTH: AUGUST
YEAR: 2022
LATITUDE: 34 30 N
LONGITUDE: 82 43 W
[TEMPERATURE DATA] [PRECIPITATION DATA] SYMBOLS USED IN COLUMN 16
AVERAGE MONTHLY: 79.9 TOTAL FOR MONTH: 1.92 1 = FOG OR MIST
DPTR FM NORMAL: 0.8 DPTR FM NORMAL: -1.98 2 = FOG REDUCING VISIBILITY
HIGHEST: 95 ON 2 GRTST 24HR 1.12 ON 20-21 TO 1/4 MILE OR LESS
LOWEST: 66 ON 14 3 = THUNDER
SNOW, ICE PELLETS, HAIL 4 = ICE PELLETS
TOTAL MONTH: M 5 = HAIL
GRTST 24HR M ON M 6 = FREEZING RAIN OR DRIZZLE
GRTST DEPTH: M ON M 7 = DUSTSTORM OR SANDSTORM:
VSBY 1/2 MILE OR LESS
8 = SMOKE OR HAZE
[NO. OF DAYS WITH] [WEATHER - DAYS WITH] 9 = BLOWING SNOW
X = TORNADO
MAX 32 OR BELOW: 0 0.01 INCH OR MORE: 14
MAX 90 OR ABOVE: 17 0.10 INCH OR MORE: 5
MIN 32 OR BELOW: 0 0.50 INCH OR MORE: 1
MIN 0 OR BELOW: 0 1.00 INCH OR MORE: 0
[HDD (BASE 65) ]
TOTAL THIS MO. 0 CLEAR (SCALE 0-3) 14
DPTR FM NORMAL 0 PTCLDY (SCALE 4-7) 17
TOTAL FM JUL 1 0 CLOUDY (SCALE 8-10) 0
DPTR FM NORMAL 0
[CDD (BASE 65) ]
TOTAL THIS MO. 468
DPTR FM NORMAL 29 [PRESSURE DATA]
TOTAL FM JAN 1 1745 HIGHEST SLP 30.26 ON 7
DPTR FM NORMAL 257 LOWEST SLP 29.79 ON 15
[REMARKS]
#FINAL-08-22#