000
CXUS52 KGSP 011553
CF6AND
PRELIMINARY LOCAL CLIMATOLOGICAL DATA (WS FORM: F-6)
STATION: ANDERSON SC
MONTH: AUGUST
YEAR: 2021
LATITUDE: 34 30 N
LONGITUDE: 82 43 W
TEMPERATURE IN F: :PCPN: SNOW: WIND :SUNSHINE: SKY :PK WND
================================================================================
1 2 3 4 5 6A 6B 7 8 9 10 11 12 13 14 15 16 17 18
12Z AVG MX 2MIN
DY MAX MIN AVG DEP HDD CDD WTR SNW DPTH SPD SPD DIR MIN PSBL S-S WX SPD DR
================================================================================
1 91 73 82 2 0 17 0.00 M M 8.8 21 280 M M 1 28 280
2 87 66 77 -3 0 12 T M M 2.9 9 70 M M 1 8 13 120
3 77 69 73 -7 0 8 0.19 M M 5.8 15 60 M M 8 1 23 70
4 83 67 75 -5 0 10 0.00 M M 5.3 12 100 M M 7 15 70
5 86 65 76 -4 0 11 0.00 M M 4.1 13 100 M M 3 16 100
6 84 66 75 -5 0 10 0.00 M M 5.2 14 60 M M 3 20 60
7 88 70 79 -1 0 14 T M M 2.8 16 330 M M 4 3 20 340
8 90 67 79 -1 0 14 0.00 M M 2.4 9 220 M M 1 1 13 180
9 92 68 80 0 0 15 0.00 M M 3.4 12 180 M M 2 16 260
10 93 72 83 3 0 18 0.48 M M 4.8 18 240 M M 1 13 22 240
11 93 71 82 2 0 17 0.05 M M 4.7 20 200 M M 2 13 22 210
12 92 70 81 1 0 16 0.00 M M 2.6 10 210 M M 1 1 14 230
13 93 73 83 3 0 18 0.00 M M 2.8 12 240 M M 1 15 260
14 93 72 83 3 0 18 0.14 M M 3.3 21 150 M M 2 3 26 50
15 85 71 78 -1 0 13 T M M 5.1 15 110 M M 5 19 110
16 86 72 79 0 0 14 0.50 M M 5.7 22 150 M M 8 1 29 160
17 84 72 78 -1 0 13 2.42 M M 14.1 26 210 M M 8 1 34 80
18 89 69 79 0 0 14 0.00 M M 5.6 13 250 M M 0 16 250
19 91 72 82 3 0 17 0.12 M M 3.3 15 280 M M 1 3 19 290
20 90 72 81 2 0 16 0.00 M M 3.7 10 220 M M 1 12 280
21 86 72 79 0 0 14 0.00 M M 4.7 13 60 M M 3 15 70
22 88 73 81 2 0 16 0.25 M M 2.8 15 350 M M 5 13 23 360
23 91 70 81 2 0 16 0.00 M M 1.7 9 320 M M 1 12 320
24 93 72 83 5 0 18 0.00 M M 1.6 10 340 M M 2 12 340
25 93 73 83 5 0 18 0.00 M M 3.2 16 160 M M 2 13 22 130
26 90 71 81 3 0 16 0.00 M M 3.1 12 170 M M 2 14 140
27 91 71 81 3 0 16 0.00 M M 2.3 9 140 M M 1 12 150
28 90 74 82 4 0 17 0.00 M M 2.3 12 150 M M 2 18 180
29 90 72 81 3 0 16 0.00 M M 3.1 9 210 M M 3 12 150
30 90 68 79 1 0 14 0.00 M M 2.7 10 180 M M 1 1 15 220
31 85 73 79 2 0 14 0.37 M M 10.0 24 180 M M 7 1 32 190
================================================================================
SM 2754 2186 0 460 4.52 M 133.9 M 89
================================================================================
AV 88.8 70.5 4.3 FASTST M M 3 MAX(MPH)
MISC ----> 26 210 34 80
================================================================================
NOTES:
# LAST OF SEVERAL OCCURRENCES
COLUMN 17 PEAK WIND IN M.P.H.
PRELIMINARY LOCAL CLIMATOLOGICAL DATA (WS FORM: F-6) , PAGE 2
STATION: ANDERSON SC
MONTH: AUGUST
YEAR: 2021
LATITUDE: 34 30 N
LONGITUDE: 82 43 W
[TEMPERATURE DATA] [PRECIPITATION DATA] SYMBOLS USED IN COLUMN 16
AVERAGE MONTHLY: 79.7 TOTAL FOR MONTH: 4.52 1 = FOG OR MIST
DPTR FM NORMAL: 0.6 DPTR FM NORMAL: 0.62 2 = FOG REDUCING VISIBILITY
HIGHEST: 93 ON 25,24 GRTST 24HR 2.91 ON 16-17 TO 1/4 MILE OR LESS
LOWEST: 65 ON 5 3 = THUNDER
SNOW, ICE PELLETS, HAIL 4 = ICE PELLETS
TOTAL MONTH: M 5 = HAIL
GRTST 24HR M ON M 6 = FREEZING RAIN OR DRIZZLE
GRTST DEPTH: M ON M 7 = DUSTSTORM OR SANDSTORM:
VSBY 1/2 MILE OR LESS
8 = SMOKE OR HAZE
[NO. OF DAYS WITH] [WEATHER - DAYS WITH] 9 = BLOWING SNOW
X = TORNADO
MAX 32 OR BELOW: 0 0.01 INCH OR MORE: 9
MAX 90 OR ABOVE: 18 0.10 INCH OR MORE: 8
MIN 32 OR BELOW: 0 0.50 INCH OR MORE: 2
MIN 0 OR BELOW: 0 1.00 INCH OR MORE: 1
[HDD (BASE 65) ]
TOTAL THIS MO. 0 CLEAR (SCALE 0-3) 21
DPTR FM NORMAL 0 PTCLDY (SCALE 4-7) 8
TOTAL FM JUL 1 0 CLOUDY (SCALE 8-10) 2
DPTR FM NORMAL 0
[CDD (BASE 65) ]
TOTAL THIS MO. 460
DPTR FM NORMAL 21 [PRESSURE DATA]
TOTAL FM JAN 1 1447 HIGHEST SLP 30.21 ON 28
DPTR FM NORMAL -41 LOWEST SLP 29.64 ON 31
[REMARKS]
#FINAL-08-21#