000
CXUS52 KGSP 010817
CF6AND
PRELIMINARY LOCAL CLIMATOLOGICAL DATA (WS FORM: F-6)
STATION: ANDERSON SC
MONTH: AUGUST
YEAR: 2023
LATITUDE: 34 30 N
LONGITUDE: 82 43 W
TEMPERATURE IN F: :PCPN: SNOW: WIND :SUNSHINE: SKY :PK WND
================================================================================
1 2 3 4 5 6A 6B 7 8 9 10 11 12 13 14 15 16 17 18
12Z AVG MX 2MIN
DY MAX MIN AVG DEP HDD CDD WTR SNW DPTH SPD SPD DIR MIN PSBL S-S WX SPD DR
================================================================================
1 92 72 82 2 0 17 0.00 M M 7.0 18 60 M M 3 8 22 40
2 85 73 79 -1 0 14 T M M 5.3 13 70 M M 7 16 80
3 79 71 75 -5 0 10 2.66 M M 7.1 16 180 M M 9 1 28 250
4 91 72 82 2 0 17 0.00 M M 2.8 9 100 M M 7 1 13 220
5 92 72 82 2 0 17 0.00 M M 2.6 10 280 M M 2 14 260
6 93 73 83 3 0 18 0.27 M M 5.5 29 240 M M 2 3 36 250
7 94 72 83 3 0 18 0.29 M M 10.2 40 300 M M 2 3 50 290
8 86 70 78 -2 0 13 T M M 8.1 18 280 M M 1 24 270
9 87 66 77 -3 0 12 T M M 3.2 12 200 M M 0 14 230
10 86 70 78 -2 0 13 0.71 M M 8.8 31 290 M M 2 13 41 290
11 84 69 77 -3 0 12 0.01 M M 3.4 12 240 M M 3 1 15 250
12 93 70 82 2 0 17 0.16 M M 3.8 21 260 M M 1 13 31 270
13 91 70 81 1 0 16 0.00 M M 3.9 10 220 M M 1 15 180
14 95 74 85 5 0 20 0.00 M M 7.0 17 250 M M 0 24 230
15 91 72 82 3 0 17 0.00 M M 6.9 18 240 M M 0 3 24 250
16 87 66 77 -2 0 12 0.00 M M 2.3 10 210 M M 1 1 12 220
17 86 66 76 -3 0 11 0.00 M M 5.1 15 220 M M 2 20 230
18 89 66 78 -1 0 13 0.00 M M 4.5 13 290 M M 0 17 270
19 86 65 76 -3 0 11 0.00 M M 3.6 15 80 M M 1 19 50
20 92 68 80 1 0 15 0.00 M M 3.1 8 280 M M 1 11 150
21 92 70 81 2 0 16 0.00 M M 2.5 12 290 M M 0 15 250
22 95 73 84 5 0 19 0.00 M M 3.0 13 50 M M 1 16 50
23 90 74 82 3 0 17 0.00 M M 7.1 17 70 M M 0 23 60
24 94 66 80 2 0 15 0.00 M M 2.9 16 280 M M 0 3 20 280
25 97 70 84 6 0 19 0.00 M M 2.6 10 250 M M 1 14 340
26 99 73 86 8 0 21 0.00 M M 3.4 14 40 M M 0 1 19 40
27 96 75 86 8 0 21 T M M 5.5 22 340 M M 1 3 29 340
28 90 74 82 4 0 17 0.44 M M 3.9 16 150 M M 6 138 21 160
29 90 70 80 2 0 15 1.14 M M 5.6 23 330 M M 5 123 30 330
30 78 71 75 -3 0 10 0.37 M M 6.8 15 40 M M 5 1 21 40
31 86 68 77 0 0 12 0.00 M M 4.9 16 70 M M 2 21 60
================================================================================
SM 2786 2181 0 475 6.05 M 152.4 M 66
================================================================================
AV 89.9 70.4 4.9 FASTST M M 2 MAX(MPH)
MISC ----> 40 300 50 290
================================================================================
NOTES:
# LAST OF SEVERAL OCCURRENCES
COLUMN 17 PEAK WIND IN M.P.H.
PRELIMINARY LOCAL CLIMATOLOGICAL DATA (WS FORM: F-6) , PAGE 2
STATION: ANDERSON SC
MONTH: AUGUST
YEAR: 2023
LATITUDE: 34 30 N
LONGITUDE: 82 43 W
[TEMPERATURE DATA] [PRECIPITATION DATA] SYMBOLS USED IN COLUMN 16
AVERAGE MONTHLY: 80.1 TOTAL FOR MONTH: 6.05 1 = FOG OR MIST
DPTR FM NORMAL: 1.0 DPTR FM NORMAL: 2.15 2 = FOG REDUCING VISIBILITY
HIGHEST: 99 ON 26 GRTST 24HR 2.66 ON 3- 3 TO 1/4 MILE OR LESS
LOWEST: 65 ON 19 3 = THUNDER
SNOW, ICE PELLETS, HAIL 4 = ICE PELLETS
TOTAL MONTH: M 5 = HAIL
GRTST 24HR M ON M 6 = FREEZING RAIN OR DRIZZLE
GRTST DEPTH: M ON M 7 = DUSTSTORM OR SANDSTORM:
VSBY 1/2 MILE OR LESS
8 = SMOKE OR HAZE
[NO. OF DAYS WITH] [WEATHER - DAYS WITH] 9 = BLOWING SNOW
X = TORNADO
MAX 32 OR BELOW: 0 0.01 INCH OR MORE: 9
MAX 90 OR ABOVE: 19 0.10 INCH OR MORE: 8
MIN 32 OR BELOW: 0 0.50 INCH OR MORE: 3
MIN 0 OR BELOW: 0 1.00 INCH OR MORE: 2
[HDD (BASE 65) ]
TOTAL THIS MO. 0 CLEAR (SCALE 0-3) 25
DPTR FM NORMAL 0 PTCLDY (SCALE 4-7) 5
TOTAL FM JUL 1 0 CLOUDY (SCALE 8-10) 1
DPTR FM NORMAL 0
[CDD (BASE 65) ]
TOTAL THIS MO. 475
DPTR FM NORMAL 36 [PRESSURE DATA]
TOTAL FM JAN 1 1457 HIGHEST SLP 30.19 ON 2
DPTR FM NORMAL -31 LOWEST SLP 29.62 ON 30
[REMARKS]
#FINAL-08-23#