384
CXUS53 KIWX 010910
CF6AOH
PRELIMINARY LOCAL CLIMATOLOGICAL DATA (WS FORM: F-6)
STATION: LIMA
MONTH: JANUARY
YEAR: 2021
LATITUDE: 40 42 N
LONGITUDE: 84 1 W
TEMPERATURE IN F: :PCPN: SNOW: WIND :SUNSHINE: SKY :PK WND
================================================================================
1 2 3 4 5 6A 6B 7 8 9 10 11 12 13 14 15 16 17 18
12Z AVG MX 2MIN
DY MAX MIN AVG DEP HDD CDD WTR SNW DPTH SPD SPD DIR MIN PSBL S-S WX SPD DR
================================================================================
1 38 26 32 5 33 0 0.87 M M 10.3 20 80 M M 9 16 26 100
2 39 33 36 9 29 0 T M M 7.2 25 250 M M 10 1 37 230
3 37 33 35 8 30 0 0.02 M M 8.2 21 250 M M 10 1 26 260
4 35 29 32 5 33 0 0.00 M M 5.0 10 220 M M 9 1 13 230
5 35 30 33 6 32 0 0.02 M M 7.5 14 290 M M 9 1 22 300
6 37 33 35 8 30 0 0.00 M M 5.2 10 320 M M 10 1 14 310
7 36 31 34 7 31 0 0.00 M M 8.6 20 50 M M 10 1 27 30
8 31 28 30 4 35 0 0.00 0.0 M 11.5 20 30 M M 10 27 30
9 36 25 31 5 34 0 0.00 0.0 M 6.1 14 20 M M 5 20 10
10 32 21 27 1 38 0 0.00 M M 5.2 15 250 M M 4 18 19 220
11 30 24 27 1 38 0 0.00 M M 9.6 17 240 M M 10 18 22 260
12 34 23 29 3 36 0 0.00 0.0 M 11.4 16 220 M M 8 18 24 200
13 45 28 37 11 28 0 0.00 M M 12.3 18 220 M M 3 18 27 200
14 46 31 39 13 26 0 0.00 M M 10.4 17 150 M M 4 24 160
15 42 29 36 10 29 0 0.19 M M 7.7 16 220 M M 8 18 24 240
16 35 27 31 5 34 0 T M M 8.1 21 260 M M 9 1 26 270
17 35 26 31 5 34 0 0.02 M M 9.9 16 280 M M 9 1 27 270
18 31 28 30 4 35 0 T M M 11.4 21 250 M M 10 1 26 250
19 36 20 28 2 37 0 T M M 12.7 25 260 M M 7 35 260
20 33 24 29 3 36 0 0.02 M M 11.9 24 280 M M 7 1 36 280
21 45 29 37 11 28 0 0.00 M M 17.8 30 240 M M 0 42 270
22 34 19 27 1 38 0 T M M 13.1 20 260 M M 7 29 300
23 31 12 22 -4 43 0 T M M 4.4 15 340 M M 3 22 330
24 32 23 28 1 37 0 T M M 8.5 17 160 M M 10 18 23 110
25 32 28 30 3 35 0 0.01 M M 8.8 16 80 M M 10 168 27 60
26 35 29 32 5 33 0 0.07 M M 9.4 22 260 M M 10 126 29 250
27 29 21 25 -2 40 0 T M M 9.5 18 10 M M 9 1 24 360
28 25 19 22 -5 43 0 T M M 8.5 17 300 M M 9 23 340
29 31 16 24 -3 41 0 0.00 M M 3.1 9 360 M M 2 13 350
30 35 21 28 1 37 0 0.07 M M 10.8 20 140 M M 5 1 26 100
31 34 27 31 4 34 0 0.32 M M 16.5 22 20 M M 10 168 30 20
================================================================================
SM 1086 793 1067 0 1.61 0.0 290.6 M 236
================================================================================
AV 35.0 25.6 9.4 FASTST M M 8 MAX(MPH)
MISC ----> 30 240 42 270
================================================================================
NOTES:
# LAST OF SEVERAL OCCURRENCES
COLUMN 17 PEAK WIND IN M.P.H.
PRELIMINARY LOCAL CLIMATOLOGICAL DATA (WS FORM: F-6) , PAGE 2
STATION: LIMA
MONTH: JANUARY
YEAR: 2021
LATITUDE: 40 42 N
LONGITUDE: 84 1 W
[TEMPERATURE DATA] [PRECIPITATION DATA] SYMBOLS USED IN COLUMN 16
AVERAGE MONTHLY: 30.3 TOTAL FOR MONTH: 1.61 1 = FOG OR MIST
DPTR FM NORMAL: 3.7 DPTR FM NORMAL: -0.42 2 = FOG REDUCING VISIBILITY
HIGHEST: 46 ON 14 GRTST 24HR 0.87 ON 1- 1 TO 1/4 MILE OR LESS
LOWEST: 12 ON 23 3 = THUNDER
SNOW, ICE PELLETS, HAIL 4 = ICE PELLETS
TOTAL MONTH: 0.0 INCH 5 = HAIL
GRTST 24HR 0.0 6 = FREEZING RAIN OR DRIZZLE
GRTST DEPTH: M ON M 7 = DUSTSTORM OR SANDSTORM:
VSBY 1/2 MILE OR LESS
8 = SMOKE OR HAZE
[NO. OF DAYS WITH] [WEATHER - DAYS WITH] 9 = BLOWING SNOW
X = TORNADO
MAX 32 OR BELOW: 10 0.01 INCH OR MORE: 10
MAX 90 OR ABOVE: 0 0.10 INCH OR MORE: 3
MIN 32 OR BELOW: 28 0.50 INCH OR MORE: 1
MIN 0 OR BELOW: 0 1.00 INCH OR MORE: 0
[HDD (BASE 65) ]
TOTAL THIS MO. 1067 CLEAR (SCALE 0-3) 4
DPTR FM NORMAL -123 PTCLDY (SCALE 4-7) 9
TOTAL FM JUL 1 2925 CLOUDY (SCALE 8-10) 18
DPTR FM NORMAL -498
[CDD (BASE 65) ]
TOTAL THIS MO. 0
DPTR FM NORMAL 0 [PRESSURE DATA]
TOTAL FM JAN 1 0 HIGHEST SLP 30.60 ON 28
DPTR FM NORMAL 0 LOWEST SLP 29.51 ON 15
[REMARKS]
#FINAL-01-21#