000
CXUS52 KMFL 011030
CF6APF
PRELIMINARY LOCAL CLIMATOLOGICAL DATA (WS FORM: F-6)
STATION: NAPLES
MONTH: AUGUST
YEAR: 2022
LATITUDE: 26 8 N
LONGITUDE: 81 46 W
TEMPERATURE IN F: :PCPN: SNOW: WIND :SUNSHINE: SKY :PK WND
================================================================================
1 2 3 4 5 6A 6B 7 8 9 10 11 12 13 14 15 16 17 18
12Z AVG MX 2MIN
DY MAX MIN AVG DEP HDD CDD WTR SNW DPTH SPD SPD DIR MIN PSBL S-S WX SPD DR
================================================================================
1 94 79 87 4 0 22 0.03 0.0 0 5.8 16 150 M M 3 13 20 160
2 91 75 83 0 0 18 0.01 0.0 0 6.2 18 320 M M 2 3 23 310
3 92 74 83 0 0 18 0.28 0.0 0 5.3 18 160 M M 2 13 23 150
4 92 74 83 0 0 18 0.28 M M 6.1 24 130 M M 1 138 29 130
5 93 75 84 1 0 19 0.33 0.0 0 6.4 15 50 M M 2 138 26 80
6 90 76 83 0 0 18 0.01 0.0 0 8.2 25 150 M M 1 3 28 80
7 92 76 84 1 0 19 0.70 0.0 0 6.2 30 140 M M 2 13 35 140
8 90 73 82 -1 0 17 0.89 0.0 0 6.0 21 130 M M 2 13 25 100
9 87 73 80 -3 0 15 0.82 0.0 0 5.7 25 170 M M 2 138 32 160
10 94 76 85 2 0 20 0.00 0.0 0 6.8 13 270 M M 2 16 130
11 91 76 84 1 0 19 0.09 M M 6.1 21 60 M M 1 13 24 60
12 92 75 84 1 0 19 0.33 M M 6.1 20 80 M M 2 13 24 80
13 89 75 82 -1 0 17 T 0.0 0 5.2 15 80 M M 2 3 18 80
14 89 76 83 0 0 18 0.00 0.0 0 4.3 17 290 M M 1 3 22 290
15 88 77 83 0 0 18 T 0.0 M 5.1 15 300 M M 1 3 19 280
16 89 78 84 1 0 19 0.00 0.0 M 7.2 16 240 M M 2 21 220
17 89 79 84 1 0 19 0.10 0.0 M 7.0 17 300 M M 2 1 22 300
18 89 79 84 1 0 19 0.00 0.0 0 6.2 14 270 M M 1 17 230
19 91 78 85 2 0 20 0.00 0.0 0 4.0 15 250 M M 1 3 19 260
20 96 77 87 4 0 22 0.82 0.0 0 6.0 26 150 M M 2 13 34 150
21 93 78 86 3 0 21 T 0.0 0 5.9 13 240 M M 2 3 15 70
22 92 76 84 1 0 19 0.05 0.0 0 7.2 24 100 M M 3 3 31 100
23 90 75 83 0 0 18 T 0.0 0 5.2 15 220 M M 2 3 18 250
24 92 77 85 2 0 20 0.03 0.0 0 5.5 20 140 M M 3 13 23 130
25 91 76 84 1 0 19 0.10 0.0 0 6.5 23 100 M M 2 138 28 100
26 91 77 84 1 0 19 T 0.0 0 6.9 17 220 M M 2 3 21 200
27 90 78 84 1 0 19 0.00 0.0 0 6.1 14 270 M M 1 3 18 260
28 90 76 83 0 0 18 0.15 0.0 0 6.0 21 110 M M 3 13 26 100
29 88 75 82 -1 0 17 0.61 0.0 0 7.0 18 160 M M 5 1 20 160
30 91 76 84 1 0 19 0.24 0.0 0 6.5 16 230 M M 3 13 22 130
31 91 76 84 1 0 19 0.00 0.0 0 5.4 14 220 M M 2 3 16 240
================================================================================
SM 2817 2361 0 582 5.87 0.0 188.1 M 62
================================================================================
AV 90.9 76.2 6.1 FASTST M M 2 MAX(MPH)
MISC ----> 30 140 35 140
================================================================================
NOTES:
# LAST OF SEVERAL OCCURRENCES
COLUMN 17 PEAK WIND IN M.P.H.
PRELIMINARY LOCAL CLIMATOLOGICAL DATA (WS FORM: F-6) , PAGE 2
STATION: NAPLES
MONTH: AUGUST
YEAR: 2022
LATITUDE: 26 8 N
LONGITUDE: 81 46 W
[TEMPERATURE DATA] [PRECIPITATION DATA] SYMBOLS USED IN COLUMN 16
AVERAGE MONTHLY: 83.5 TOTAL FOR MONTH: 5.87 1 = FOG OR MIST
DPTR FM NORMAL: 0.2 DPTR FM NORMAL: -3.02 2 = FOG REDUCING VISIBILITY
HIGHEST: 96 ON 20 GRTST 24HR 1.71 ON 8- 9 TO 1/4 MILE OR LESS
LOWEST: 73 ON 9, 8 3 = THUNDER
SNOW, ICE PELLETS, HAIL 4 = ICE PELLETS
TOTAL MONTH: 0.0 INCH 5 = HAIL
GRTST 24HR 0.0 6 = FREEZING RAIN OR DRIZZLE
GRTST DEPTH: 0 7 = DUSTSTORM OR SANDSTORM:
VSBY 1/2 MILE OR LESS
8 = SMOKE OR HAZE
[NO. OF DAYS WITH] [WEATHER - DAYS WITH] 9 = BLOWING SNOW
X = TORNADO
MAX 32 OR BELOW: 0 0.01 INCH OR MORE: 19
MAX 90 OR ABOVE: 23 0.10 INCH OR MORE: 13
MIN 32 OR BELOW: 0 0.50 INCH OR MORE: 5
MIN 0 OR BELOW: 0 1.00 INCH OR MORE: 0
[HDD (BASE 65) ]
TOTAL THIS MO. 0 CLEAR (SCALE 0-3) 29
DPTR FM NORMAL 0 PTCLDY (SCALE 4-7) 2
TOTAL FM JUL 1 0 CLOUDY (SCALE 8-10) 0
DPTR FM NORMAL 0
[CDD (BASE 65) ]
TOTAL THIS MO. 582
DPTR FM NORMAL 13 [PRESSURE DATA]
TOTAL FM JAN 1 3200 HIGHEST SLP 30.18 ON 2
DPTR FM NORMAL 433 LOWEST SLP 29.88 ON 27
[REMARKS]
#FINAL-08-22#