000
CXUS54 KEWX 011010
CF6AQO
PRELIMINARY LOCAL CLIMATOLOGICAL DATA (WS FORM: F-6)
STATION: LLANO MUNICIPAL AIRPORT
MONTH: JUNE
YEAR: 2023
LATITUDE: 30 47 N
LONGITUDE: 98 40 W
TEMPERATURE IN F: :PCPN: SNOW: WIND :SUNSHINE: SKY :PK WND
================================================================================
1 2 3 4 5 6A 6B 7 8 9 10 11 12 13 14 15 16 17 18
12Z AVG MX 2MIN
DY MAX MIN AVG DEP HDD CDD WTR SNW DPTH SPD SPD DIR MIN PSBL S-S WX SPD DR
================================================================================
1 90 66 78 M 0 13 0.00 M M 5.9 14 140 M M 5 1 21 140
2 90 68 79 M 0 14 0.00 M M 6.5 12 150 M M 4 1 21 150
3 90 66 78 M 0 13 0.00 M M 5.7 16 100 M M 2 25 100
4 81 64 73 M 0 8 0.00 M M 5.4 15 320 M M 4 38 21 280
5 82 64 73 M 0 8 0.00 M M 3.6 14 70 M M 5 18 70
6 86 63 75 M 0 10 0.00 M M 2.9 9 70 M M 3 14 80
7 90 66 78 M 0 13 0.00 M M 1.5 9 220 M M 2 12 0
8 90 64 77 M 0 12 0.00 M M 2.8 9 230 M M 3 38 M M
9 99 64 82 M 0 17 0.00 M M 2.9 7 210 M M 0 15 0
10 99 68 84 M 0 19 0.00 M M 8.4 17 230 M M 1 3 31 270
11 99 75 87 M 0 22 0.00 M M 6.3 14 240 M M 3 20 120
12 95 75 85 M 0 20 0.00 M M 6.7 12 210 M M 3 21 210
13 90 75 83 M 0 18 0.00 M M 4.1 12 180 M M 7 18 16 170
14 97 77 87 M 0 22 0.00 M M 4.9 10 190 M M 6 8 14 230
15 100 73 87 M 0 22 0.00 M M 5.3 18 60 M M 5 138 18 140
16 104 75 90 M 0 25 0.00 M M 4.6 9 160 M M 2 138 18 60
17 100 75 88 M 0 23 0.00 M M 6.5 14 110 M M 2 23 190
18 104 77 91 M 0 26 0.00 M M 4.9 9 260 M M 1 14 99
19 106 75 91 M 0 26 0.00 M M 7.8 17 250 M M 1 1 31 250
20 109 70 90 M 0 25 0.00 M M 3.6 16 200 M M 0 8 22 200
21 109 72 91 M 0 26 0.00 M M 5.6 17 30 M M 2 138 27 80
22 99 73 86 M 0 21 0.00 M M 6.1 17 30 M M 1 3 28 30
23 100 72 86 M 0 21 0.00 M M 6.4 13 140 M M 2 1 22 120
24 102 77 90 M 0 25 0.00 M M 8.8 16 180 M M 1 25 170
25 104 77 91 M 0 26 0.00 M M 7.7 16 180 M M 0 23 180
26 106 75 91 M 0 26 0.00 M M 6.1 13 170 M M 0 21 170
27 106 70 88 M 0 23 0.00 M M 4.5 9 170 M M 0 18 99
28 104 75 90 M 0 25 0.00 M M 7.0 13 170 M M 0 21 170
29 102 73 88 M 0 23 0.00 M M 8.3 16 190 M M 1 24 160
30 99 72 86 M 0 21 M M M 8.3 18 200 M M 3 22 200
================================================================================
SM 2932 2136 0 593 0.00 M 169.2 M 69
================================================================================
AV 97.7 71.2 5.6 FASTST M M 2 MAX(MPH)
MISC ----> 18 200 31 270
================================================================================
NOTES:
# LAST OF SEVERAL OCCURRENCES
COLUMN 17 PEAK WIND IN M.P.H.
PRELIMINARY LOCAL CLIMATOLOGICAL DATA (WS FORM: F-6) , PAGE 2
STATION: LLANO MUNICIPAL AIRPORT
MONTH: JUNE
YEAR: 2023
LATITUDE: 30 47 N
LONGITUDE: 98 40 W
[TEMPERATURE DATA] [PRECIPITATION DATA] SYMBOLS USED IN COLUMN 16
AVERAGE MONTHLY: 84.5 TOTAL FOR MONTH: 0.00 1 = FOG OR MIST
DPTR FM NORMAL: 0.0 DPTR FM NORMAL: M 2 = FOG REDUCING VISIBILITY
HIGHEST: 109 ON 21,20 GRTST 24HR 0.00 ON 1- 1 TO 1/4 MILE OR LESS
LOWEST: 63 ON 6 3 = THUNDER
SNOW, ICE PELLETS, HAIL 4 = ICE PELLETS
TOTAL MONTH: M 5 = HAIL
GRTST 24HR M ON M 6 = FREEZING RAIN OR DRIZZLE
GRTST DEPTH: M ON M 7 = DUSTSTORM OR SANDSTORM:
VSBY 1/2 MILE OR LESS
8 = SMOKE OR HAZE
[NO. OF DAYS WITH] [WEATHER - DAYS WITH] 9 = BLOWING SNOW
X = TORNADO
MAX 32 OR BELOW: 0 0.01 INCH OR MORE: 0
MAX 90 OR ABOVE: 27 0.10 INCH OR MORE: 0
MIN 32 OR BELOW: 0 0.50 INCH OR MORE: 0
MIN 0 OR BELOW: 0 1.00 INCH OR MORE: 0
[HDD (BASE 65) ]
TOTAL THIS MO. 0 CLEAR (SCALE 0-3) 22
DPTR FM NORMAL M PTCLDY (SCALE 4-7) 8
TOTAL FM JUL 1 1485 CLOUDY (SCALE 8-10) 0
DPTR FM NORMAL M
[CDD (BASE 65) ]
TOTAL THIS MO. 593
DPTR FM NORMAL M [PRESSURE DATA]
TOTAL FM JAN 1 1085 HIGHEST SLP M ON M
DPTR FM NORMAL M LOWEST SLP M ON M
[REMARKS]
#FINAL-06-23#