000
CXUS51 KBUF 010905
CF6ART
PRELIMINARY LOCAL CLIMATOLOGICAL DATA (WS FORM: F-6)
STATION: WATERTOWN NY
MONTH: JANUARY
YEAR: 2024
LATITUDE: 43 59 N
LONGITUDE: 76 2 W
TEMPERATURE IN F: :PCPN: SNOW: WIND :SUNSHINE: SKY :PK WND
================================================================================
1 2 3 4 5 6A 6B 7 8 9 10 11 12 13 14 15 16 17 18
12Z AVG MX 2MIN
DY MAX MIN AVG DEP HDD CDD WTR SNW DPTH SPD SPD DIR MIN PSBL S-S WX SPD DR
================================================================================
1 29 20 25 3 40 0 0.00 M M 6.1 13 40 M M 8 17 40
2 38 26 32 10 33 0 0.00 M M 13.1 22 260 M M 10 42 220
3 38 33 36 14 29 0 0.28 M M 7.8 16 260 M M 10 1 23 230
4 35 10 23 1 42 0 0.08 M M 7.0 20 350 M M 5 1 27 350
5 33 11 22 0 43 0 T M M 7.5 23 230 M M 10 33 230
6 33 19 26 5 39 0 T M M 10.7 17 50 M M 10 1 22 40
7 27 19 23 2 42 0 T M M 6.0 15 50 M M 10 18 19 50
8 33 6 20 -1 45 0 0.00 M M 1.9 8 170 M M 9 12 140
9 49 28 39 18 26 0 0.31 M M 11.7 39 140 M M 7 78 140
10 51 32 42 22 23 0 0.09 M M 16.8 31 260 M M 10 1 45 260
11 34 28 31 11 34 0 0.17 M M 4.4 18 260 M M 10 1 28 260
12 40 26 33 13 32 0 0.02 M M 9.1 23 150 M M 7 41 150
13 45 29 37 17 28 0 0.19 M M 19.4 37 260 M M 10 1 57 200
14 32 23 28 8 37 0 M M M 23.9 38 250 M M 10 12 59 260
15 24 18 21 1 44 0 T M M 13.9 26 230 M M 10 18 42 220
16 22 -3 10 -10 55 0 T M M 4.4 14 310 M M 8 12 17 300
17 23 -2 11 -8 54 0 M M M 12.7 29 230 M M 9 12 41 230
18 26 15 21 2 44 0 M M M 6.0 20 280 M M 10 12 27 270
19 20 -10 5 -14 60 0 T M M 8.2 20 40 M M 4 18 26 40
20 12 -16 -2 -21 67 0 T M M 3.4 13 310 M M 7 8 18 320
21 20 -15 3 -16 62 0 T M M 4.8 15 260 M M 3 18 20 260
22 34 20 27 8 38 0 0.03 M M 12.2 23 230 M M 8 1 33 230
23 34 30 32 13 33 0 M M M 5.5 16 270 M M 10 1 23 270
24 33 25 29 10 36 0 0.54 M M 4.5 10 40 M M 10 16 13 60
25 35 32 34 15 31 0 0.09 M M 8.1 13 40 M M 10 1 15 40
26 35 33 34 15 31 0 0.61 M M 9.6 20 30 M M 10 1 24 30
27 38 33 36 17 29 0 0.00 M M 2.6 7 70 M M 10 1 9 40
28 36 34 35 16 30 0 0.00 M M 11.1 20 30 M M 10 27 10
29 34 20 27 8 38 0 T M M 7.1 16 350 M M 9 1 22 350
30 35 20 28 9 37 0 0.00 M M 3.7 12 160 M M 9 17 150
31 38 32 35 16 30 0 0.00 M M 7.3 15 240 M M 10 23 230
================================================================================
SM 1016 576 1212 0 2.41 M 270.5 M 273
================================================================================
AV 32.8 18.6 8.7 FASTST M M 9 MAX(MPH)
MISC ----> 39 140 78 140
================================================================================
NOTES:
# LAST OF SEVERAL OCCURRENCES
COLUMN 17 PEAK WIND IN M.P.H.
PRELIMINARY LOCAL CLIMATOLOGICAL DATA (WS FORM: F-6) , PAGE 2
STATION: WATERTOWN NY
MONTH: JANUARY
YEAR: 2024
LATITUDE: 43 59 N
LONGITUDE: 76 2 W
[TEMPERATURE DATA] [PRECIPITATION DATA] SYMBOLS USED IN COLUMN 16
AVERAGE MONTHLY: 25.7 TOTAL FOR MONTH: 2.41 1 = FOG OR MIST
DPTR FM NORMAL: 5.8 DPTR FM NORMAL: -0.45 2 = FOG REDUCING VISIBILITY
HIGHEST: 51 ON 10 GRTST 24HR 6.52 ON 20-20 TO 1/4 MILE OR LESS
LOWEST: -16 ON 20 3 = THUNDER
SNOW, ICE PELLETS, HAIL 4 = ICE PELLETS
TOTAL MONTH: M 5 = HAIL
GRTST 24HR M ON M 6 = FREEZING RAIN OR DRIZZLE
GRTST DEPTH: M ON M 7 = DUSTSTORM OR SANDSTORM:
VSBY 1/2 MILE OR LESS
8 = SMOKE OR HAZE
[NO. OF DAYS WITH] [WEATHER - DAYS WITH] 9 = BLOWING SNOW
X = TORNADO
MAX 32 OR BELOW: 10 0.01 INCH OR MORE: 11
MAX 90 OR ABOVE: 0 0.10 INCH OR MORE: 6
MIN 32 OR BELOW: 27 0.50 INCH OR MORE: 2
MIN 0 OR BELOW: 5 1.00 INCH OR MORE: 0
[HDD (BASE 65) ]
TOTAL THIS MO. 1212 CLEAR (SCALE 0-3) 1
DPTR FM NORMAL -186 PTCLDY (SCALE 4-7) 6
TOTAL FM JUL 1 3458 CLOUDY (SCALE 8-10) 24
DPTR FM NORMAL -674
[CDD (BASE 65) ]
TOTAL THIS MO. 0
DPTR FM NORMAL 0 [PRESSURE DATA]
TOTAL FM JAN 1 0 HIGHEST SLP 30.53 ON 21
DPTR FM NORMAL 0 LOWEST SLP 28.89 ON 10
[REMARKS]
#FINAL-01-24#