000
CXUS51 KBUF 011251
CLMART
CLIMATE REPORT
NATIONAL WEATHER SERVICE BUFFALO NY
851 AM EDT WED NOV 01 2023
...................................
...THE WATERTOWN NY CLIMATE SUMMARY FOR THE MONTH OF OCTOBER 2023...
CLIMATE NORMAL PERIOD: 1991 TO 2020
CLIMATE RECORD PERIOD: 1949 TO 2023
WEATHER OBSERVED NORMAL DEPART LAST YEAR`S
VALUE DATE(S) VALUE FROM VALUE DATE(S)
NORMAL
................................................................
TEMPERATURE (F)
RECORD
HIGH 84 10/13/1983
10/22/1979
10/05/1951
LOW 12 10/20/1972
HIGHEST 82 10/04 76 10/26
10/05
LOWEST 26 10/31 24 10/28
10/29
10/30
AVG. MAXIMUM 61.0 58.4 2.6 62.0
AVG. MINIMUM 45.2 39.2 6.0 37.1
MEAN 53.1 48.8 4.3 49.5
DAYS MAX >= 90 0 0.0 0.0 0
DAYS MAX <= 32 0 0.0 0.0 0
DAYS MIN <= 32 3 8.3 -5.3 10
DAYS MIN <= 0 0 0.0 0.0 0
PRECIPITATION (INCHES)
RECORD
MAXIMUM 11.76 2017
MINIMUM 0.19 1963
TOTALS 3.45 4.22 -0.77 1.96
DAYS >= .01 18 14.4 3.6 8
DAYS >= .10 10 8.7 1.3 4
DAYS >= .50 3 2.7 0.3 2
DAYS >= 1.00 0 0.9 -0.9 0
GREATEST
24 HR. TOTAL 0.76 10/06 TO 10/07 0.86 10/19 TO 10/20
DEGREE DAYS
HEATING TOTAL 382 506 -124 472
SINCE 7/1 562 756 -194 MM
COOLING TOTAL 18 4 14 0
SINCE 1/1 421 385 36 MM
................................................................
WIND (MPH)
AVERAGE WIND SPEED 6.3
HIGHEST WIND SPEED/DIRECTION 29/270
HIGHEST GUST SPEED/DIRECTION 48/210 DATE 10/08
SKY COVER
POSSIBLE SUNSHINE (PERCENT) MM
AVERAGE SKY COVER 0.63
NUMBER OF DAYS FAIR 7
NUMBER OF DAYS PC 9
NUMBER OF DAYS CLOUDY 15
AVERAGE RH (PERCENT) 76
WEATHER CONDITIONS. NUMBER OF DAYS WITH
THUNDERSTORM 0 MIXED PRECIP 0
HEAVY RAIN 6 RAIN 8
LIGHT RAIN 20 FREEZING RAIN 0
LT FREEZING RAIN 0 HAIL 0
HEAVY SNOW 0 SNOW 0
LIGHT SNOW 1 SLEET 0
FOG 21 FOG W/VIS <= 1/4 MILE 3
HAZE 0
- INDICATES NEGATIVE NUMBERS.
R INDICATES RECORD WAS SET OR TIED.
MM INDICATES DATA IS MISSING.
T INDICATES TRACE AMOUNT.
$$