000
CXUS55 KGJT 010910
CF6ASE
PRELIMINARY LOCAL CLIMATOLOGICAL DATA (WS FORM: F-6)
STATION: ASPEN CO
MONTH: JUNE
YEAR: 2021
LATITUDE: 39 13 N
LONGITUDE: 106 52 W
TEMPERATURE IN F: :PCPN: SNOW: WIND :SUNSHINE: SKY :PK WND
================================================================================
1 2 3 4 5 6A 6B 7 8 9 10 11 12 13 14 15 16 17 18
12Z AVG MX 2MIN
DY MAX MIN AVG DEP HDD CDD WTR SNW DPTH SPD SPD DIR MIN PSBL S-S WX SPD DR
================================================================================
1 70 35 53 -2 12 0 T M M 7.3 24 360 M M 3 36 310
2 72 42 57 1 8 0 T M M 5.3 23 10 M M 4 35 360
3 79 42 61 5 4 0 0.00 M M 6.7 16 340 M M 2 1 33 80
4 85 44 65 9 0 0 T M M 7.5 22 330 M M 1 3 35 310
5 83 48 66 10 0 1 T M M 7.1 22 10 M M 2 3 33 360
6 79 46 63 6 2 0 T M M 8.4 24 170 M M 1 3 32 160
7 83 49 66 9 0 1 0.00 M M 5.6 17 250 M M 1 26 220
8 83 43 63 6 2 0 0.00 M M 7.1 18 190 M M 0 8 32 210
9 84 42 63 5 2 0 0.00 M M 5.9 14 20 M M 0 21 360
10 84 43 64 6 1 0 0.00 M M 9.0 28 170 M M 0 40 170
11 81 39 60 2 5 0 0.00 M M 6.8 17 260 M M 0 30 250
12 86 41 64 5 1 0 0.00 M M 6.9 14 310 M M 0 26 340
13 89 44 67 8 0 2 0.00 M M 6.5 17 250 M M 0 24 260
14 91 45 68 9 0 3 0.00 M M 7.6 15 220 M M 0 21 350
15 91 49 70 10 0 5 0.00 M M 6.7 16 350 M M 0 25 330
16 91 52 72 12 0 7 0.00 M M 6.5 16 340 M M 0 8 27 310
17 90 50 70 10 0 5 0.00 M M 7.3 17 150 M M 1 3 25 130
18 86 53 70 10 0 5 T M M 8.0 25 140 M M 1 38 39 140
19 79 50 65 4 0 0 0.06 M M 6.5 20 240 M M 3 3 25 240
20 85 46 66 5 0 1 0.00 M M 6.1 18 330 M M 2 34 340
21 82 43 63 2 2 0 0.00 M M 8.9 18 360 M M 0 28 350
22 87 47 67 5 0 2 0.00 M M 7.6 21 350 M M 0 8 30 350
23 77 48 63 1 2 0 0.05 M M 6.8 16 320 M M 4 8 24 340
24 74 46 60 -2 5 0 0.28 M M 4.8 22 180 M M 6 138 31 180
25 67 42 55 -7 10 0 0.04 M M 4.1 17 330 M M 6 26 330
26 65 45 55 -8 10 0 0.08 M M 3.4 21 360 M M 8 138 31 10
27 70 39 55 -8 10 0 T M M 5.4 21 330 M M 5 29 340
28 72 39 56 -7 9 0 0.00 M M 8.1 16 130 M M 1 24 130
29 76 48 62 -1 3 0 0.17 M M 6.5 28 180 M M 6 13 38 180
30 75 43 59 -5 6 0 0.22 M M 5.9 24 170 M M 5 13 31 170
================================================================================
SM 2416 1343 94 32 0.90 M 200.3 M 62
================================================================================
AV 80.5 44.8 6.7 FASTST M M 2 MAX(MPH)
MISC ----> # 28 170 40 170
================================================================================
NOTES:
# LAST OF SEVERAL OCCURRENCES
COLUMN 17 PEAK WIND IN M.P.H.
PRELIMINARY LOCAL CLIMATOLOGICAL DATA (WS FORM: F-6) , PAGE 2
STATION: ASPEN CO
MONTH: JUNE
YEAR: 2021
LATITUDE: 39 13 N
LONGITUDE: 106 52 W
[TEMPERATURE DATA] [PRECIPITATION DATA] SYMBOLS USED IN COLUMN 16
AVERAGE MONTHLY: 62.7 TOTAL FOR MONTH: 0.90 1 = FOG OR MIST
DPTR FM NORMAL: 3.1 DPTR FM NORMAL: 0.02 2 = FOG REDUCING VISIBILITY
HIGHEST: 91 ON 16,15 GRTST 24HR 0.33 ON 23-24 TO 1/4 MILE OR LESS
LOWEST: 35 ON 1 3 = THUNDER
SNOW, ICE PELLETS, HAIL 4 = ICE PELLETS
TOTAL MONTH: M 5 = HAIL
GRTST 24HR M ON M 6 = FREEZING RAIN OR DRIZZLE
GRTST DEPTH: M ON M 7 = DUSTSTORM OR SANDSTORM:
VSBY 1/2 MILE OR LESS
8 = SMOKE OR HAZE
[NO. OF DAYS WITH] [WEATHER - DAYS WITH] 9 = BLOWING SNOW
X = TORNADO
MAX 32 OR BELOW: 0 0.01 INCH OR MORE: 7
MAX 90 OR ABOVE: 4 0.10 INCH OR MORE: 3
MIN 32 OR BELOW: 0 0.50 INCH OR MORE: 0
MIN 0 OR BELOW: 0 1.00 INCH OR MORE: 0
[HDD (BASE 65) ]
TOTAL THIS MO. 94 CLEAR (SCALE 0-3) 22
DPTR FM NORMAL -81 PTCLDY (SCALE 4-7) 7
TOTAL FM JUL 1 7920 CLOUDY (SCALE 8-10) 1
DPTR FM NORMAL -224
[CDD (BASE 65) ]
TOTAL THIS MO. 32
DPTR FM NORMAL 19 [PRESSURE DATA]
TOTAL FM JAN 1 32 HIGHEST SLP M ON M
DPTR FM NORMAL 19 LOWEST SLP 29.61 ON 7
[REMARKS]
#FINAL-06-21#