000
CXUS52 KFFC 011010
CF6ATL
PRELIMINARY LOCAL CLIMATOLOGICAL DATA (WS FORM: F-6)
STATION: ATLANTA
MONTH: JUNE
YEAR: 2023
LATITUDE: 33 39 N
LONGITUDE: 84 26 W
TEMPERATURE IN F: :PCPN: SNOW: WIND :SUNSHINE: SKY :PK WND
================================================================================
1 2 3 4 5 6A 6B 7 8 9 10 11 12 13 14 15 16 17 18
12Z AVG MX 2MIN
DY MAX MIN AVG DEP HDD CDD WTR SNW DPTH SPD SPD DIR MIN PSBL S-S WX SPD DR
================================================================================
1 84 64 74 -1 0 9 0.00 0.0 M 8.4 15 70 M M 8 20 60
2 87 68 78 3 0 13 0.00 0.0 M 8.1 15 70 M M 3 23 50
3 89 67 78 2 0 13 0.00 0.0 M 8.4 21 80 M M 4 27 50
4 82 68 75 -1 0 10 0.52 0.0 0 7.8 20 70 M M 6 13 26 60
5 84 64 74 -2 0 9 0.00 0.0 M 4.7 9 80 M M 5 18 13 330
6 90 68 79 3 0 14 T 0.0 0 7.8 18 340 M M 4 38 26 250
7 90 69 80 4 0 15 0.00 0.0 M 8.5 17 280 M M 3 26 300
8 85 70 78 1 0 13 0.00 0.0 M 9.1 18 300 M M 5 33 360
9 85 66 76 -1 0 11 0.00 0.0 0 7.8 16 330 M M 4 30 360
10 87 63 75 -2 0 10 0.00 0.0 0 4.4 14 210 M M 5 19 180
11 84 67 76 -1 0 11 0.67 0.0 0 8.2 26 190 M M 7 138 37 180
12 81 66 74 -3 0 9 0.18 0.0 0 9.6 21 250 M M 7 1 29 270
13 79 63 71 -7 0 6 0.00 0.0 0 8.2 16 280 M M 5 24 310
14 76 67 72 -6 0 7 0.84 0.0 M 7.1 16 240 M M 7 13 23 140
15 82 68 75 -3 0 10 0.00 0.0 M 7.8 15 240 M M 8 23 260
16 88 71 80 2 0 15 0.00 0.0 M 9.0 17 310 M M 7 25 310
17 90 69 80 2 0 15 0.00 0.0 M 6.4 12 360 M M 4 19 330
18 86 69 78 0 0 13 T 0.0 M 4.8 17 180 M M 6 29 190
19 78 67 73 -6 0 8 1.00 0.0 M 7.7 23 290 M M 9 13 33 280
20 85 70 78 -1 0 13 0.03 0.0 M 5.7 21 350 M M 7 3 30 350
21 76 66 71 -8 0 6 0.37 0.0 M 12.5 22 70 M M 10 13 29 70
22 81 65 73 -6 0 8 0.05 0.0 M 7.2 18 80 M M 8 1 23 80
23 85 69 77 -2 0 12 0.00 0.0 M 6.7 25 320 M M 6 1 32 320
24 88 67 78 -1 0 13 0.00 0.0 M 8.1 17 340 M M 4 24 330
25 92 68 80 1 0 15 0.67 0.0 0 8.1 41 360 M M 5 13 55 360
26 91 67 79 -1 0 14 0.00 0.0 0 8.5 17 270 M M 5 1 26 280
27 89 72 81 1 0 16 0.00 0.0 M 9.7 20 310 M M 1 29 310
28 90 70 80 0 0 15 0.00 0.0 M 6.4 14 320 M M 1 22 330
29 92 72 82 2 0 17 0.00 0.0 M 5.3 17 350 M M 4 8 26 350
30 90 72 81 1 0 16 0.05 0.0 0 5.2 32 30 M M 5 38 40 20
================================================================================
SM 2566 2032 0 356 4.38 0.0 227.2 M 163
================================================================================
AV 85.5 67.7 7.6 FASTST M M 5 MAX(MPH)
MISC ----> 41 360 55 360
================================================================================
NOTES:
# LAST OF SEVERAL OCCURRENCES
COLUMN 17 PEAK WIND IN M.P.H.
PRELIMINARY LOCAL CLIMATOLOGICAL DATA (WS FORM: F-6) , PAGE 2
STATION: ATLANTA
MONTH: JUNE
YEAR: 2023
LATITUDE: 33 39 N
LONGITUDE: 84 26 W
[TEMPERATURE DATA] [PRECIPITATION DATA] SYMBOLS USED IN COLUMN 16
AVERAGE MONTHLY: 76.6 TOTAL FOR MONTH: 4.38 1 = FOG OR MIST
DPTR FM NORMAL: -1.3 DPTR FM NORMAL: -0.16 2 = FOG REDUCING VISIBILITY
HIGHEST: 92 ON 29,25 GRTST 24HR 1.00 ON 19-19 TO 1/4 MILE OR LESS
LOWEST: 63 ON 13,10 3 = THUNDER
SNOW, ICE PELLETS, HAIL 4 = ICE PELLETS
TOTAL MONTH: 0.0 INCH 5 = HAIL
GRTST 24HR 0.0 6 = FREEZING RAIN OR DRIZZLE
GRTST DEPTH: 0 7 = DUSTSTORM OR SANDSTORM:
VSBY 1/2 MILE OR LESS
8 = SMOKE OR HAZE
[NO. OF DAYS WITH] [WEATHER - DAYS WITH] 9 = BLOWING SNOW
X = TORNADO
MAX 32 OR BELOW: 0 0.01 INCH OR MORE: 10
MAX 90 OR ABOVE: 8 0.10 INCH OR MORE: 7
MIN 32 OR BELOW: 0 0.50 INCH OR MORE: 5
MIN 0 OR BELOW: 0 1.00 INCH OR MORE: 1
[HDD (BASE 65) ]
TOTAL THIS MO. 0 CLEAR (SCALE 0-3) 3
DPTR FM NORMAL -1 PTCLDY (SCALE 4-7) 24
TOTAL FM JUL 1 1932 CLOUDY (SCALE 8-10) 3
DPTR FM NORMAL -597
[CDD (BASE 65) ]
TOTAL THIS MO. 356
DPTR FM NORMAL -30 [PRESSURE DATA]
TOTAL FM JAN 1 665 HIGHEST SLP 30.13 ON 30
DPTR FM NORMAL -19 LOWEST SLP 29.68 ON 7
[REMARKS]
#FINAL-06-23#