000
CXUS54 KEWX 031250
CF6ATT
PRELIMINARY LOCAL CLIMATOLOGICAL DATA (WS FORM: F-6)
STATION: AUSTIN CAMP MABRY
MONTH: APRIL
YEAR: 2022
LATITUDE: 30 17 N
LONGITUDE: 97 42 W
TEMPERATURE IN F: :PCPN: SNOW: WIND :SUNSHINE: SKY :PK WND
================================================================================
1 2 3 4 5 6A 6B 7 8 9 10 11 12 13 14 15 16 17 18
12Z AVG MX 2MIN
DY MAX MIN AVG DEP HDD CDD WTR SNW DPTH SPD SPD DIR MIN PSBL S-S WX SPD DR
================================================================================
1 82 49 66 -1 0 1 0.00 0.0 0 5.5 16 140 M M 0 29 120
2 88 59 74 7 0 9 0.00 0.0 0 3.4 14 340 M M 1 24 340
3 87 53 70 3 0 5 0.00 0.0 0 5.5 15 130 M M 0 28 170
4 80 66 73 6 0 8 0.00 0.0 0 5.4 12 140 M M 8 8 23 150
5 96 71 84 16 0 19 0.00 0.0 0 5.3 13 180 M M 3 8 29 190
6 81 63 72 4 0 7 0.00 0.0 0 8.5 18 360 M M 0 36 330
7 78 50 64 -4 1 0 0.00 0.0 0 7.2 16 320 M M 1 30 340
8 79 48 64 -4 1 0 0.00 0.0 0 5.3 17 280 M M 0 30 280
9 88 44 66 -2 0 1 0.00 0.0 0 6.1 15 160 M M 0 8 31 150
10 88 60 74 6 0 9 0.00 0.0 0 7.9 17 140 M M 3 34 140
11 84 68 76 7 0 11 0.04 0.0 0 7.9 21 150 M M 6 138 37 150
12 92 72 82 13 0 17 0.00 0.0 0 9.0 17 150 M M 5 8 37 140
13 95 68 82 13 0 17 0.01 0.0 0 7.4 15 280 M M 5 8 30 340
14 83 57 70 1 0 5 0.00 0.0 0 6.2 14 120 M M 0 24 130
15 83 64 74 4 0 9 0.00 0.0 0 4.7 10 160 M M 8 19 210
16 83 72 78 8 0 13 0.00 0.0 0 3.7 9 210 M M 7 19 150
17 88 65 77 7 0 12 0.00 0.0 0 1.8 7 40 M M 6 8 15 190
18 79 62 71 1 0 6 0.00 0.0 0 5.0 12 20 M M 2 24 80
19 71 56 64 -6 1 0 0.02 0.0 0 7.5 16 140 M M 5 1 30 120
20 86 67 77 7 0 12 0.01 0.0 0 8.4 16 200 M M 9 1 33 190
21 80 73 77 6 0 12 T 0.0 0 7.8 16 130 M M 8 8 28 120
22 91 71 81 10 0 16 T 0.0 0 10.6 20 130 M M 7 37 140
23 89 70 80 9 0 15 0.00 0.0 0 9.8 17 140 M M 7 35 150
24 91 70 81 10 0 16 0.01 0.0 0 8.1 16 140 M M 7 29 140
25 75 60 68 -4 0 3 1.55 0.0 0 5.3 17 20 M M 5 13 31 20
26 77 55 66 -6 0 1 0.06 0.0 0 5.0 10 20 M M 6 21 60
27 78 61 70 -2 0 5 0.00 0.0 0 4.8 12 160 M M 6 8 23 160
28 88 69 79 7 0 14 0.00 0.0 0 6.9 14 150 M M 7 27 160
29 86 70 78 6 0 13 T 0.0 0 7.0 13 160 M M 8 28 160
30 91 73 82 9 0 17 0.02 0.0 0 3.9 10 140 M M 7 20 190
================================================================================
SM 2537 1886 3 273 1.72 0.0 190.9 M 137
================================================================================
AV 84.6 62.9 6.4 FASTST M M 5 MAX(MPH)
MISC ----> 21 150 # 37 150
================================================================================
NOTES:
# LAST OF SEVERAL OCCURRENCES
COLUMN 17 PEAK WIND IN M.P.H.
PRELIMINARY LOCAL CLIMATOLOGICAL DATA (WS FORM: F-6) , PAGE 2
STATION: AUSTIN CAMP MABRY
MONTH: APRIL
YEAR: 2022
LATITUDE: 30 17 N
LONGITUDE: 97 42 W
[TEMPERATURE DATA] [PRECIPITATION DATA] SYMBOLS USED IN COLUMN 16
AVERAGE MONTHLY: 73.7 TOTAL FOR MONTH: 1.72 1 = FOG OR MIST
DPTR FM NORMAL: 4.1 DPTR FM NORMAL: -0.70 2 = FOG REDUCING VISIBILITY
HIGHEST: 96 ON 5 GRTST 24HR 1.55 ON 25-25 TO 1/4 MILE OR LESS
LOWEST: 44 ON 9 3 = THUNDER
SNOW, ICE PELLETS, HAIL 4 = ICE PELLETS
TOTAL MONTH: 0.0 INCH 5 = HAIL
GRTST 24HR 0.0 6 = FREEZING RAIN OR DRIZZLE
GRTST DEPTH: 0 7 = DUSTSTORM OR SANDSTORM:
VSBY 1/2 MILE OR LESS
8 = SMOKE OR HAZE
[NO. OF DAYS WITH] [WEATHER - DAYS WITH] 9 = BLOWING SNOW
X = TORNADO
MAX 32 OR BELOW: 0 0.01 INCH OR MORE: 8
MAX 90 OR ABOVE: 6 0.10 INCH OR MORE: 1
MIN 32 OR BELOW: 0 0.50 INCH OR MORE: 1
MIN 0 OR BELOW: 0 1.00 INCH OR MORE: 1
[HDD (BASE 65) ]
TOTAL THIS MO. 3 CLEAR (SCALE 0-3) 11
DPTR FM NORMAL -31 PTCLDY (SCALE 4-7) 15
TOTAL FM JUL 1 1284 CLOUDY (SCALE 8-10) 4
DPTR FM NORMAL -154
[CDD (BASE 65) ]
TOTAL THIS MO. 273
DPTR FM NORMAL 101 [PRESSURE DATA]
TOTAL FM JAN 1 359 HIGHEST SLP 30.34 ON 26
DPTR FM NORMAL 80 LOWEST SLP 29.45 ON 5
[REMARKS]
#FINAL-04-22#