000
CXUS54 KEWX 012228
CLMATT
CLIMATE REPORT
NATIONAL WEATHER SERVICE AUSTIN/SAN ANTONIO
422 PM CST FRI MAR 01 2024
...................................
...THE AUSTIN CAMP MABRY CLIMATE SUMMARY FOR THE MONTH OF FEBRUARY 2024...
CLIMATE NORMAL PERIOD: 1991 TO 2020
CLIMATE RECORD PERIOD: 1897 TO 2024
WEATHER OBSERVED NORMAL DEPART LAST YEAR`S
VALUE DATE(S) VALUE FROM VALUE DATE(S)
NORMAL
................................................................
TEMPERATURE (F)
HIGHEST 88 02/22 91 02/22
LOWEST 33 02/18 29 02/01
AVG. MAXIMUM 71.1 66.5 4.6 68.7
AVG. MINIMUM 50.3 45.8 4.5 44.7
MEAN 60.7 56.1 4.6 56.7
DAYS MAX >= 90 0 1
DAYS MAX <= 32 0 1
DAYS MIN <= 32 0 5
DAYS MIN <= 0 0 0
PRECIPITATION (INCHES)
TOTALS 0.99 1.89 -0.90 1.78
DAILY AVG. 0.03 NAN NAN 0.06
DAYS >= .01 3 6
DAYS >= .10 2 3
DAYS >= .50 1 1
DAYS >= 1.00 0 1
GREATEST
24 HR. TOTAL 0.64 02/10 TO 02/10
SNOWFALL (INCHES)
TOTALS 0.0 0.2 -0.2 0.0
SINCE 7/1 T
DEGREE DAYS
HEATING TOTAL 164 272 -108 270
SINCE 7/1 1221 1279 -58 MM
COOLING TOTAL 47 24 23 44
SINCE 1/1 47 34 13 MM
................................................................
WIND (MPH)
AVERAGE WIND SPEED 5.3
HIGHEST WIND SPEED/DIRECTION 21/300 DATE 02/04
HIGHEST GUST SPEED/DIRECTION 42/290 DATE 02/04
SKY COVER
POSSIBLE SUNSHINE (PERCENT) MM
AVERAGE SKY COVER 0.35
NUMBER OF DAYS FAIR 16
NUMBER OF DAYS PC 9
NUMBER OF DAYS CLOUDY 4
AVERAGE RH (PERCENT) 63
WEATHER CONDITIONS. NUMBER OF DAYS WITH
THUNDERSTORM 2 MIXED PRECIP 0
HEAVY RAIN 2 RAIN 2
LIGHT RAIN 3 FREEZING RAIN 0
LT FREEZING RAIN 0 HAIL 0
HEAVY SNOW 0 SNOW 0
LIGHT SNOW 0 SLEET 0
FOG 6 FOG W/VIS <= 1/4 MILE 0
HAZE 2
- INDICATES NEGATIVE NUMBERS.
R INDICATES RECORD WAS SET OR TIED.
MM INDICATES DATA IS MISSING.
T INDICATES TRACE AMOUNT.
&&
MONTHLY CLIMATE SUMMARY:
FEBRUARY 2024 WAS THE 7TH WARMEST AND
35TH DRIEST JANUARY ON RECORD.
SEA LEVEL PRESSURE DATA:
HIGHEST SLP 30.38 ON THE 29TH
LOWEST SLP 29.52 ON THE 3RD
PRELIMINARY LOCAL CLIMATOLOGICAL DATA (WS FORM: F-6)
STATION: AUSTIN CAMP MABRY
MONTH: FEBRUARY
YEAR: 2024
LATITUDE: 30 17 N
LONGITUDE: 97 42 W
TEMPERATURE IN F: :PCPN: SNOW: WIND :SUNSHINE: SKY :PK WND
================================================================================
1 2 3 4 5 6A 6B 7 8 9 10 11 12 13 14 15 16 17 18
12Z AVG MX 2MIN
DY MAX MIN AVG DEP HDD CDD WTR SNW DPTH SPD SPD DIR MIN PSBL S-S WX SPD DR
================================================================================
1 73 49 61 7 4 0 0.00 0.0 0 3.8 12 150 M M 1 22 170
2 68 58 63 9 2 0 0.31 0.0 0 6.9 17 150 M M 10 13 30 250
3 71 47 59 5 6 0 0.04 0.0 0 3.0 12 340 M M 3 18 300
4 69 47 58 4 7 0 0.00 0.0 0 8.4 21 300 M M 2 42 290
5 65 51 58 4 7 0 0.00 0.0 0 7.9 16 330 M M 4 32 350
6 71 44 58 4 7 0 0.00 0.0 0 1.9 8 150 M M 0 12 120
7 70 47 59 4 6 0 0.00 0.0 0 6.7 18 140 M M 2 33 140
8 73 60 67 12 0 2 T 0.0 0 1.3 9 130 M M 6 14 330
9 76 61 69 14 0 4 0.00 0.0 0 3.6 9 180 M M 6 18 20 180
10 67 58 63 8 2 0 0.64 0.0 0 3.6 12 290 M M 9 13 26 300
11 59 46 53 -2 12 0 T 0.0 0 6.6 15 330 M M 8 1 29 340
12 62 41 52 -4 13 0 0.00 0.0 0 7.5 17 340 M M 3 36 360
13 69 37 53 -3 12 0 0.00 0.0 0 3.6 10 170 M M 0 19 150
14 67 42 55 -1 10 0 0.00 0.0 0 3.7 10 160 M M 4 19 140
15 71 59 65 9 0 0 0.00 0.0 0 2.3 9 150 M M 6 14 190
16 77 52 65 9 0 0 0.00 0.0 0 6.8 15 360 M M 5 26 10
17 52 39 46 -10 19 0 0.00 0.0 0 9.9 18 360 M M 3 33 360
18 58 33 46 -11 19 0 0.00 0.0 0 3.0 9 340 M M 1 14 350
19 69 37 53 -4 12 0 0.00 0.0 0 3.5 13 200 M M 0 22 190
20 80 45 63 6 2 0 0.00 0.0 0 4.5 13 160 M M 0 23 190
21 77 62 70 13 0 5 0.00 0.0 0 9.1 17 150 M M 7 32 150
22 88 65 77 19 0 12 0.00 0.0 0 6.6 14 350 M M 5 26 360
23 78 56 67 9 0 2 0.00 0.0 0 4.6 13 20 M M 0 23 30
24 81 51 66 8 0 1 0.00 0.0 0 4.0 13 150 M M 0 24 150
25 85 55 70 12 0 5 0.00 0.0 0 6.5 14 200 M M 1 30 180
26 85 59 72 14 0 7 0.00 0.0 0 5.4 13 160 M M 1 1 21 170
27 81 67 74 15 0 9 0.00 0.0 0 4.6 12 160 M M 6 18 21 200
28 71 47 59 0 6 0 0.00 0.0 0 9.2 20 360 M M 0 36 10
29 49 44 47 -12 18 0 T 0.0 0 3.8 12 20 M M 8 22 30
================================================================================
SM 2062 1459 164 47 0.99 0.0 152.3 M 101
================================================================================
AV 71.1 50.3 5.3 FASTST M M 3 MAX(MPH)
MISC ----> 21 300 42 290
================================================================================
NOTES:
# LAST OF SEVERAL OCCURRENCES
COLUMN 17 PEAK WIND IN M.P.H.
SYMBOLS USED IN COLUMN 16
1 = FOG OR MIST
2 = FOG REDUCING VISIBILITY TO 1/4 MILE OR LESS
3 = THUNDER
4 = ICE PELLETS
5 = HAIL
6 = FREEZING RAIN OR DRIZZLE
7 = DUSTSTORM OR SANDSTORM: VSBY 1/2 MILE OR LESS
8 = SMOKE OR HAZE
9 = BLOWING SNOW
X = TORNADO
$$