000
CXUS51 KGYX 050954
CF6AUG
PRELIMINARY LOCAL CLIMATOLOGICAL DATA (WS FORM: F-6)
STATION: AUGUSTA
MONTH: AUGUST
YEAR: 2021
LATITUDE: 44 18 N
LONGITUDE: 69 48 W
TEMPERATURE IN F: :PCPN: SNOW: WIND :SUNSHINE: SKY :PK WND
================================================================================
1 2 3 4 5 6A 6B 7 8 9 10 11 12 13 14 15 16 17 18
12Z AVG MX 2MIN
DY MAX MIN AVG DEP HDD CDD WTR SNW DPTH SPD SPD DIR MIN PSBL S-S WX SPD DR
================================================================================
1 76 56 66 -4 0 1 0.00 0.0 0 4.2 10 170 M M 3 17 200
2 74 60 67 -3 0 2 0.09 0.0 0 5.3 16 350 M M 6 1 23 330
3 79 55 67 -3 0 2 0.00 0.0 0 5.3 14 170 M M 0 20 210
4 80 58 69 -1 0 4 T 0.0 0 3.5 10 160 M M 1 17 190
5 67 63 65 -5 0 0 0.02 0.0 0 5.6 10 10 M M 10 1 14 10
6 84 62 73 3 0 8 0.00 0.0 0 4.1 12 180 M M 2 12 17 200
7 85 62 74 4 0 9 0.00 0.0 0 3.5 12 160 M M 1 12 15 180
8 84 66 75 5 0 10 0.00 0.0 0 6.4 13 150 M M 3 1 17 150
9 76 64 70 0 0 5 0.00 0.0 0 4.4 10 140 M M 8 1 14 170
10 78 64 71 1 0 6 0.00 0.0 0 3.6 9 160 M M 10 1 13 140
11 80 65 73 3 0 8 T 0.0 0 5.0 9 160 M M 8 123 16 170
12 91 68 80 10 0 15 T 0.0 0 4.3 13 160 M M 5 128 17 150
13 90 71 81 11 0 16 0.00 0.0 0 4.9 12 330 M M 0 1 15 330
14 89 66 78 9 0 13 0.15 0.0 0 5.2 23 330 M M 2 13 27 340
15 77 60 69 0 0 4 0.00 0.0 0 7.1 16 320 M M 0 22 350
16 79 52 66 -3 0 1 0.00 0.0 0 3.8 10 250 M M 0 14 250
17 82 57 70 1 0 5 0.00 0.0 0 3.0 9 160 M M 0 13 170
18 84 68 76 7 0 11 T 0.0 0 4.0 12 160 M M 5 13 15 160
19 78 68 73 4 0 8 0.67 0.0 0 4.2 12 70 M M 6 12 14 80
20 87 69 78 9 0 13 0.00 0.0 0 4.9 13 360 M M 4 12 16 360
21 82 68 75 7 0 10 0.00 0.0 0 5.6 13 130 M M 5 12 17 140
22 72 66 69 1 0 4 0.01 0.0 0 8.0 15 70 M M 10 1 22 70
23 78 66 72 4 0 7 0.02 0.0 0 3.3 10 130 M M 8 12 12 130
24 88 69 79 11 0 14 T 0.0 0 3.0 9 340 M M 5 12 13 240
25 89 70 80 12 0 15 0.00 0.0 0 3.5 10 330 M M 0 17 280
26 92 69 81 13 0 16 0.00 0.0 0 3.5 10 200 M M 0 1 17 190
27 84 62 73 6 0 8 0.00 0.0 0 7.6 15 320 M M 0 21 310
28 70 54 62 -5 3 0 0.03 0.0 0 3.5 9 40 M M 4 11 300
29 65 57 61 -6 4 0 0.11 0.0 0 5.4 12 160 M M 10 1 15 150
30 81 62 72 6 0 7 0.02 0.0 0 4.0 12 220 M M 7 12 19 220
31 84 64 74 8 0 9 0.00 0.0 0 5.2 12 290 M M 0 1 16 260
================================================================================
SM 2505 1961 7 231 1.12 0.0 144.9 M 123
================================================================================
AV 80.8 63.3 4.7 FASTST M M 4 MAX(MPH)
MISC ----> 23 330 27 340
================================================================================
NOTES:
# LAST OF SEVERAL OCCURRENCES
COLUMN 17 PEAK WIND IN M.P.H.
PRELIMINARY LOCAL CLIMATOLOGICAL DATA (WS FORM: F-6) , PAGE 2
STATION: AUGUSTA
MONTH: AUGUST
YEAR: 2021
LATITUDE: 44 18 N
LONGITUDE: 69 48 W
[TEMPERATURE DATA] [PRECIPITATION DATA] SYMBOLS USED IN COLUMN 16
AVERAGE MONTHLY: 72.0 TOTAL FOR MONTH: 1.12 1 = FOG OR MIST
DPTR FM NORMAL: 3.1 DPTR FM NORMAL: -2.29 2 = FOG REDUCING VISIBILITY
HIGHEST: 92 ON 26 GRTST 24HR 0.67 ON 19-19 TO 1/4 MILE OR LESS
LOWEST: 52 ON 16 3 = THUNDER
SNOW, ICE PELLETS, HAIL 4 = ICE PELLETS
TOTAL MONTH: 0.0 INCH 5 = HAIL
GRTST 24HR 0.0 6 = FREEZING RAIN OR DRIZZLE
GRTST DEPTH: 0 7 = DUSTSTORM OR SANDSTORM:
VSBY 1/2 MILE OR LESS
8 = SMOKE OR HAZE
[NO. OF DAYS WITH] [WEATHER - DAYS WITH] 9 = BLOWING SNOW
X = TORNADO
MAX 32 OR BELOW: 0 0.01 INCH OR MORE: 9
MAX 90 OR ABOVE: 3 0.10 INCH OR MORE: 3
MIN 32 OR BELOW: 0 0.50 INCH OR MORE: 1
MIN 0 OR BELOW: 0 1.00 INCH OR MORE: 0
[HDD (BASE 65) ]
TOTAL THIS MO. 7 CLEAR (SCALE 0-3) 13
DPTR FM NORMAL -13 PTCLDY (SCALE 4-7) 13
TOTAL FM JUL 1 48 CLOUDY (SCALE 8-10) 5
DPTR FM NORMAL 20
[CDD (BASE 65) ]
TOTAL THIS MO. 231
DPTR FM NORMAL 92 [PRESSURE DATA]
TOTAL FM JAN 1 496 HIGHEST SLP 30.40 ON 28
DPTR FM NORMAL 109 LOWEST SLP 29.65 ON 31
[REMARKS]
#FINAL-08-21#