000
CXUS51 KGYX 022104
CF6AUG
PRELIMINARY LOCAL CLIMATOLOGICAL DATA (WS FORM: F-6)
STATION: AUGUSTA
MONTH: DECEMBER
YEAR: 2020
LATITUDE: 44 18 N
LONGITUDE: 69 48 W
TEMPERATURE IN F: :PCPN: SNOW: WIND :SUNSHINE: SKY :PK WND
================================================================================
1 2 3 4 5 6A 6B 7 8 9 10 11 12 13 14 15 16 17 18
12Z AVG MX 2MIN
DY MAX MIN AVG DEP HDD CDD WTR SNW DPTH SPD SPD DIR MIN PSBL S-S WX SPD DR
================================================================================
1 59 44 52 20 13 0 1.06 0.0 M 13.7 30 170 M M 9 1 46 160
2 45 33 39 7 26 0 0.00 0.0 M 6.9 16 170 M M 3 23 170
3 42 28 35 4 30 0 0.00 0.0 M 4.9 12 270 M M 0 16 270
4 47 29 38 7 27 0 0.00 0.0 M 3.7 10 190 M M 6 16 200
5 42 32 37 7 28 0 2.08 M M 14.6 35 360 M M 9 12 46 10
6 33 26 30 0 35 0 0.03 M M 16.1 38 340 M M 10 12 49 330
7 32 24 28 -1 37 0 0.00 0.0 M 7.0 16 290 M M 5 24 290
8 29 25 27 -2 38 0 0.01 M M 10.5 20 340 M M 10 8 24 340
9 29 18 24 -5 41 0 T M M 2.3 7 240 M M 5 1 10 290
10 37 24 31 3 34 0 T M M 4.7 15 300 M M 10 1 23 310
11 40 30 35 7 30 0 0.00 0.0 M 3.7 10 200 M M 3 17 180
12 36 29 33 6 32 0 0.20 M M 7.1 15 20 M M 7 1 18 30
13 37 32 35 8 30 0 0.01 M M 3.6 14 340 M M 9 12 17 340
14 34 27 31 4 34 0 0.00 0.0 M 2.9 12 330 M M 5 18 15 330
15 32 10 21 -5 44 0 T M M 14.7 25 300 M M 0 41 300
16 17 6 12 -14 53 0 0.00 0.0 M 7.3 15 30 M M 1 19 30
17 18 10 14 -11 51 0 0.36 M M 13.9 22 360 M M 9 12 30 20
18 23 11 17 -8 48 0 0.00 0.0 M 10.8 18 10 M M 3 23 20
19 28 9 19 -6 46 0 0.00 0.0 M 3.6 10 20 M M 0 13 20
20 31 16 24 0 41 0 0.11 M M 2.1 7 160 M M 8 1 9 190
21 31 27 29 5 36 0 0.00 0.0 M 4.1 16 360 M M 10 12 19 360
22 42 30 36 12 29 0 0.01 M M 7.9 16 280 M M 9 1 24 300
23 35 23 29 6 36 0 0.00 0.0 M 7.2 22 280 M M 1 33 280
24 53 25 39 16 26 0 0.01 M M 9.4 20 160 M M 8 1 32 150
25 60 50 55 32 10 0 2.06 M M 15.1 31 160 M M 10 18 48 170
26 50 28 39 17 26 0 0.03 M M 8.9 17 240 M M 5 1 25 240
27 35 25 30 8 35 0 0.00 0.0 M 4.3 12 270 M M 4 18 240
28 42 23 33 11 32 0 0.08 0.0 M 5.5 15 170 M M 8 1 20 180
29 38 19 29 7 36 0 0.00 0.0 M 11.9 24 300 M M 4 35 300
30 35 19 27 6 38 0 0.04 M M 7.4 15 210 M M 4 26 210
31 40 29 35 14 30 0 0.03 M M 7.8 22 310 M M 6 32 300
================================================================================
SM 1152 761 1052 0 6.12 0.0 243.6 M 181
================================================================================
AV 37.2 24.5 7.9 FASTST M M 6 MAX(MPH)
MISC ----> 38 340 49 330
================================================================================
NOTES:
# LAST OF SEVERAL OCCURRENCES
COLUMN 17 PEAK WIND IN M.P.H.
PRELIMINARY LOCAL CLIMATOLOGICAL DATA (WS FORM: F-6) , PAGE 2
STATION: AUGUSTA
MONTH: DECEMBER
YEAR: 2020
LATITUDE: 44 18 N
LONGITUDE: 69 48 W
[TEMPERATURE DATA] [PRECIPITATION DATA] SYMBOLS USED IN COLUMN 16
AVERAGE MONTHLY: 30.9 TOTAL FOR MONTH: 6.12 1 = FOG OR MIST
DPTR FM NORMAL: 4.8 DPTR FM NORMAL: 2.88 2 = FOG REDUCING VISIBILITY
HIGHEST: 60 ON 25 GRTST 24HR 3.34 ON 30- 1 TO 1/4 MILE OR LESS
LOWEST: 6 ON 16 3 = THUNDER
SNOW, ICE PELLETS, HAIL 4 = ICE PELLETS
TOTAL MONTH: 0.0 INCH 5 = HAIL
GRTST 24HR 0.0 6 = FREEZING RAIN OR DRIZZLE
GRTST DEPTH: M ON M 7 = DUSTSTORM OR SANDSTORM:
VSBY 1/2 MILE OR LESS
8 = SMOKE OR HAZE
[NO. OF DAYS WITH] [WEATHER - DAYS WITH] 9 = BLOWING SNOW
X = TORNADO
MAX 32 OR BELOW: 10 0.01 INCH OR MORE: 15
MAX 90 OR ABOVE: 0 0.10 INCH OR MORE: 6
MIN 32 OR BELOW: 28 0.50 INCH OR MORE: 3
MIN 0 OR BELOW: 0 1.00 INCH OR MORE: 3
[HDD (BASE 65) ]
TOTAL THIS MO. 1052 CLEAR (SCALE 0-3) 7
DPTR FM NORMAL -155 PTCLDY (SCALE 4-7) 13
TOTAL FM JUL 1 2452 CLOUDY (SCALE 8-10) 11
DPTR FM NORMAL -304
[CDD (BASE 65) ]
TOTAL THIS MO. 0
DPTR FM NORMAL 0 [PRESSURE DATA]
TOTAL FM JAN 1 581 HIGHEST SLP 30.53 ON 16
DPTR FM NORMAL 193 LOWEST SLP 29.20 ON 5
[REMARKS]
#FINAL-12-20#