000
CXUS54 KBMX 011110
CF6AUO
PRELIMINARY LOCAL CLIMATOLOGICAL DATA (WS FORM: F-6)
STATION: AUBURN AWOS
MONTH: JULY
YEAR: 2020
LATITUDE: 32 34 N
LONGITUDE: 85 30 W
TEMPERATURE IN F: :PCPN: SNOW: WIND :SUNSHINE: SKY :PK WND
================================================================================
1 2 3 4 5 6A 6B 7 8 9 10 11 12 13 14 15 16 17 18
12Z AVG MX 2MIN
DY MAX MIN AVG DEP HDD CDD WTR SNW DPTH SPD SPD DIR MIN PSBL S-S WX SPD DR
================================================================================
1 83 70 77 M 0 12 T 0.0 0 5.4 13 310 M M 3 13 17 310
2 87 70 79 M 0 14 0.06 0.0 0 5.2 12 270 M M 5 13 M M
3 92 73 83 M 0 18 T 0.0 0 4.8 9 110 M M 3 3 21 110
4 90 70 80 M 0 15 0.00 0.0 0 3.0 9 150 M M 1 8 M M
5 90 72 81 M 0 16 0.00 0.0 0 4.9 13 180 M M 2 M M
6 88 72 80 M 0 15 2.53 0.0 0 5.1 8 150 M M 8 13 M M
7 82 73 78 M 0 13 0.54 0.0 0 2.7 6 330 M M 5 13 M M
8 86 74 80 M 0 15 0.02 0.0 0 5.4 10 290 M M 5 M M
9 88 73 81 M 0 16 0.00 0.0 0 5.2 9 230 M M 5 1 M M
10 91 75 83 M 0 18 0.00 0.0 0 6.3 12 300 M M 2 M M
11 90 71 81 M 0 16 0.00 0.0 0 8.3 16 330 M M 0 23 320
12 91 69 80 M 0 15 0.15 0.0 0 5.4 10 180 M M 3 13 M M
13 89 69 79 M 0 14 0.00 0.0 0 4.2 9 330 M M 4 1 M M
14 92 74 83 M 0 18 0.00 0.0 0 2.3 7 190 M M 3 M M
15 92 71 82 M 0 17 0.07 0.0 0 2.6 8 210 M M 3 13 M M
16 90 69 80 M 0 15 0.00 0.0 0 2.3 7 160 M M 3 12 M M
17 93 73 83 M 0 18 0.00 0.0 0 4.1 8 170 M M 1 M M
18 94 74 84 M 0 19 0.00 0.0 0 3.4 7 100 M M 2 M M
19 95 75 85 M 0 20 0.00 0.0 0 3.1 7 160 M M 2 M M
20 94 72 83 M 0 18 0.25 0.0 0 3.1 8 180 M M 2 3 M M
21 93 77 85 M 0 20 0.00 0.0 0 3.6 8 210 M M 1 3 M M
22 92 73 83 M 0 18 0.00 0.0 0 4.6 14 170 M M 1 M M
23 91 71 81 M 0 16 0.04 0.0 0 6.4 15 100 M M 2 3 32 140
24 86 71 79 M 0 14 0.00 0.0 0 5.0 8 120 M M 4 M M
25 93 71 82 M 0 17 0.54 0.0 0 4.8 12 20 M M 3 13 M M
26 90 70 80 M 0 15 0.22 0.0 0 3.1 8 40 M M 1 13 M M
27 91 70 81 M 0 16 0.00 0.0 0 4.6 13 180 M M 1 M M
28 88 74 81 M 0 16 0.43 0.0 0 6.0 10 170 M M 5 13 M M
29 86 73 80 M 0 15 0.49 0.0 0 8.2 13 240 M M 10 13 18 240
30 87 74 81 M 0 16 0.41 0.0 0 7.6 14 240 M M 6 1 22 240
31 91 73 82 M 0 17 0.00 0.0 0 6.7 12 220 M M 4 1 22 220
================================================================================
SM 2785 2236 0 502 5.75 0.0 147.4 M 100
================================================================================
AV 89.8 72.1 4.8 FASTST M M 3 MAX(MPH)
MISC ----> # 16 330 # 32 140
================================================================================
NOTES:
# LAST OF SEVERAL OCCURRENCES
COLUMN 17 PEAK WIND IN M.P.H.
PRELIMINARY LOCAL CLIMATOLOGICAL DATA (WS FORM: F-6) , PAGE 2
STATION: AUBURN AWOS
MONTH: JULY
YEAR: 2020
LATITUDE: 32 34 N
LONGITUDE: 85 30 W
[TEMPERATURE DATA] [PRECIPITATION DATA] SYMBOLS USED IN COLUMN 16
AVERAGE MONTHLY: 81.0 TOTAL FOR MONTH: 5.75 1 = FOG OR MIST
DPTR FM NORMAL: M DPTR FM NORMAL: M 2 = FOG REDUCING VISIBILITY
HIGHEST: 95 ON 19 GRTST 24HR 2.53 ON 6- 6 TO 1/4 MILE OR LESS
LOWEST: 69 ON 16,13 3 = THUNDER
SNOW, ICE PELLETS, HAIL 4 = ICE PELLETS
TOTAL MONTH: 0.0 INCH 5 = HAIL
GRTST 24HR 0.0 6 = FREEZING RAIN OR DRIZZLE
GRTST DEPTH: 0 7 = DUSTSTORM OR SANDSTORM:
VSBY 1/2 MILE OR LESS
8 = SMOKE OR HAZE
[NO. OF DAYS WITH] [WEATHER - DAYS WITH] 9 = BLOWING SNOW
X = TORNADO
MAX 32 OR BELOW: 0 0.01 INCH OR MORE: 13
MAX 90 OR ABOVE: 20 0.10 INCH OR MORE: 9
MIN 32 OR BELOW: 0 0.50 INCH OR MORE: 3
MIN 0 OR BELOW: 0 1.00 INCH OR MORE: 1
[HDD (BASE 65) ]
TOTAL THIS MO. 0 CLEAR (SCALE 0-3) 19
DPTR FM NORMAL M PTCLDY (SCALE 4-7) 11
TOTAL FM JUL 1 0 CLOUDY (SCALE 8-10) 1
DPTR FM NORMAL M
[CDD (BASE 65) ]
TOTAL THIS MO. 502
DPTR FM NORMAL M [PRESSURE DATA]
TOTAL FM JAN 1 1163 HIGHEST SLP M ON M
DPTR FM NORMAL M LOWEST SLP M ON M
[REMARKS]
#FINAL-07-20#