000
CXUS53 KGRB 011616
CF6AUW
PRELIMINARY LOCAL CLIMATOLOGICAL DATA (WS FORM: F-6)
STATION: WAUSAU WI
MONTH: NOVEMBER
YEAR: 2020
LATITUDE: 44 55 N
LONGITUDE: 89 37 W
TEMPERATURE IN F: :PCPN: SNOW: WIND :SUNSHINE: SKY :PK WND
================================================================================
1 2 3 4 5 6A 6B 7 8 9 10 11 12 13 14 15 16 17 18
12Z AVG MX 2MIN
DY MAX MIN AVG DEP HDD CDD WTR SNW DPTH SPD SPD DIR MIN PSBL S-S WX SPD DR
================================================================================
1 37 23 30 -10 35 0 T T 0 16.8 33 270 M M 6 8 46 290
2 51 25 38 -1 27 0 0.00 0.0 0 5.8 16 270 M M 1 25 220
3 71 26 49 10 16 0 0.00 0.0 0 5.3 21 210 M M 0 32 180
4 72 41 57 19 8 0 0.00 0.0 0 4.7 14 220 M M 0 20 190
5 69 40 55 17 10 0 0.00 0.0 0 4.3 14 250 M M 0 19 210
6 70 38 54 16 11 0 0.00 0.0 0 6.0 15 190 M M 0 22 190
7 71 50 61 24 4 0 0.00 0.0 0 9.7 20 190 M M 0 30 190
8 69 48 59 23 6 0 0.00 0.0 0 9.1 20 160 M M 2 27 160
9 66 49 58 22 7 0 0.49 0.0 0 11.6 22 170 M M 8 1 32 160
10 49 32 41 5 24 0 1.43 T 0 10.9 28 200 M M 10 1 41 210
11 40 28 34 -1 31 0 T T 0 10.5 30 260 M M 4 43 240
12 45 27 36 2 29 0 0.01 0.2 T 6.3 17 310 M M 4 1 24 310
13 29 23 26 -8 39 0 T T 0 9.2 21 280 M M 5 26 290
14 41 21 31 -2 34 0 0.30 0.0 0 9.9 21 120 M M 5 13 33 120
15 43 27 35 2 30 0 0.23 T 0 18.9 32 270 M M 10 18 49 250
16 30 22 26 -6 39 0 0.13 1.9 2 9.5 25 260 M M 7 12 37 260
17 31 14 23 -9 42 0 0.00 0.0 0 7.0 16 280 M M 0 23 290
18 46 24 35 4 30 0 0.00 0.0 0 10.1 20 130 M M 2 30 150
19 56 33 45 14 20 0 0.00 0.0 0 5.8 16 250 M M 0 22 250
20 39 25 32 2 33 0 0.00 0.0 0 10.2 23 280 M M 6 1 31 290
21 36 18 27 -3 38 0 0.00 0.0 0 4.0 12 280 M M 0 15 280
22 35 18 27 -2 38 0 T T 0 5.3 17 270 M M 7 18 23 270
23 36 23 30 2 35 0 0.00 0.0 0 5.4 16 280 M M 3 22 280
24 34 22 28 0 37 0 T T 0 7.9 17 100 M M 9 1 23 100
25 35 32 34 6 31 0 0.00 0.0 0 5.2 12 60 M M 10 12 16 30
26 36 32 34 7 31 0 T 0.0 0 8.0 12 250 M M 10 1 22 250
27 36 25 31 5 34 0 0.00 0.0 0 8.6 20 260 M M 6 26 270
28 49 25 37 11 28 0 0.00 0.0 0 6.4 15 190 M M 0 23 220
29 40 27 34 9 31 0 T T 0 11.4 23 300 M M 5 36 310
30 29 15 22 -3 43 0 0.00 0.0 0 9.2 20 320 M M 7 30 310
================================================================================
SM 1391 853 821 0 2.59 2.1 253.0 M 127
================================================================================
AV 46.4 28.4 8.4 FASTST M M 4 MAX(MPH)
MISC ----> 33 270 49 250
================================================================================
NOTES:
# LAST OF SEVERAL OCCURRENCES
COLUMN 17 PEAK WIND IN M.P.H.
PRELIMINARY LOCAL CLIMATOLOGICAL DATA (WS FORM: F-6) , PAGE 2
STATION: WAUSAU WI
MONTH: NOVEMBER
YEAR: 2020
LATITUDE: 44 55 N
LONGITUDE: 89 37 W
[TEMPERATURE DATA] [PRECIPITATION DATA] SYMBOLS USED IN COLUMN 16
AVERAGE MONTHLY: 37.4 TOTAL FOR MONTH: 2.59 1 = FOG OR MIST
DPTR FM NORMAL: 4.9 DPTR FM NORMAL: 0.59 2 = FOG REDUCING VISIBILITY
HIGHEST: 72 ON 4 GRTST 24HR 1.89 ON 9-10 TO 1/4 MILE OR LESS
LOWEST: 14 ON 17 3 = THUNDER
SNOW, ICE PELLETS, HAIL 4 = ICE PELLETS
TOTAL MONTH: 2.1 INCHES 5 = HAIL
GRTST 24HR 1.9 ON 16-16 6 = FREEZING RAIN OR DRIZZLE
GRTST DEPTH: 2 ON 16 7 = DUSTSTORM OR SANDSTORM:
VSBY 1/2 MILE OR LESS
8 = SMOKE OR HAZE
[NO. OF DAYS WITH] [WEATHER - DAYS WITH] 9 = BLOWING SNOW
X = TORNADO
MAX 32 OR BELOW: 4 0.01 INCH OR MORE: 6
MAX 90 OR ABOVE: 0 0.10 INCH OR MORE: 5
MIN 32 OR BELOW: 23 0.50 INCH OR MORE: 1
MIN 0 OR BELOW: 0 1.00 INCH OR MORE: 1
[HDD (BASE 65) ]
TOTAL THIS MO. 821 CLEAR (SCALE 0-3) 13
DPTR FM NORMAL -154 PTCLDY (SCALE 4-7) 12
TOTAL FM JUL 1 1845 CLOUDY (SCALE 8-10) 5
DPTR FM NORMAL -17
[CDD (BASE 65) ]
TOTAL THIS MO. 0
DPTR FM NORMAL 0 [PRESSURE DATA]
TOTAL FM JAN 1 520 HIGHEST SLP 30.59 ON 21
DPTR FM NORMAL 113 LOWEST SLP 29.21 ON 15
[REMARKS]
#FINAL-11-20#