000
CXUS51 KBGM 010930
CLAAVP
CLIMATE REPORT
NATIONAL WEATHER SERVICE BINGHAMTON NY
417 AM EST WED JAN 1 2020
...................................
...THE AVOCA PA CLIMATE SUMMARY FOR THE YEAR OF 2019...
CLIMATE NORMAL PERIOD 1981 TO 2010
CLIMATE RECORD PERIOD 1901 TO 2019
WEATHER OBSERVED NORMAL DEPART LAST YEAR`S
VALUE DATE(S) VALUE FROM VALUE DATE(S)
NORMAL
................................................................
TEMPERATURE (F)
RECORD
HIGH 103 07/09/1936
LOW -21 01/21/1994
HIGHEST 94 07/20 59 35 96 07/02
LOWEST -5 02/01 40 -45 -5 01/07
01/31
AVG. MAXIMUM 60.8 58.8 2.0 59.4
AVG. MINIMUM 42.2 40.1 2.1 42.6
MEAN 51.5 49.4 2.1 51.0
DAYS MAX >= 90 12 6.3 5.7 MM
DAYS MAX <= 32 32 36.2 -4.2 MM
DAYS MIN <= 32 127 123.6 3.4 MM
DAYS MIN <= 0 5 2.9 2.1 MM
PRECIPITATION (INCHES)
RECORD
MAXIMUM 61.08 2018
MINIMUM 26.22 1963
TOTALS 49.39 38.26 11.13 61.08
DAILY AVG. 0.14 0.10 0.04 0.17
DAYS >= .01 157 139.2 17.8 MM
DAYS >= .10 100 78.0 22.0 MM
DAYS >= .50 32 23.4 8.6 MM
DAYS >= 1.00 11 7.8 3.2 MM
GREATEST
24 HR. TOTAL 2.79 7/8 TO 7/8
SNOWFALL (INCHES)
RECORDS
TOTAL 80.2 1994
24 HR TOTAL 22.1 03/14/2017 TO 03/14/2017
TOTALS 29.1 46.2 -17.1 56.9
SINCE 7/1 8.8 10.4 -1.6 12.2
DAYS >= TRACE 63 33.0 30.0 MM
DAYS >= 1.0 12 12.5 -0.5 MM
GREATEST
24 HR TOTAL 5.0 1/19 TO 1/19
DEGREE_DAYS
HEATING TOTAL 5636 6255 -619 5920
SINCE 7/1 2078 2378 -300 2213
COOLING TOTAL 846 579 267 935
SINCE 1/1 846 580 266 935
FREEZE DATES
RECORD
EARLIEST 09/21/1956
LATEST 05/25/1956
EARLIEST 10/15
LATEST 04/26
.................................................................
WIND (MPH)
AVERAGE WIND SPEED 6.1
RESULTANT WIND SPEED/DIRECTION 2/285
HIGHEST WIND SPEED/DIRECTION 38/250 DATE 04/15
HIGHEST GUST SPEED/DIRECTION 53/250 DATE 04/15
SKY COVER
POSSIBLE SUNSHINE (PERCENT) MM
AVERAGE SKY COVER 0.50
NUMBER OF DAYS FAIR 135
NUMBER OF DAYS PC 132
NUMBER OF DAYS CLOUDY 93
AVERAGE RH (PERCENT) 67
WEATHER CONDITIONS. NUMBER OF DAYS WITH
MM
- INDICATES NEGATIVE NUMBERS.
R INDICATES RECORD WAS SET OR TIED.
MM INDICATES DATA IS MISSING.
T INDICATES TRACE AMOUNT.
$$