942
CXUS53 KGRR 011010
CF6AZO
PRELIMINARY LOCAL CLIMATOLOGICAL DATA (WS FORM: F-6)
STATION: KALAMAZOO
MONTH: FEBRUARY
YEAR: 2021
LATITUDE: 42 13 N
LONGITUDE: 85 33 W
TEMPERATURE IN F: :PCPN: SNOW: WIND :SUNSHINE: SKY :PK WND
================================================================================
1 2 3 4 5 6A 6B 7 8 9 10 11 12 13 14 15 16 17 18
12Z AVG MX 2MIN
DY MAX MIN AVG DEP HDD CDD WTR SNW DPTH SPD SPD DIR MIN PSBL S-S WX SPD DR
================================================================================
1 33 15 24 -1 41 0 0.00 M M 10.4 16 340 M M 4 27 20
2 34 14 24 -1 41 0 0.00 M M 11.5 24 350 M M 0 31 360
3 38 15 27 2 38 0 0.00 M M 6.5 15 340 M M 0 19 340
4 34 23 29 4 36 0 0.13 M M 10.8 28 250 M M 4 128 40 250
5 31 14 23 -2 42 0 T M M 17.2 31 240 M M 10 189 43 260
6 18 12 15 -10 50 0 0.01 M M 11.6 20 270 M M 10 8 36 290
7 14 7 11 -14 54 0 T M M 9.9 20 310 M M 9 8 23 310
8 17 6 12 -14 53 0 0.01 M M 5.0 14 210 M M 10 18 16 210
9 20 6 13 -13 52 0 T M M 3.2 12 300 M M 9 18 17 240
10 21 4 13 -13 52 0 T M M 2.9 12 340 M M 8 18 14 350
11 21 5 13 -13 52 0 0.00 M M 6.6 13 10 M M 5 20 30
12 26 16 21 -5 44 0 T M M 4.9 10 290 M M 10 8 15 40
13 24 12 18 -8 47 0 0.01 M M 3.1 7 80 M M 9 18 10 120
14 18 11 15 -11 50 0 0.01 M M 9.5 15 320 M M 10 18 20 330
15 13 8 11 -16 54 0 0.06 M M 9.9 18 40 M M 9 8 27 40
16 18 -1 9 -18 56 0 0.01 M M 7.9 23 10 M M 7 8 32 350
17 20 -10 5 -22 60 0 0.00 M M 2.7 7 110 M M 2 128 11 90
18 23 9 16 -11 49 0 T M M 4.6 12 360 M M 9 18 15 30
19 25 8 17 -11 48 0 T M M 6.9 15 270 M M 9 128 21 270
20 26 12 19 -9 46 0 T M M 6.5 12 220 M M 6 18 17 220
21 32 2 17 -11 48 0 0.01 M M 7.8 16 150 M M 3 18 28 140
22 36 30 33 5 32 0 0.03 M M 16.1 24 270 M M 8 18 40 260
23 46 35 41 12 24 0 T M M 12.7 22 300 M M 4 35 290
24 45 27 36 7 29 0 0.00 M M 11.0 24 300 M M 3 32 300
25 40 21 31 2 34 0 0.00 M M 6.8 17 300 M M 2 128 24 260
26 41 16 29 -1 36 0 0.03 M M 7.0 17 140 M M 2 168 26 130
27 49 33 41 11 24 0 0.05 M M 7.2 13 200 M M 5 168 20 200
28 59 34 47 17 18 0 T M M 10.3 26 290 M M 7 18 38 300
================================================================================
SM 822 384 1210 0 0.36 M 230.5 M 174
================================================================================
AV 29.4 13.7 8.2 FASTST M M 6 MAX(MPH)
MISC ----> 31 240 43 260
================================================================================
NOTES:
# LAST OF SEVERAL OCCURRENCES
COLUMN 17 PEAK WIND IN M.P.H.
PRELIMINARY LOCAL CLIMATOLOGICAL DATA (WS FORM: F-6) , PAGE 2
STATION: KALAMAZOO
MONTH: FEBRUARY
YEAR: 2021
LATITUDE: 42 13 N
LONGITUDE: 85 33 W
[TEMPERATURE DATA] [PRECIPITATION DATA] SYMBOLS USED IN COLUMN 16
AVERAGE MONTHLY: 21.5 TOTAL FOR MONTH: 0.36 1 = FOG OR MIST
DPTR FM NORMAL: -5.5 DPTR FM NORMAL: -1.09 2 = FOG REDUCING VISIBILITY
HIGHEST: 59 ON 28 GRTST 24HR 0.13 ON 4- 4 TO 1/4 MILE OR LESS
LOWEST: -10 ON 17 3 = THUNDER
SNOW, ICE PELLETS, HAIL 4 = ICE PELLETS
TOTAL MONTH: M 5 = HAIL
GRTST 24HR M ON M 6 = FREEZING RAIN OR DRIZZLE
GRTST DEPTH: M ON M 7 = DUSTSTORM OR SANDSTORM:
VSBY 1/2 MILE OR LESS
8 = SMOKE OR HAZE
[NO. OF DAYS WITH] [WEATHER - DAYS WITH] 9 = BLOWING SNOW
X = TORNADO
MAX 32 OR BELOW: 17 0.01 INCH OR MORE: 11
MAX 90 OR ABOVE: 0 0.10 INCH OR MORE: 1
MIN 32 OR BELOW: 25 0.50 INCH OR MORE: 0
MIN 0 OR BELOW: 2 1.00 INCH OR MORE: 0
[HDD (BASE 65) ]
TOTAL THIS MO. 1210 CLEAR (SCALE 0-3) 7
DPTR FM NORMAL 145 PTCLDY (SCALE 4-7) 9
TOTAL FM JUL 1 4500 CLOUDY (SCALE 8-10) 12
DPTR FM NORMAL -274
[CDD (BASE 65) ]
TOTAL THIS MO. 0
DPTR FM NORMAL 0 [PRESSURE DATA]
TOTAL FM JAN 1 0 HIGHEST SLP 30.50 ON 11
DPTR FM NORMAL 0 LOWEST SLP 29.27 ON 4
[REMARKS]
#FINAL-02-21#