000
CXUS53 KGRR 010910
CF6AZO
PRELIMINARY LOCAL CLIMATOLOGICAL DATA (WS FORM: F-6)
STATION: KALAMAZOO
MONTH: AUGUST
YEAR: 2023
LATITUDE: 42 13 N
LONGITUDE: 85 33 W
TEMPERATURE IN F: :PCPN: SNOW: WIND :SUNSHINE: SKY :PK WND
================================================================================
1 2 3 4 5 6A 6B 7 8 9 10 11 12 13 14 15 16 17 18
12Z AVG MX 2MIN
DY MAX MIN AVG DEP HDD CDD WTR SNW DPTH SPD SPD DIR MIN PSBL S-S WX SPD DR
================================================================================
1 82 56 69 -3 0 4 0.00 0.0 0 1.0 9 220 M M 0 1 12 210
2 85 65 75 3 0 10 T 0.0 0 6.3 14 210 M M 4 21 180
3 87 60 74 2 0 9 0.00 0.0 0 4.2 13 310 M M 1 128 21 270
4 86 65 76 4 0 11 0.00 0.0 0 3.3 13 360 M M 1 18 350
5 82 63 73 1 0 8 0.16 0.0 0 3.2 9 100 M M 2 1 17 70
6 71 65 68 -4 0 3 0.96 0.0 0 6.0 12 20 M M 10 18 21 90
7 79 64 72 0 0 7 0.00 0.0 0 8.2 17 290 M M 7 18 23 340
8 83 63 73 1 0 8 0.00 0.0 0 4.8 14 240 M M 1 18 240
9 81 62 72 0 0 7 0.00 0.0 0 5.3 12 230 M M 1 18 16 240
10 81 62 72 0 0 7 T 0.0 0 7.2 18 280 M M 4 18 25 290
11 84 60 72 0 0 7 0.00 0.0 0 6.8 18 210 M M 3 18 23 220
12 81 65 73 2 0 8 0.25 0.0 0 7.6 23 320 M M 3 13 38 290
13 82 62 72 1 0 7 T 0.0 0 4.5 14 320 M M 4 18 320
14 79 65 72 1 0 7 0.68 0.0 0 4.5 14 70 M M 8 13 26 40
15 75 59 67 -4 0 2 0.17 0.0 0 8.2 18 350 M M 8 1 26 80
16 81 52 67 -4 0 2 0.00 0.0 0 5.8 13 190 M M 0 17 180
17 77 59 68 -3 0 3 0.54 0.0 0 11.8 24 300 M M 5 138 33 310
18 75 55 65 -6 0 0 0.00 0.0 0 7.0 20 320 M M 1 28 320
19 79 52 66 -5 0 1 0.00 0.0 0 5.8 16 190 M M 0 1 22 180
20 91 66 79 9 0 14 0.00 0.0 0 5.3 16 330 M M 1 19 330
21 86 68 77 7 0 12 0.00 0.0 0 4.5 10 30 M M 2 14 40
22 81 64 73 3 0 8 0.00 0.0 0 3.8 8 160 M M 3 14 60
23 93 66 80 10 0 15 0.00 0.0 0 9.7 17 220 M M 3 25 210
24 93 75 84 14 0 19 0.08 0.0 0 10.7 23 250 M M 4 38 37 250
25 82 69 76 6 0 11 T 0.0 0 4.2 12 320 M M 8 18 15 320
26 80 63 72 3 0 7 0.00 0.0 0 5.7 15 20 M M 6 12 24 20
27 77 55 66 -3 0 1 0.00 0.0 0 3.3 13 10 M M 0 19 30
28 80 51 66 -3 0 1 0.00 0.0 0 1.7 9 340 M M 0 1 14 330
29 80 57 69 0 0 4 0.15 0.0 0 8.7 17 310 M M 2 13 25 330
30 75 56 66 -3 0 1 0.00 0.0 0 8.1 15 360 M M 3 21 330
31 78 47 63 -5 2 0 0.00 0.0 0 2.0 8 110 M M 0 16 360
================================================================================
SM 2526 1891 2 204 2.99 0.0 179.2 M 95
================================================================================
AV 81.5 61.0 5.8 FASTST M M 3 MAX(MPH)
MISC ----> 24 300 38 290
================================================================================
NOTES:
# LAST OF SEVERAL OCCURRENCES
COLUMN 17 PEAK WIND IN M.P.H.
PRELIMINARY LOCAL CLIMATOLOGICAL DATA (WS FORM: F-6) , PAGE 2
STATION: KALAMAZOO
MONTH: AUGUST
YEAR: 2023
LATITUDE: 42 13 N
LONGITUDE: 85 33 W
[TEMPERATURE DATA] [PRECIPITATION DATA] SYMBOLS USED IN COLUMN 16
AVERAGE MONTHLY: 71.2 TOTAL FOR MONTH: 2.99 1 = FOG OR MIST
DPTR FM NORMAL: 0.4 DPTR FM NORMAL: -0.67 2 = FOG REDUCING VISIBILITY
HIGHEST: 93 ON 24,23 GRTST 24HR 1.12 ON 5- 6 TO 1/4 MILE OR LESS
LOWEST: 47 ON 31 3 = THUNDER
SNOW, ICE PELLETS, HAIL 4 = ICE PELLETS
TOTAL MONTH: 0.0 INCH 5 = HAIL
GRTST 24HR 0.0 6 = FREEZING RAIN OR DRIZZLE
GRTST DEPTH: 0 7 = DUSTSTORM OR SANDSTORM:
VSBY 1/2 MILE OR LESS
8 = SMOKE OR HAZE
[NO. OF DAYS WITH] [WEATHER - DAYS WITH] 9 = BLOWING SNOW
X = TORNADO
MAX 32 OR BELOW: 0 0.01 INCH OR MORE: 8
MAX 90 OR ABOVE: 3 0.10 INCH OR MORE: 7
MIN 32 OR BELOW: 0 0.50 INCH OR MORE: 3
MIN 0 OR BELOW: 0 1.00 INCH OR MORE: 0
[HDD (BASE 65) ]
TOTAL THIS MO. 2 CLEAR (SCALE 0-3) 18
DPTR FM NORMAL -10 PTCLDY (SCALE 4-7) 11
TOTAL FM JUL 1 2 CLOUDY (SCALE 8-10) 2
DPTR FM NORMAL -10
[CDD (BASE 65) ]
TOTAL THIS MO. 204
DPTR FM NORMAL 14 [PRESSURE DATA]
TOTAL FM JAN 1 688 HIGHEST SLP 30.28 ON 22
DPTR FM NORMAL 56 LOWEST SLP 29.67 ON 17
[REMARKS]
#FINAL-08-23#