000
CXUS54 KEWX 011010
CF6BAZ
PRELIMINARY LOCAL CLIMATOLOGICAL DATA (WS FORM: F-6)
STATION: NEW BRAUNFELS
MONTH: SEPTEMBER
YEAR: 2023
LATITUDE: 29 43 N
LONGITUDE: 98 3 W
TEMPERATURE IN F: :PCPN: SNOW: WIND :SUNSHINE: SKY :PK WND
================================================================================
1 2 3 4 5 6A 6B 7 8 9 10 11 12 13 14 15 16 17 18
12Z AVG MX 2MIN
DY MAX MIN AVG DEP HDD CDD WTR SNW DPTH SPD SPD DIR MIN PSBL S-S WX SPD DR
================================================================================
1 102 73 88 5 0 23 0.00 M M 4.9 17 130 M M 1 22 140
2 103 73 88 5 0 23 0.00 M M 4.9 15 90 M M 1 23 140
3 102 74 88 5 0 23 0.00 M M 7.5 22 170 M M 0 29 180
4 104 79 92 9 0 27 0.00 M M 10.2 25 170 M M 4 32 180
5 105 79 92 10 0 27 T M M 11.8 23 160 M M 2 30 170
6 103 78 91 9 0 26 0.00 M M 5.7 16 170 M M 2 21 170
7 104 78 91 9 0 26 0.00 M M 8.1 16 160 M M 1 23 160
8 107 77 92 10 0 27 0.00 M M 7.5 17 190 M M 0 23 200
9 103 77 90 8 0 25 0.03 M M 8.0 33 350 M M 1 3 44 350
10 103 75 89 8 0 24 0.00 M M 7.1 15 50 M M 1 24 340
11 97 75 86 5 0 21 0.00 M M 6.9 15 170 M M 1 18 20 140
12 98 76 87 6 0 22 0.00 M M 9.8 18 330 M M 1 25 340
13 95 77 86 6 0 21 0.00 M M 8.2 22 50 M M 2 28 40
14 101 72 87 7 0 22 0.02 0.0 0 7.0 28 30 M M 4 13 36 20
15 94 72 83 3 0 18 0.00 0.0 0 6.4 15 130 M M 4 18 20 130
16 93 73 83 3 0 18 0.18 M M 7.4 33 330 M M 2 138 44 330
17 96 70 83 3 0 18 0.00 M M 7.1 16 50 M M 2 24 80
18 98 70 84 5 0 19 0.00 M M 5.5 20 160 M M 3 26 170
19 99 70 85 6 0 20 0.00 0.0 0 9.1 23 160 M M 1 32 150
20 100 72 86 7 0 21 0.00 0.0 0 9.5 25 140 M M 2 31 150
21 101 75 88 9 0 23 0.00 M M 7.4 20 150 M M 3 26 160
22 101 75 88 10 0 23 0.00 M M 9.2 21 180 M M 3 27 170
23 102 81 92 14 0 27 0.00 0.0 M 11.5 23 170 M M 3 35 170
24 104 78 91 13 0 26 T M M 11.8 25 160 M M 1 35 170
25 100 77 89 11 0 24 0.01 M M 7.1 22 150 M M 3 27 220
26 100 73 87 10 0 22 T M M 5.1 13 100 M M 2 19 60
27 97 71 84 7 0 19 0.00 M M 4.3 15 20 M M 0 19 20
28 97 71 84 7 0 19 0.00 M M 5.5 16 130 M M 1 8 20 130
29 97 71 84 8 0 19 0.00 M M 8.0 24 130 M M 1 18 31 130
30 98 73 86 10 0 21 0.00 M M 8.9 21 140 M M 3 26 160
================================================================================
SM 3004 2235 0 674 0.24 0.0 231.4 M 55
================================================================================
AV100.1 74.5 7.7 FASTST M M 2 MAX(MPH)
MISC ----> # 33 350 # 44 350
================================================================================
NOTES:
# LAST OF SEVERAL OCCURRENCES
COLUMN 17 PEAK WIND IN M.P.H.
PRELIMINARY LOCAL CLIMATOLOGICAL DATA (WS FORM: F-6) , PAGE 2
STATION: NEW BRAUNFELS
MONTH: SEPTEMBER
YEAR: 2023
LATITUDE: 29 43 N
LONGITUDE: 98 3 W
[TEMPERATURE DATA] [PRECIPITATION DATA] SYMBOLS USED IN COLUMN 16
AVERAGE MONTHLY: 87.3 TOTAL FOR MONTH: 0.24 1 = FOG OR MIST
DPTR FM NORMAL: 7.4 DPTR FM NORMAL: -3.21 2 = FOG REDUCING VISIBILITY
HIGHEST: 107 ON 8 GRTST 24HR 0.18 ON 16-16 TO 1/4 MILE OR LESS
LOWEST: 70 ON 19,18 3 = THUNDER
SNOW, ICE PELLETS, HAIL 4 = ICE PELLETS
TOTAL MONTH: 0.0 INCH 5 = HAIL
GRTST 24HR 0.0 6 = FREEZING RAIN OR DRIZZLE
GRTST DEPTH: 0 7 = DUSTSTORM OR SANDSTORM:
VSBY 1/2 MILE OR LESS
8 = SMOKE OR HAZE
[NO. OF DAYS WITH] [WEATHER - DAYS WITH] 9 = BLOWING SNOW
X = TORNADO
MAX 32 OR BELOW: 0 0.01 INCH OR MORE: 4
MAX 90 OR ABOVE: 30 0.10 INCH OR MORE: 1
MIN 32 OR BELOW: 0 0.50 INCH OR MORE: 0
MIN 0 OR BELOW: 0 1.00 INCH OR MORE: 0
[HDD (BASE 65) ]
TOTAL THIS MO. 0 CLEAR (SCALE 0-3) 25
DPTR FM NORMAL -1 PTCLDY (SCALE 4-7) 5
TOTAL FM JUL 1 0 CLOUDY (SCALE 8-10) 0
DPTR FM NORMAL 0
[CDD (BASE 65) ]
TOTAL THIS MO. 674
DPTR FM NORMAL 228 [PRESSURE DATA]
TOTAL FM JAN 1 3574 HIGHEST SLP 30.05 ON 17
DPTR FM NORMAL 732 LOWEST SLP 29.70 ON 4
[REMARKS]
#FINAL-09-23#