000
CXUS51 KBOX 010810
CF6BDL
PRELIMINARY LOCAL CLIMATOLOGICAL DATA (WS FORM: F-6)
STATION: HARTFORD CT
MONTH: JULY
YEAR: 2023
LATITUDE: 41 55 N
LONGITUDE: 72 41 W
TEMPERATURE IN F: :PCPN: SNOW: WIND :SUNSHINE: SKY :PK WND
================================================================================
1 2 3 4 5 6A 6B 7 8 9 10 11 12 13 14 15 16 17 18
12Z AVG MX 2MIN
DY MAX MIN AVG DEP HDD CDD WTR SNW DPTH SPD SPD DIR MIN PSBL S-S WX SPD DR
================================================================================
1 87 62 75 2 0 10 0.00 0.0 0 6.9 16 190 M M 5 18 19 200
2 81 63 72 -1 0 7 3.30 0.0 0 4.2 15 190 M M 9 1238 18 190
3 86 71 79 6 0 14 1.45 0.0 0 6.1 15 170 M M 8 13 18 160
4 79 71 75 1 0 10 0.55 0.0 0 2.8 12 350 M M 8 13 13 350
5 91 69 80 6 0 15 0.00 0.0 0 3.2 10 10 M M 5 12 14 10
6 93 70 82 8 0 17 0.00 0.0 0 6.4 17 190 M M 2 18 22 190
7 90 71 81 7 0 16 0.00 0.0 0 8.1 16 200 M M 7 21 180
8 90 74 82 8 0 17 0.06 0.0 0 5.1 14 350 M M 7 3 20 330
9 84 73 79 5 0 14 T 0.0 0 6.7 15 150 M M 9 1 17 140
10 83 67 75 1 0 10 0.66 0.0 0 8.5 18 320 M M 7 1 24 320
11 89 67 78 4 0 13 0.00 0.0 0 6.8 15 280 M M 3 21 300
12 91 67 79 5 0 14 0.00 0.0 0 5.2 15 220 M M 4 19 250
13 90 67 79 5 0 14 0.89 0.0 0 9.1 24 300 M M 6 123 29 200
14 83 67 75 0 0 10 1.06 0.0 0 7.0 20 280 M M 8 13 24 250
15 89 74 82 7 0 17 0.01 0.0 0 7.0 17 170 M M 8 1 22 170
16 78 74 76 1 0 11 1.53 0.0 0 8.8 24 220 M M 10 13 32 220
17 88 72 80 5 0 15 0.00 0.0 0 5.9 13 180 M M 6 8 17 220
18 87 71 79 4 0 14 0.46 0.0 0 7.8 25 300 M M 8 138 30 290
19 87 67 77 2 0 12 0.00 0.0 0 3.1 13 210 M M 6 1 16 250
20 87 63 75 0 0 10 0.00 0.0 0 5.5 14 170 M M 3 17 170
21 80 66 73 -2 0 8 1.42 0.0 0 6.7 17 150 M M 7 138 22 160
22 83 62 73 -2 0 8 0.00 0.0 0 5.6 15 300 M M 4 1 18 290
23 87 60 74 -1 0 9 0.00 0.0 0 4.4 9 20 M M 2 14 360
24 87 64 76 1 0 11 0.00 0.0 0 6.1 17 210 M M 5 22 200
25 89 67 78 3 0 13 1.04 0.0 0 5.6 26 350 M M 7 13 34 350
26 89 63 76 2 0 11 0.00 0.0 0 6.3 16 240 M M 3 18 18 220
27 92 71 82 8 0 17 0.53 0.0 0 8.7 33 290 M M 8 13 44 290
28 91 70 81 7 0 16 0.00 0.0 0 5.4 13 260 M M 3 1 16 250
29 87 65 76 2 0 11 0.97 0.0 0 6.2 31 330 M M 8 13 39 330
30 79 60 70 -4 0 5 0.00 0.0 0 5.9 14 330 M M 4 23 280
31 82 57 70 -4 0 5 T 0.0 0 5.0 21 310 M M 5 25 310
================================================================================
SM 2679 2085 0 374 13.93 0.0 190.1 M 185
================================================================================
AV 86.4 67.3 6.1 FASTST M M 6 MAX(MPH)
MISC ----> 33 290 44 290
================================================================================
NOTES:
# LAST OF SEVERAL OCCURRENCES
COLUMN 17 PEAK WIND IN M.P.H.
PRELIMINARY LOCAL CLIMATOLOGICAL DATA (WS FORM: F-6) , PAGE 2
STATION: HARTFORD CT
MONTH: JULY
YEAR: 2023
LATITUDE: 41 55 N
LONGITUDE: 72 41 W
[TEMPERATURE DATA] [PRECIPITATION DATA] SYMBOLS USED IN COLUMN 16
AVERAGE MONTHLY: 76.8 TOTAL FOR MONTH: 13.93 1 = FOG OR MIST
DPTR FM NORMAL: 2.5 DPTR FM NORMAL: 9.76 2 = FOG REDUCING VISIBILITY
HIGHEST: 93 ON 6 GRTST 24HR 3.51 ON 2- 3 TO 1/4 MILE OR LESS
LOWEST: 57 ON 31 3 = THUNDER
SNOW, ICE PELLETS, HAIL 4 = ICE PELLETS
TOTAL MONTH: 0.0 INCH 5 = HAIL
GRTST 24HR 0.0 6 = FREEZING RAIN OR DRIZZLE
GRTST DEPTH: 0 7 = DUSTSTORM OR SANDSTORM:
VSBY 1/2 MILE OR LESS
8 = SMOKE OR HAZE
[NO. OF DAYS WITH] [WEATHER - DAYS WITH] 9 = BLOWING SNOW
X = TORNADO
MAX 32 OR BELOW: 0 0.01 INCH OR MORE: 14
MAX 90 OR ABOVE: 8 0.10 INCH OR MORE: 12
MIN 32 OR BELOW: 0 0.50 INCH OR MORE: 11
MIN 0 OR BELOW: 0 1.00 INCH OR MORE: 6
[HDD (BASE 65) ]
TOTAL THIS MO. 0 CLEAR (SCALE 0-3) 5
DPTR FM NORMAL -2 PTCLDY (SCALE 4-7) 21
TOTAL FM JUL 1 0 CLOUDY (SCALE 8-10) 5
DPTR FM NORMAL 0
[CDD (BASE 65) ]
TOTAL THIS MO. 374
DPTR FM NORMAL 84 [PRESSURE DATA]
TOTAL FM JAN 1 555 HIGHEST SLP 30.11 ON 26
DPTR FM NORMAL 68 LOWEST SLP 29.59 ON 29
[REMARKS]
#FINAL-07-23#