000
CXUS51 KCTP 010800
CF6BFD
PRELIMINARY LOCAL CLIMATOLOGICAL DATA (WS FORM: F-6)
STATION: BRADFORD
MONTH: OCTOBER
YEAR: 2021
LATITUDE: 41 47 N
LONGITUDE: 78 38 W
TEMPERATURE IN F: :PCPN: SNOW: WIND :SUNSHINE: SKY :PK WND
================================================================================
1 2 3 4 5 6A 6B 7 8 9 10 11 12 13 14 15 16 17 18
12Z AVG MX 2MIN
DY MAX MIN AVG DEP HDD CDD WTR SNW DPTH SPD SPD DIR MIN PSBL S-S WX SPD DR
================================================================================
1 66 42 54 0 11 0 0.00 M M 2.0 12 300 M M 5 1 15 300
2 72 39 56 3 9 0 0.00 M M 2.5 12 280 M M 0 1 15 290
3 69 56 63 10 2 0 0.26 M M 4.2 12 230 M M 10 18 16 210
4 71 57 64 12 1 0 0.25 M M 2.3 10 230 M M 9 12 13 220
5 73 54 64 12 1 0 0.00 M M 2.2 8 80 M M 9 12 11 80
6 72 53 63 11 2 0 0.00 M M 3.6 10 120 M M 7 1 15 120
7 77 58 68 17 0 3 0.00 M M 2.7 8 90 M M 7 1 12 140
8 75 61 68 17 0 3 0.00 M M 5.8 12 140 M M 8 1 18 160
9 64 58 61 10 4 0 0.12 M M 8.2 16 140 M M 10 18 26 150
10 65 58 62 12 3 0 0.00 M M 8.1 15 150 M M 10 23 150
11 71 58 65 15 0 0 0.00 M M 7.3 14 150 M M 6 20 140
12 72 59 66 16 0 1 0.00 M M 8.9 14 150 M M 9 21 150
13 72 49 61 12 4 0 0.00 M M 3.8 14 280 M M 8 12 18 270
14 77 44 61 12 4 0 0.00 M M 2.8 12 290 M M 3 12 16 300
15 73 65 69 20 0 4 0.07 M M 4.8 13 190 M M 7 18 19 170
16 68 46 57 9 8 0 1.21 M M 9.2 23 290 M M 9 13 34 290
17 53 42 48 0 17 0 0.38 M M 8.9 22 330 M M 9 1 34 290
18 55 41 48 0 17 0 0.06 M M 11.1 26 310 M M 4 1 38 280
19 65 31 48 1 17 0 0.00 M M 6.8 21 300 M M 0 27 280
20 67 41 54 7 11 0 0.00 M M 4.8 14 240 M M 2 12 23 270
21 68 51 60 13 5 0 0.64 M M 6.7 20 250 M M 5 13 27 270
22 52 41 47 1 18 0 0.06 M M 6.3 16 320 M M 10 18 20 320
23 48 40 44 -2 21 0 0.08 M M 2.8 12 290 M M 10 1 14 280
24 50 41 46 0 19 0 0.73 M M 4.0 9 110 M M 10 18 11 120
25 66 50 58 13 7 0 0.30 M M 5.3 20 230 M M 6 1 27 230
26 53 40 47 2 18 0 0.33 M M 12.7 28 320 M M 10 1 35 330
27 58 36 47 2 18 0 0.01 M M 7.0 14 340 M M 5 12 17 340
28 61 32 47 3 18 0 0.00 M M 7.9 21 140 M M 2 1 29 140
29 54 44 49 5 16 0 0.95 M M 11.2 21 110 M M 10 1 29 150
30 53 43 48 4 17 0 0.04 M M 4.3 10 120 M M 10 1 15 100
31 51 47 49 6 16 0 0.06 M M 9.2 17 270 M M 10 18 27 270
================================================================================
SM 1991 1477 284 11 5.55 M 187.4 M 220
================================================================================
AV 64.2 47.6 6.0 FASTST M M 7 MAX(MPH)
MISC ----> 28 320 38 280
================================================================================
NOTES:
# LAST OF SEVERAL OCCURRENCES
COLUMN 17 PEAK WIND IN M.P.H.
PRELIMINARY LOCAL CLIMATOLOGICAL DATA (WS FORM: F-6) , PAGE 2
STATION: BRADFORD
MONTH: OCTOBER
YEAR: 2021
LATITUDE: 41 47 N
LONGITUDE: 78 38 W
[TEMPERATURE DATA] [PRECIPITATION DATA] SYMBOLS USED IN COLUMN 16
AVERAGE MONTHLY: 55.9 TOTAL FOR MONTH: 5.55 1 = FOG OR MIST
DPTR FM NORMAL: 7.6 DPTR FM NORMAL: 1.56 2 = FOG REDUCING VISIBILITY
HIGHEST: 77 ON 14, 7 GRTST 24HR 1.21 ON 16-16 TO 1/4 MILE OR LESS
LOWEST: 31 ON 19 3 = THUNDER
SNOW, ICE PELLETS, HAIL 4 = ICE PELLETS
TOTAL MONTH: M 5 = HAIL
GRTST 24HR M ON M 6 = FREEZING RAIN OR DRIZZLE
GRTST DEPTH: M ON M 7 = DUSTSTORM OR SANDSTORM:
VSBY 1/2 MILE OR LESS
8 = SMOKE OR HAZE
[NO. OF DAYS WITH] [WEATHER - DAYS WITH] 9 = BLOWING SNOW
X = TORNADO
MAX 32 OR BELOW: 0 0.01 INCH OR MORE: 17
MAX 90 OR ABOVE: 0 0.10 INCH OR MORE: 10
MIN 32 OR BELOW: 2 0.50 INCH OR MORE: 4
MIN 0 OR BELOW: 0 1.00 INCH OR MORE: 1
[HDD (BASE 65) ]
TOTAL THIS MO. 284 CLEAR (SCALE 0-3) 4
DPTR FM NORMAL -235 PTCLDY (SCALE 4-7) 10
TOTAL FM JUL 1 500 CLOUDY (SCALE 8-10) 17
DPTR FM NORMAL -330
[CDD (BASE 65) ]
TOTAL THIS MO. 11
DPTR FM NORMAL 8 [PRESSURE DATA]
TOTAL FM JAN 1 428 HIGHEST SLP 30.37 ON 6
DPTR FM NORMAL 146 LOWEST SLP 29.53 ON 30
[REMARKS]
#FINAL-10-21#