000
CXUS51 KCTP 010819
CLMBFD
CLIMATE REPORT
NATIONAL WEATHER SERVICE STATE COLLEGE PA
419 AM EDT SAT JUL 01 2023
...................................
...THE BRADFORD CLIMATE SUMMARY FOR THE MONTH OF JUNE 2023...
CLIMATE NORMAL PERIOD 1991 TO 2020
CLIMATE RECORD PERIOD 1957 TO 2023
WEATHER OBSERVED NORMAL DEPART LAST YEAR`S
VALUE DATE(S) VALUE FROM VALUE DATE(S)
NORMAL
................................................................
TEMPERATURE (F)
RECORD
HIGH 93 06/22/2022
LOW 25 06/11/1972
HIGHEST 88 06/02 93 06/22
LOWEST 35 06/08 40 06/05
AVG. MAXIMUM 74.2 74.9 -0.7 78.0
AVG. MINIMUM 50.1 51.5 -1.4 52.8
MEAN 62.1 63.2 -1.1 65.4
DAYS MAX >= 90 0 0.0 0.0 2
DAYS MAX <= 32 0 0.0 0.0 0
DAYS MIN <= 32 0 0.2 -0.2 0
DAYS MIN <= 0 0 0.0 0.0 0
PRECIPITATION (INCHES)
RECORD
MAXIMUM 11.21 1972
MINIMUM 0.83 1963
TOTALS 3.04 4.18 -1.14 4.21
DAILY AVG. 0.10 0.14 -0.04 0.14
DAYS >= .01 13 13.6 -0.6 11
DAYS >= .10 7 8.6 -1.6 7
DAYS >= .50 3 2.8 0.2 4
DAYS >= 1.00 1 0.9 0.1 0
GREATEST
24 HR. TOTAL 1.16 06/13 TO 06/14 0.91 06/01 TO 06/01
DEGREE DAYS
HEATING TOTAL 116 109 7 74
SINCE 7/1 6231 7223 -992 MM
COOLING TOTAL 37 55 -18 96
SINCE 1/1 54 75 -21 MM
................................................................
WIND (MPH)
AVERAGE WIND SPEED 5.3
HIGHEST WIND SPEED/DIRECTION 23/310 DATE 06/06
23/320 06/07
HIGHEST GUST SPEED/DIRECTION 35/320 DATE 06/06
SKY COVER
POSSIBLE SUNSHINE (PERCENT) MM
AVERAGE SKY COVER 0.51
NUMBER OF DAYS FAIR 14
NUMBER OF DAYS PC 4
NUMBER OF DAYS CLOUDY 12
AVERAGE RH (PERCENT) 67
WEATHER CONDITIONS. NUMBER OF DAYS WITH
THUNDERSTORM 3 MIXED PRECIP 0
HEAVY RAIN 4 RAIN 5
LIGHT RAIN 16 FREEZING RAIN 0
LT FREEZING RAIN 0 HAIL 0
HEAVY SNOW 0 SLEET 0
FOG 26 FOG W/VIS <= 1/4 MILE 10
HAZE 17
- INDICATES NEGATIVE NUMBERS.
R INDICATES RECORD WAS SET OR TIED.
MM INDICATES DATA IS MISSING.
T INDICATES TRACE AMOUNT.
$$