000
CXUS51 KCTP 010823
CLMBFD
CLIMATE REPORT
NATIONAL WEATHER SERVICE STATE COLLEGE PA
323 AM EST MON JAN 01 2024
...................................
...THE BRADFORD CLIMATE SUMMARY FOR THE MONTH OF DECEMBER 2023...
CLIMATE NORMAL PERIOD 1991 TO 2020
CLIMATE RECORD PERIOD 1957 TO 2023
WEATHER OBSERVED NORMAL DEPART LAST YEAR`S
VALUE DATE(S) VALUE FROM VALUE DATE(S)
NORMAL
................................................................
TEMPERATURE (F)
RECORD
HIGH 75 12/01/2010
LOW -20 12/12/1988
12/25/1980
HIGHEST 57 12/09 58 12/30
LOWEST 15 12/14 -6 12/23
12/24
AVG. MAXIMUM 43.6 35.1 8.5 35.8
AVG. MINIMUM 32.3 21.8 10.5 23.3
MEAN 37.9 28.5 9.4 29.5
DAYS MAX >= 90 0 0.0 0.0 0
DAYS MAX <= 32 2 13.9 -11.9 10
DAYS MIN <= 32 16 27.1 -11.1 25
DAYS MIN <= 0 0 1.5 -1.5 2
PRECIPITATION (INCHES)
RECORD
MAXIMUM 7.28 1992
MINIMUM 1.21 1999
TOTALS 2.65 3.17 -0.52 2.06
DAILY AVG. 0.09 0.10 -0.01 0.07
DAYS >= .01 17 16.6 0.4 11
DAYS >= .10 8 8.3 -0.3 6
DAYS >= .50 2 1.7 0.3 0
DAYS >= 1.00 0 0.5 -0.5 0
GREATEST
24 HR. TOTAL 0.73 12/26 TO 12/27 0.58 12/22 TO 12/23
DEGREE DAYS
HEATING TOTAL 804 1133 -329 1091
SINCE 7/1 2167 2779 -612 MM
COOLING TOTAL 0 0 0 0
SINCE 1/1 355 282 73 MM
................................................................
WIND (MPH)
AVERAGE WIND SPEED 6.7
HIGHEST WIND SPEED/DIRECTION 28/310 DATE 12/19
HIGHEST GUST SPEED/DIRECTION 40/310 DATE 12/19
SKY COVER
POSSIBLE SUNSHINE (PERCENT) MM
AVERAGE SKY COVER 0.75
NUMBER OF DAYS FAIR 4
NUMBER OF DAYS PC 6
NUMBER OF DAYS CLOUDY 20
AVERAGE RH (PERCENT) 74
WEATHER CONDITIONS. NUMBER OF DAYS WITH
THUNDERSTORM 1 MIXED PRECIP 0
HEAVY RAIN 2 RAIN 6
LIGHT RAIN 13 FREEZING RAIN 0
LT FREEZING RAIN 2 HAIL 0
HEAVY SNOW 0 SLEET 0
FOG 20 FOG W/VIS <= 1/4 MILE 1
HAZE 15
- INDICATES NEGATIVE NUMBERS.
R INDICATES RECORD WAS SET OR TIED.
MM INDICATES DATA IS MISSING.
T INDICATES TRACE AMOUNT.
$$