000
CXUS51 KCAR 010600
CF6BGR
PRELIMINARY LOCAL CLIMATOLOGICAL DATA (WS FORM: F-6)
STATION: BANGOR ME
MONTH: MAY
YEAR: 2020
LATITUDE: 44 47 N
LONGITUDE: 68 49 W
TEMPERATURE IN F: :PCPN: SNOW: WIND :SUNSHINE: SKY :PK WND
================================================================================
1 2 3 4 5 6A 6B 7 8 9 10 11 12 13 14 15 16 17 18
12Z AVG MX 2MIN
DY MAX MIN AVG DEP HDD CDD WTR SNW DPTH SPD SPD DIR MIN PSBL S-S WX SPD DR
================================================================================
1 54 43 49 0 16 0 0.54 0.0 0 9.0 18 150 M M 10 1 27 170
2 62 41 52 3 13 0 0.02 0.0 0 15.0 28 320 M M 6 36 350
3 66 36 51 2 14 0 T 0.0 0 7.4 21 160 M M 7 29 170
4 64 44 54 4 11 0 T 0.0 0 9.7 25 330 M M 9 1 32 330
5 56 34 45 -5 20 0 T 0.0 0 13.1 28 360 M M 6 35 350
6 60 28 44 -6 21 0 0.00 0.0 0 5.2 17 180 M M 5 21 190
7 59 42 51 0 14 0 0.00 0.0 0 5.4 17 20 M M 6 22 360
8 55 36 46 -5 19 0 0.01 0.0 0 9.4 21 250 M M 7 30 280
9 42 33 38 -14 27 0 0.48 1.0 1 16.2 30 310 M M 10 12 41 300
10 48 34 41 -11 24 0 0.00 0.0 T 11.3 23 260 M M 8 37 240
11 64 40 52 0 13 0 0.22 0.0 0 8.9 24 180 M M 7 18 31 170
12 50 37 44 -8 21 0 0.10 0.0 0 13.5 30 320 M M 7 18 38 320
13 55 35 45 -8 20 0 0.00 0.0 0 11.9 28 330 M M 3 8 36 300
14 66 38 52 -1 13 0 0.00 0.0 0 10.1 26 330 M M 2 32 330
15 60 39 50 -4 15 0 0.76 0.0 0 7.3 16 140 M M 10 1 20 170
16 58 45 52 -2 13 0 0.09 0.0 0 9.1 20 10 M M 7 1 25 350
17 70 37 54 0 11 0 T 0.0 0 6.3 18 180 M M 6 23 160
18 70 40 55 1 10 0 0.00 0.0 0 5.3 14 20 M M 4 18 30
19 69 40 55 0 10 0 0.00 0.0 0 8.9 17 20 M M 3 31 20
20 71 37 54 -1 11 0 0.00 0.0 0 6.3 18 170 M M 1 23 170
21 81 46 64 9 1 0 0.00 0.0 0 7.9 17 170 M M 4 23 170
22 88 44 66 10 0 1 0.00 0.0 0 8.2 24 330 M M 3 30 330
23 67 39 53 -3 12 0 0.00 0.0 0 9.2 20 20 M M 2 25 30
24 64 34 49 -7 16 0 0.00 0.0 0 8.3 18 200 M M 3 23 190
25 65 40 53 -4 12 0 0.00 0.0 0 10.1 22 180 M M 8 1 27 180
26 77 52 65 8 0 0 0.00 0.0 0 10.3 20 170 M M 7 1 26 180
27 85 55 70 13 0 5 0.00 0.0 0 8.8 20 180 M M 5 128 25 180
28 81 59 70 12 0 5 0.00 0.0 0 10.2 18 180 M M 6 23 170
29 81 64 73 15 0 8 0.00 0.0 0 13.2 20 200 M M 5 27 200
30 80 51 66 8 0 1 T 0.0 0 9.6 20 300 M M 7 28 260
31 62 39 51 -8 14 0 T 0.0 0 12.4 26 330 M M 5 35 320
================================================================================
SM 2030 1282 371 20 2.22 1.0 297.5 M 179
================================================================================
AV 65.5 41.4 9.6 FASTST M M 6 MAX(MPH)
MISC ----> # 30 310 # 41 300
================================================================================
NOTES:
# LAST OF SEVERAL OCCURRENCES
COLUMN 17 PEAK WIND IN M.P.H.
PRELIMINARY LOCAL CLIMATOLOGICAL DATA (WS FORM: F-6) , PAGE 2
STATION: BANGOR ME
MONTH: MAY
YEAR: 2020
LATITUDE: 44 47 N
LONGITUDE: 68 49 W
[TEMPERATURE DATA] [PRECIPITATION DATA] SYMBOLS USED IN COLUMN 16
AVERAGE MONTHLY: 53.4 TOTAL FOR MONTH: 2.22 1 = FOG OR MIST
DPTR FM NORMAL: -0.3 DPTR FM NORMAL: -1.42 2 = FOG REDUCING VISIBILITY
HIGHEST: 88 ON 22 GRTST 24HR 0.76 ON 15-15 TO 1/4 MILE OR LESS
LOWEST: 28 ON 6 3 = THUNDER
SNOW, ICE PELLETS, HAIL 4 = ICE PELLETS
TOTAL MONTH: 1.0 INCH 5 = HAIL
GRTST 24HR 1.0 ON 9- 9 6 = FREEZING RAIN OR DRIZZLE
GRTST DEPTH: 1 ON 9 7 = DUSTSTORM OR SANDSTORM:
VSBY 1/2 MILE OR LESS
8 = SMOKE OR HAZE
[NO. OF DAYS WITH] [WEATHER - DAYS WITH] 9 = BLOWING SNOW
X = TORNADO
MAX 32 OR BELOW: 0 0.01 INCH OR MORE: 8
MAX 90 OR ABOVE: 0 0.10 INCH OR MORE: 5
MIN 32 OR BELOW: 1 0.50 INCH OR MORE: 2
MIN 0 OR BELOW: 0 1.00 INCH OR MORE: 0
[HDD (BASE 65) ]
TOTAL THIS MO. 371 CLEAR (SCALE 0-3) 7
DPTR FM NORMAL 16 PTCLDY (SCALE 4-7) 20
TOTAL FM JUL 1 7326 CLOUDY (SCALE 8-10) 4
DPTR FM NORMAL -427
[CDD (BASE 65) ]
TOTAL THIS MO. 20
DPTR FM NORMAL 14 [PRESSURE DATA]
TOTAL FM JAN 1 20 HIGHEST SLP 30.48 ON 19
DPTR FM NORMAL 14 LOWEST SLP 29.25 ON 9
[REMARKS]
#FINAL-05-20#