000
CXUS54 KBMX 011010
CF6BHM
PRELIMINARY LOCAL CLIMATOLOGICAL DATA (WS FORM: F-6)
STATION: BIRMINGHAM
MONTH: JULY
YEAR: 2023
LATITUDE: 33 34 N
LONGITUDE: 86 45 W
TEMPERATURE IN F: :PCPN: SNOW: WIND :SUNSHINE: SKY :PK WND
================================================================================
1 2 3 4 5 6A 6B 7 8 9 10 11 12 13 14 15 16 17 18
12Z AVG MX 2MIN
DY MAX MIN AVG DEP HDD CDD WTR SNW DPTH SPD SPD DIR MIN PSBL S-S WX SPD DR
================================================================================
1 98 75 87 6 0 22 0.01 0.0 M 5.8 22 350 M M 6 38 30 30
2 97 75 86 5 0 21 0.05 0.0 0 6.3 23 250 M M 7 3 38 250
3 92 72 82 1 0 17 0.94 0.0 0 4.8 26 360 M M 8 138 35 20
4 92 71 82 1 0 17 0.09 0.0 0 1.6 16 320 M M 9 138 19 310
5 93 75 84 3 0 19 0.00 0.0 0 3.8 21 350 M M 6 18 26 340
6 94 75 85 4 0 20 0.01 0.0 0 5.3 28 300 M M 5 3 39 320
7 92 73 83 2 0 18 T 0.0 0 4.0 28 340 M M 8 138 34 340
8 88 71 80 -1 0 15 0.19 0.0 0 5.6 32 270 M M 7 13 42 270
9 89 72 81 0 0 16 0.60 0.0 0 5.6 22 240 M M 8 138 26 240
10 87 70 79 -2 0 14 1.15 0.0 0 5.5 13 320 M M 6 1 18 350
11 90 69 80 -2 0 15 0.00 0.0 0 2.8 12 300 M M 4 17 280
12 93 73 83 1 0 18 0.06 0.0 M 5.4 16 210 M M 5 38 23 210
13 85 73 79 -3 0 14 T 0.0 0 5.4 13 190 M M 6 18 270
14 94 75 85 3 0 20 0.01 0.0 0 4.1 24 290 M M 8 138 34 290
15 91 73 82 0 0 17 T 0.0 0 7.3 21 260 M M 6 28 260
16 92 76 84 2 0 19 0.00 0.0 0 4.3 13 350 M M 5 138 17 330
17 91 71 81 -1 0 16 0.00 0.0 0 3.3 16 360 M M 4 18 20 350
18 95 72 84 2 0 19 0.04 0.0 0 5.2 31 360 M M 4 138 40 10
19 90 71 81 -1 0 16 T 0.0 0 5.2 22 350 M M 6 3 27 20
20 96 78 87 5 0 22 0.00 0.0 M 8.1 17 240 M M 4 24 290
21 93 73 83 1 0 18 0.44 0.0 0 6.1 25 20 M M 7 138 37 30
22 87 71 79 -3 0 14 0.51 0.0 0 4.3 13 310 M M 7 13 17 350
23 89 70 80 -2 0 15 0.00 0.0 0 3.4 13 350 M M 3 19 330
24 91 68 80 -2 0 15 0.00 0.0 0 2.7 13 350 M M 1 17 10
25 94 69 82 0 0 17 0.00 0.0 0 2.5 12 300 M M 1 15 290
26 97 72 85 3 0 20 0.00 0.0 0 2.9 10 270 M M 1 14 250
27 97 74 86 4 0 21 0.00 0.0 0 1.9 14 240 M M 3 3 19 220
28 95 75 85 3 0 20 0.73 0.0 0 2.5 24 120 M M 6 3 38 100
29 95 76 86 4 0 21 0.00 0.0 0 3.7 14 240 M M 6 3 18 360
30 90 72 81 -1 0 16 1.02 0.0 0 3.1 31 30 M M 5 13 43 30
31 92 73 83 1 0 18 0.00 0.0 0 3.8 13 350 M M 5 12 17 360
================================================================================
SM 2859 2253 0 550 5.85 0.0 136.3 M 167
================================================================================
AV 92.2 72.7 4.4 FASTST M M 5 MAX(MPH)
MISC ----> 32 270 43 30
================================================================================
NOTES:
# LAST OF SEVERAL OCCURRENCES
COLUMN 17 PEAK WIND IN M.P.H.
PRELIMINARY LOCAL CLIMATOLOGICAL DATA (WS FORM: F-6) , PAGE 2
STATION: BIRMINGHAM
MONTH: JULY
YEAR: 2023
LATITUDE: 33 34 N
LONGITUDE: 86 45 W
[TEMPERATURE DATA] [PRECIPITATION DATA] SYMBOLS USED IN COLUMN 16
AVERAGE MONTHLY: 82.5 TOTAL FOR MONTH: 5.85 1 = FOG OR MIST
DPTR FM NORMAL: 1.0 DPTR FM NORMAL: 0.43 2 = FOG REDUCING VISIBILITY
HIGHEST: 98 ON 1 GRTST 24HR 1.75 ON 9-10 TO 1/4 MILE OR LESS
LOWEST: 68 ON 24 3 = THUNDER
SNOW, ICE PELLETS, HAIL 4 = ICE PELLETS
TOTAL MONTH: 0.0 INCH 5 = HAIL
GRTST 24HR 0.0 6 = FREEZING RAIN OR DRIZZLE
GRTST DEPTH: 0 7 = DUSTSTORM OR SANDSTORM:
VSBY 1/2 MILE OR LESS
8 = SMOKE OR HAZE
[NO. OF DAYS WITH] [WEATHER - DAYS WITH] 9 = BLOWING SNOW
X = TORNADO
MAX 32 OR BELOW: 0 0.01 INCH OR MORE: 15
MAX 90 OR ABOVE: 25 0.10 INCH OR MORE: 8
MIN 32 OR BELOW: 0 0.50 INCH OR MORE: 6
MIN 0 OR BELOW: 0 1.00 INCH OR MORE: 2
[HDD (BASE 65) ]
TOTAL THIS MO. 0 CLEAR (SCALE 0-3) 4
DPTR FM NORMAL 0 PTCLDY (SCALE 4-7) 23
TOTAL FM JUL 1 0 CLOUDY (SCALE 8-10) 4
DPTR FM NORMAL 0
[CDD (BASE 65) ]
TOTAL THIS MO. 550
DPTR FM NORMAL 37 [PRESSURE DATA]
TOTAL FM JAN 1 1306 HIGHEST SLP 30.20 ON 25
DPTR FM NORMAL 68 LOWEST SLP 29.85 ON 9
[REMARKS]
#FINAL-07-23#