234
CXUS54 KBMX 011110
CF6BHM
PRELIMINARY LOCAL CLIMATOLOGICAL DATA (WS FORM: F-6)
STATION: BIRMINGHAM
MONTH: OCTOBER
YEAR: 2020
LATITUDE: 33 34 N
LONGITUDE: 86 45 W
TEMPERATURE IN F: :PCPN: SNOW: WIND :SUNSHINE: SKY :PK WND
================================================================================
1 2 3 4 5 6A 6B 7 8 9 10 11 12 13 14 15 16 17 18
12Z AVG MX 2MIN
DY MAX MIN AVG DEP HDD CDD WTR SNW DPTH SPD SPD DIR MIN PSBL S-S WX SPD DR
================================================================================
1 80 52 66 -3 0 1 0.00 0.0 M 5.8 18 310 M M 1 24 310
2 71 46 59 -10 6 0 0.00 0.0 M 4.5 16 290 M M 0 21 310
3 75 44 60 -8 5 0 0.00 0.0 M 1.7 9 130 M M 0 13 70
4 78 50 64 -4 1 0 0.00 0.0 M 2.1 12 340 M M 3 14 330
5 80 52 66 -2 0 1 0.00 0.0 M 2.1 9 70 M M 1 13 20
6 84 55 70 3 0 5 0.00 0.0 M 1.9 9 110 M M 1 12 140
7 86 57 72 5 0 7 0.00 0.0 M 2.0 9 360 M M 2 12 290
8 84 58 71 4 0 6 0.00 0.0 M 2.3 8 80 M M 6 11 70
9 76 66 71 5 0 6 0.13 0.0 M 8.2 20 100 M M 9 1 30 110
10 78 67 73 7 0 8 2.00 0.0 M 10.1 25 230 M M 10 1 35 240
11 75 69 72 6 0 7 0.10 0.0 M 7.6 16 270 M M 10 18 20 280
12 83 70 77 12 0 12 T 0.0 M 5.0 13 250 M M 8 1 17 190
13 80 51 66 1 0 1 0.00 0.0 M 5.8 17 350 M M 2 22 10
14 83 49 66 1 0 1 0.00 0.0 0 4.5 12 190 M M 0 15 100
15 81 59 70 6 0 5 0.00 0.0 0 5.0 16 350 M M 2 21 360
16 70 43 57 -7 8 0 T 0.0 M 7.8 23 10 M M 4 29 360
17 70 40 55 -9 10 0 0.00 0.0 0 4.1 14 50 M M 0 19 90
18 78 53 66 3 0 1 0.00 0.0 0 4.8 14 140 M M 0 21 120
19 82 61 72 9 0 7 0.00 0.0 0 4.0 13 200 M M 3 17 140
20 82 62 72 9 0 7 0.00 0.0 M 4.4 10 150 M M 1 14 110
21 84 61 73 11 0 8 0.00 0.0 0 5.7 12 90 M M 2 14 70
22 84 64 74 12 0 9 0.00 0.0 0 6.1 14 130 M M 2 18 140
23 85 67 76 14 0 11 0.00 0.0 M 4.3 12 120 M M 4 15 150
24 71 60 66 4 0 1 1.13 0.0 M 3.9 13 350 M M 9 13 19 340
25 74 60 67 6 0 2 0.00 0.0 0 2.9 8 280 M M 10 1 10 300
26 78 63 71 10 0 6 0.00 0.0 M 3.0 8 180 M M 8 1 11 180
27 77 61 69 8 0 4 T 0.0 0 4.8 12 110 M M 9 18 15 110
28 78 71 75 15 0 10 1.10 0.0 M 8.2 29 80 M M 10 13 44 60
29 75 49 62 2 3 0 1.06 0.0 0 16.6 33 210 M M 8 18 45 210
30 61 43 52 -8 13 0 0.00 0.0 0 9.0 18 340 M M 5 23 10
31 72 43 58 -1 7 0 0.00 0.0 0 6.4 15 100 M M 3 19 110
================================================================================
SM 2415 1746 53 126 5.52 0.0 164.6 M 133
================================================================================
AV 77.9 56.3 5.3 FASTST M M 4 MAX(MPH)
MISC ----> 33 210 45 210
================================================================================
NOTES:
# LAST OF SEVERAL OCCURRENCES
COLUMN 17 PEAK WIND IN M.P.H.
PRELIMINARY LOCAL CLIMATOLOGICAL DATA (WS FORM: F-6) , PAGE 2
STATION: BIRMINGHAM
MONTH: OCTOBER
YEAR: 2020
LATITUDE: 33 34 N
LONGITUDE: 86 45 W
[TEMPERATURE DATA] [PRECIPITATION DATA] SYMBOLS USED IN COLUMN 16
AVERAGE MONTHLY: 67.1 TOTAL FOR MONTH: 5.52 1 = FOG OR MIST
DPTR FM NORMAL: 3.0 DPTR FM NORMAL: 2.08 2 = FOG REDUCING VISIBILITY
HIGHEST: 86 ON 7 GRTST 24HR 2.04 ON 9-10 TO 1/4 MILE OR LESS
LOWEST: 40 ON 17 3 = THUNDER
SNOW, ICE PELLETS, HAIL 4 = ICE PELLETS
TOTAL MONTH: 0.0 INCH 5 = HAIL
GRTST 24HR 0.0 6 = FREEZING RAIN OR DRIZZLE
GRTST DEPTH: 0 7 = DUSTSTORM OR SANDSTORM:
VSBY 1/2 MILE OR LESS
8 = SMOKE OR HAZE
[NO. OF DAYS WITH] [WEATHER - DAYS WITH] 9 = BLOWING SNOW
X = TORNADO
MAX 32 OR BELOW: 0 0.01 INCH OR MORE: 6
MAX 90 OR ABOVE: 0 0.10 INCH OR MORE: 6
MIN 32 OR BELOW: 0 0.50 INCH OR MORE: 4
MIN 0 OR BELOW: 0 1.00 INCH OR MORE: 4
[HDD (BASE 65) ]
TOTAL THIS MO. 53 CLEAR (SCALE 0-3) 15
DPTR FM NORMAL -65 PTCLDY (SCALE 4-7) 8
TOTAL FM JUL 1 57 CLOUDY (SCALE 8-10) 8
DPTR FM NORMAL -70
[CDD (BASE 65) ]
TOTAL THIS MO. 126
DPTR FM NORMAL 36 [PRESSURE DATA]
TOTAL FM JAN 1 2195 HIGHEST SLP 30.36 ON 17
DPTR FM NORMAL 155 LOWEST SLP 29.23 ON 29
[REMARKS]
#FINAL-10-20#