000
CXUS55 KVEF 060459
CF6BIH
PRELIMINARY LOCAL CLIMATOLOGICAL DATA (WS FORM: F-6)
STATION: BISHOP CA
MONTH: NOVEMBER
YEAR: 2022
LATITUDE: 37 22 N
LONGITUDE: 118 22 W
TEMPERATURE IN F: :PCPN: SNOW: WIND :SUNSHINE: SKY :PK WND
================================================================================
1 2 3 4 5 6A 6B 7 8 9 10 11 12 13 14 15 16 17 18
12Z AVG MX 2MIN
DY MAX MIN AVG DEP HDD CDD WTR SNW DPTH SPD SPD DIR MIN PSBL S-S WX SPD DR
================================================================================
1 70 31 51 0 14 0 0.01 0.0 0 10.2 39 190 M M 3 49 180
2 58 36 47 -4 18 0 0.00 0.0 0 11.4 24 360 M M 2 32 350
3 50 29 40 -10 25 0 0.00 0.0 0 15.0 26 360 M M 3 33 360
4 66 27 47 -3 18 0 0.00 0.0 0 6.2 16 160 M M 0 21 150
5 74 27 51 1 14 0 0.00 0.0 0 4.8 13 170 M M 1 15 150
6 66 30 48 -1 17 0 0.00 0.0 0 5.4 16 160 M M 3 20 150
7 70 35 53 4 12 0 0.00 0.0 0 11.5 28 140 M M 0 36 130
8 49 29 39 -9 26 0 0.45 T 0 10.7 35 160 M M 7 1 43 150
9 51 29 40 -8 25 0 T 0.0 0 5.2 14 330 M M 2 20 10
10 52 25 39 -9 26 0 0.00 0.0 0 7.1 13 320 M M 0 19 330
11 51 21 36 -11 29 0 0.00 0.0 0 3.3 9 300 M M 0 11 290
12 52 20 36 -11 29 0 0.00 0.0 0 4.8 15 320 M M 0 20 300
13 50 29 40 -6 25 0 0.00 0.0 0 15.4 26 10 M M 3 35 10
14 56 23 40 -6 25 0 0.00 0.0 0 5.2 12 300 M M 0 14 310
15 54 26 40 -6 25 0 0.00 0.0 0 9.7 18 350 M M 0 23 350
16 59 23 41 -4 24 0 0.00 0.0 0 7.4 15 320 M M 0 21 320
17 60 18 39 -6 26 0 0.00 0.0 0 4.9 10 290 M M 0 11 150
18 57 22 40 -4 25 0 0.00 0.0 0 14.6 26 360 M M 1 34 360
19 55 21 38 -6 27 0 0.00 0.0 0 7.3 16 340 M M 0 19 340
20 59 16 38 -6 27 0 0.00 0.0 0 4.8 10 330 M M 0 12 300
21 59 14 37 -6 28 0 0.00 0.0 0 5.0 10 320 M M 0 12 330
22 62 17 40 -3 25 0 0.00 0.0 0 4.8 12 310 M M 0 12 320
23 68 26 47 4 18 0 0.00 0.0 0 11.2 20 360 M M 0 24 350
24 67 27 47 5 18 0 0.00 0.0 0 7.7 15 320 M M 0 28 330
25 63 19 41 -1 24 0 0.00 0.0 0 4.3 13 290 M M 0 14 290
26 67 24 46 4 19 0 0.00 0.0 0 10.2 25 340 M M 2 31 340
27 56 19 38 -3 27 0 0.00 0.0 0 4.6 10 280 M M 0 12 270
28 63 19 41 0 24 0 0.00 0.0 0 10.0 31 350 M M 0 40 350
29 56 22 39 -2 26 0 0.00 0.0 0 5.9 22 330 M M 0 27 330
30 52 15 34 -6 31 0 0.00 0.0 0 5.9 16 140 M M 0 21 140
================================================================================
SM 1772 719 697 0 0.46 T 234.5 M 27
================================================================================
AV 59.1 24.0 7.8 FASTST M M 1 MAX(MPH)
MISC ----> 39 190 49 180
================================================================================
NOTES:
# LAST OF SEVERAL OCCURRENCES
COLUMN 17 PEAK WIND IN M.P.H.
PRELIMINARY LOCAL CLIMATOLOGICAL DATA (WS FORM: F-6) , PAGE 2
STATION: BISHOP CA
MONTH: NOVEMBER
YEAR: 2022
LATITUDE: 37 22 N
LONGITUDE: 118 22 W
[TEMPERATURE DATA] [PRECIPITATION DATA] SYMBOLS USED IN COLUMN 16
AVERAGE MONTHLY: 41.5 TOTAL FOR MONTH: 0.46 1 = FOG OR MIST
DPTR FM NORMAL: -4.1 DPTR FM NORMAL: 0.15 2 = FOG REDUCING VISIBILITY
HIGHEST: 74 ON 5 GRTST 24HR 0.45 ON 8- 8 TO 1/4 MILE OR LESS
LOWEST: 14 ON 21 3 = THUNDER
SNOW, ICE PELLETS, HAIL 4 = ICE PELLETS
TOTAL MONTH: T 5 = HAIL
GRTST 24HR T ON 8- 8 6 = FREEZING RAIN OR DRIZZLE
GRTST DEPTH: 0 7 = DUSTSTORM OR SANDSTORM:
VSBY 1/2 MILE OR LESS
8 = SMOKE OR HAZE
[NO. OF DAYS WITH] [WEATHER - DAYS WITH] 9 = BLOWING SNOW
X = TORNADO
MAX 32 OR BELOW: 0 0.01 INCH OR MORE: 2
MAX 90 OR ABOVE: 0 0.10 INCH OR MORE: 1
MIN 32 OR BELOW: 28 0.50 INCH OR MORE: 0
MIN 0 OR BELOW: 0 1.00 INCH OR MORE: 0
[HDD (BASE 65) ]
TOTAL THIS MO. 697 CLEAR (SCALE 0-3) 29
DPTR FM NORMAL 115 PTCLDY (SCALE 4-7) 1
TOTAL FM JUL 1 894 CLOUDY (SCALE 8-10) 0
DPTR FM NORMAL 38
[CDD (BASE 65) ]
TOTAL THIS MO. 0
DPTR FM NORMAL 0 [PRESSURE DATA]
TOTAL FM JAN 1 1515 HIGHEST SLP 30.59 ON 16
DPTR FM NORMAL 304 LOWEST SLP 29.43 ON 8
[REMARKS]
#FINAL-11-22#