000
CXUS53 KGRR 011754
CF6BIV
PRELIMINARY LOCAL CLIMATOLOGICAL DATA (WS FORM: F-6)
STATION: HOLLAND
MONTH: DECEMBER
YEAR: 2022
LATITUDE: 42 49 N
LONGITUDE: 86 10 W
TEMPERATURE IN F: :PCPN: SNOW: WIND :SUNSHINE: SKY :PK WND
================================================================================
1 2 3 4 5 6A 6B 7 8 9 10 11 12 13 14 15 16 17 18
12Z AVG MX 2MIN
DY MAX MIN AVG DEP HDD CDD WTR SNW DPTH SPD SPD DIR MIN PSBL S-S WX SPD DR
================================================================================
1 36 28 32 -4 33 0 0.00 M M 10.4 23 280 M M 7 32 290
2 53 34 44 9 21 0 0.01 M M 14.8 33 210 M M 10 1 52 210
3 49 28 39 4 26 0 0.10 M M 16.1 31 310 M M 8 51 300
4 39 25 32 -3 33 0 0.00 M M 14.6 28 250 M M 1 35 260
5 44 29 37 3 28 0 0.00 M M 9.1 23 240 M M 4 33 240
6 45 38 42 8 23 0 T M M 4.7 13 120 M M 10 18 120
7 45 32 39 5 26 0 0.00 M M 4.6 12 320 M M 7 18 17 330
8 38 30 34 0 31 0 0.00 M M 5.8 10 20 M M 9 16 20
9 34 29 32 -1 33 0 0.11 M M 10.8 22 100 M M 7 12 30 110
10 34 32 33 0 32 0 0.02 M M 7.1 15 110 M M 10 1 19 80
11 41 33 37 4 28 0 T M M 1.9 7 10 M M 10 1 10 20
12 36 34 35 3 30 0 0.00 M M 6.3 13 120 M M 10 19 100
13 37 32 35 3 30 0 0.00 M M 13.0 22 100 M M 6 30 90
14 44 32 38 6 27 0 0.02 M M 18.6 29 100 M M 8 40 100
15 41 33 37 5 28 0 0.60 M M 12.3 28 100 M M 10 1 44 100
16 34 28 31 0 34 0 0.16 M M 14.1 24 250 M M 10 1 33 250
17 30 28 29 -2 36 0 0.24 M M 15.2 24 240 M M 10 1 31 230
18 30 24 27 -4 38 0 0.03 M M 13.6 21 260 M M 10 18 28 260
19 29 24 27 -4 38 0 0.00 M M 5.8 13 310 M M 10 18 290
20 34 24 29 -1 36 0 0.00 M M 7.1 13 310 M M 10 19 320
21 27 19 23 -7 42 0 0.00 M M 6.9 13 100 M M 7 18 17 320
22 35 14 25 -5 40 0 0.14 M M 8.6 21 300 M M 10 18 32 300
23 14 6 10 -20 55 0 0.05 M M 21.6 32 260 M M 10 12 47 280
24 18 11 15 -15 50 0 0.05 M M 18.8 28 280 M M 10 1 46 270
25 21 17 19 -10 46 0 T M M 13.3 21 300 M M 10 32 260
26 24 17 21 -8 44 0 T M M 5.9 14 280 M M 10 20 280
27 26 21 24 -5 41 0 T M M 11.7 18 180 M M 6 26 190
28 43 26 35 6 30 0 0.00 M M 10.2 17 190 M M 0 24 180
29 M 43 M M M M 0.00 M M 15.1 26 210 M M 6 38 200
30 M 41 M M M M T M M 10.4 24 200 M M 9 35 190
31 M 32 M M M M 0.00 M M 3.7 10 270 M M 10 14 290
================================================================================
SM 981 844 959 0 1.53 M 332.1 M 255
================================================================================
AV 35.0 27.2 10.7 FASTST M M 8 MAX(MPH)
MISC ----> 33 210 52 210
================================================================================
NOTES:
# LAST OF SEVERAL OCCURRENCES
COLUMN 17 PEAK WIND IN M.P.H.
PRELIMINARY LOCAL CLIMATOLOGICAL DATA (WS FORM: F-6) , PAGE 2
STATION: HOLLAND
MONTH: DECEMBER
YEAR: 2022
LATITUDE: 42 49 N
LONGITUDE: 86 10 W
[TEMPERATURE DATA] [PRECIPITATION DATA] SYMBOLS USED IN COLUMN 16
AVERAGE MONTHLY: 31.1 TOTAL FOR MONTH: 1.53 1 = FOG OR MIST
DPTR FM NORMAL: -0.4 DPTR FM NORMAL: -0.58 2 = FOG REDUCING VISIBILITY
HIGHEST: 53 ON 2 GRTST 24HR 0.60 ON 15-15 TO 1/4 MILE OR LESS
LOWEST: 6 ON 23 3 = THUNDER
SNOW, ICE PELLETS, HAIL 4 = ICE PELLETS
TOTAL MONTH: M 5 = HAIL
GRTST 24HR M ON M 6 = FREEZING RAIN OR DRIZZLE
GRTST DEPTH: M ON M 7 = DUSTSTORM OR SANDSTORM:
VSBY 1/2 MILE OR LESS
8 = SMOKE OR HAZE
[NO. OF DAYS WITH] [WEATHER - DAYS WITH] 9 = BLOWING SNOW
X = TORNADO
MAX 32 OR BELOW: 9 0.01 INCH OR MORE: 12
MAX 90 OR ABOVE: 0 0.10 INCH OR MORE: 6
MIN 32 OR BELOW: 24 0.50 INCH OR MORE: 1
MIN 0 OR BELOW: 0 1.00 INCH OR MORE: 0
[HDD (BASE 65) ]
TOTAL THIS MO. 959 CLEAR (SCALE 0-3) 2
DPTR FM NORMAL -78 PTCLDY (SCALE 4-7) 10
TOTAL FM JUL 1 2142 CLOUDY (SCALE 8-10) 19
DPTR FM NORMAL -194
[CDD (BASE 65) ]
TOTAL THIS MO. 0
DPTR FM NORMAL 0 [PRESSURE DATA]
TOTAL FM JAN 1 740 HIGHEST SLP 30.51 ON 21
DPTR FM NORMAL 109 LOWEST SLP 29.43 ON 15
[REMARKS]
#FINAL-12-22#