000
CXUS56 KBOI 011002
CF6BKE
PRELIMINARY LOCAL CLIMATOLOGICAL DATA (WS FORM: F-6)
STATION: BAKER OR
MONTH: FEBRUARY
YEAR: 2022
LATITUDE: 44 50 N
LONGITUDE: 117 49 W
TEMPERATURE IN F: :PCPN: SNOW: WIND :SUNSHINE: SKY :PK WND
================================================================================
1 2 3 4 5 6A 6B 7 8 9 10 11 12 13 14 15 16 17 18
12Z AVG MX 2MIN
DY MAX MIN AVG DEP HDD CDD WTR SNW DPTH SPD SPD DIR MIN PSBL S-S WX SPD DR
================================================================================
1 31 3 17 -14 48 0 T M M 2.8 16 350 M M 6 18 24 340
2 28 11 20 -11 45 0 T M M 4.4 16 360 M M 9 1 22 350
3 28 7 18 -13 47 0 T M M 1.2 7 260 M M 8 128 9 260
4 27 3 15 -16 50 0 0.00 M M 1.8 12 150 M M 4 128 15 160
5 24 1 13 -18 52 0 0.00 M M 2.5 8 50 M M 4 128 10 20
6 30 3 17 -15 48 0 0.00 M M 1.5 9 220 M M 3 128 10 230
7 34 5 20 -12 45 0 0.00 M M 3.6 12 260 M M 4 128 14 50
8 28 2 15 -17 50 0 0.00 M M 3.2 12 270 M M 3 128 13 270
9 41 11 26 -6 39 0 0.00 M M 2.1 9 260 M M 3 18 11 280
10 40 16 28 -4 37 0 0.00 M M 2.5 9 250 M M 4 12 11 250
11 45 16 31 -1 34 0 0.00 M M 3.1 9 320 M M 2 12 14 330
12 38 11 25 -8 40 0 0.00 M M 1.8 8 20 M M 0 10 20
13 40 10 25 -8 40 0 0.00 M M 1.5 7 290 M M 0 1 9 290
14 37 22 30 -3 35 0 T M M 6.0 21 350 M M 6 1 25 350
15 38 23 31 -3 34 0 0.00 M M 10.2 20 350 M M 7 24 350
16 39 20 30 -4 35 0 T M M 6.9 18 340 M M 7 1 25 350
17 37 16 27 -7 38 0 0.00 M M 1.6 8 190 M M 1 11 250
18 39 16 28 -6 37 0 0.00 M M 2.1 7 320 M M 0 1 10 300
19 39 17 28 -6 37 0 0.00 M M 2.9 9 340 M M 2 12 12 350
20 39 22 31 -4 34 0 T M M 7.1 33 310 M M 7 1 47 300
21 32 19 26 -9 39 0 T M M 3.6 13 320 M M 6 1 16 320
22 24 12 18 -17 47 0 T M M 16.2 25 320 M M 5 35 320
23 22 8 15 -21 50 0 0.00 M M 12.3 22 340 M M 1 31 330
24 27 9 18 -18 47 0 T M M 6.9 24 350 M M 6 1 33 350
25 25 -1 12 -24 53 0 0.00 M M 2.6 7 310 M M 0 10 280
26 33 4 19 -17 46 0 0.00 M M 11.5 26 110 M M 0 35 110
27 35 22 29 -8 36 0 T M M 16.9 24 110 M M 9 1 33 110
28 41 31 36 -1 29 0 0.01 M M 14.5 30 110 M M 7 6 38 110
================================================================================
SM 941 339 1172 0 0.01 M 153.3 M 114
================================================================================
AV 33.6 12.1 5.5 FASTST M M 4 MAX(MPH)
MISC ----> 33 310 47 300
================================================================================
NOTES:
# LAST OF SEVERAL OCCURRENCES
COLUMN 17 PEAK WIND IN M.P.H.
PRELIMINARY LOCAL CLIMATOLOGICAL DATA (WS FORM: F-6) , PAGE 2
STATION: BAKER OR
MONTH: FEBRUARY
YEAR: 2022
LATITUDE: 44 50 N
LONGITUDE: 117 49 W
[TEMPERATURE DATA] [PRECIPITATION DATA] SYMBOLS USED IN COLUMN 16
AVERAGE MONTHLY: 22.9 TOTAL FOR MONTH: 0.01 1 = FOG OR MIST
DPTR FM NORMAL: -10.6 DPTR FM NORMAL: -0.58 2 = FOG REDUCING VISIBILITY
HIGHEST: 45 ON 11 GRTST 24HR 0.01 ON 28-28 TO 1/4 MILE OR LESS
LOWEST: -1 ON 25 3 = THUNDER
SNOW, ICE PELLETS, HAIL 4 = ICE PELLETS
TOTAL MONTH: M 5 = HAIL
GRTST 24HR M ON M 6 = FREEZING RAIN OR DRIZZLE
GRTST DEPTH: M ON M 7 = DUSTSTORM OR SANDSTORM:
VSBY 1/2 MILE OR LESS
8 = SMOKE OR HAZE
[NO. OF DAYS WITH] [WEATHER - DAYS WITH] 9 = BLOWING SNOW
X = TORNADO
MAX 32 OR BELOW: 12 0.01 INCH OR MORE: 1
MAX 90 OR ABOVE: 0 0.10 INCH OR MORE: 0
MIN 32 OR BELOW: 28 0.50 INCH OR MORE: 0
MIN 0 OR BELOW: 1 1.00 INCH OR MORE: 0
[HDD (BASE 65) ]
TOTAL THIS MO. 1172 CLEAR (SCALE 0-3) 12
DPTR FM NORMAL 291 PTCLDY (SCALE 4-7) 13
TOTAL FM JUL 1 5419 CLOUDY (SCALE 8-10) 3
DPTR FM NORMAL 591
[CDD (BASE 65) ]
TOTAL THIS MO. 0
DPTR FM NORMAL 0 [PRESSURE DATA]
TOTAL FM JAN 1 0 HIGHEST SLP 30.76 ON 8
DPTR FM NORMAL 0 LOWEST SLP 29.78 ON 21
[REMARKS]
#FINAL-02-22#