000
CXUS56 KBOI 011002
CF6BKE
PRELIMINARY LOCAL CLIMATOLOGICAL DATA (WS FORM: F-6)
STATION: BAKER OR
MONTH: APRIL
YEAR: 2021
LATITUDE: 44 50 N
LONGITUDE: 117 49 W
TEMPERATURE IN F: :PCPN: SNOW: WIND :SUNSHINE: SKY :PK WND
================================================================================
1 2 3 4 5 6A 6B 7 8 9 10 11 12 13 14 15 16 17 18
12Z AVG MX 2MIN
DY MAX MIN AVG DEP HDD CDD WTR SNW DPTH SPD SPD DIR MIN PSBL S-S WX SPD DR
================================================================================
1 71 33 52 11 13 0 0.00 M M 10.8 26 130 M M 0 8 34 140
2 75 34 55 14 10 0 0.00 M M 6.1 22 190 M M 0 29 190
3 66 34 50 9 15 0 0.00 M M 2.0 8 280 M M 0 10 260
4 65 26 46 5 19 0 0.00 M M 9.9 28 340 M M 1 128 37 340
5 49 23 36 -6 29 0 0.00 M M 17.2 33 340 M M 4 45 320
6 61 15 38 -4 27 0 0.00 M M 4.1 13 60 M M 0 17 60
7 69 17 43 1 22 0 0.00 M M 8.0 28 350 M M 0 37 350
8 48 20 34 -8 31 0 T M M 13.1 36 330 M M 4 47 320
9 59 12 36 -6 29 0 0.00 M M 6.7 23 90 M M 0 34 110
10 51 23 37 -5 28 0 T M M 15.3 35 340 M M 7 44 360
11 48 18 33 -9 32 0 0.00 M M 12.4 23 350 M M 1 31 350
12 52 16 34 -9 31 0 0.00 M M 6.6 13 320 M M 0 18 300
13 55 28 42 -1 23 0 0.00 M M 16.3 32 320 M M 3 44 320
14 54 26 40 -3 25 0 0.00 M M 13.5 25 330 M M 2 35 330
15 63 19 41 -2 24 0 0.00 M M 6.6 25 320 M M 1 34 320
16 65 21 43 0 22 0 0.00 M M 6.8 20 320 M M 0 26 310
17 69 20 45 1 20 0 0.00 M M 2.9 12 260 M M 0 14 260
18 75 24 50 6 15 0 0.00 M M 2.9 21 340 M M 0 26 340
19 58 36 47 3 18 0 0.00 M M 18.3 32 330 M M 0 45 320
20 61 22 42 -2 23 0 0.00 M M 5.1 18 320 M M 0 24 320
21 66 20 43 -1 22 0 0.00 M M 8.1 23 340 M M 0 28 340
22 66 26 46 1 19 0 0.00 M M 8.6 26 340 M M 2 35 340
23 67 28 48 3 17 0 0.00 M M 4.3 13 340 M M 2 16 340
24 56 39 48 3 17 0 0.19 M M 6.8 18 270 M M 8 1 25 270
25 51 35 43 -2 22 0 0.25 M M 4.6 16 110 M M 8 1 20 90
26 54 36 45 -1 20 0 0.13 M M 10.0 26 350 M M 7 37 350
27 63 33 48 2 17 0 0.00 M M 6.3 16 340 M M 0 22 330
28 70 29 50 4 15 0 0.00 M M 2.8 10 260 M M 0 14 350
29 81 37 59 13 6 0 0.00 M M 5.9 20 160 M M 0 25 120
30 77 40 59 12 6 0 0.00 M M 8.1 21 340 M M 0 25 340
================================================================================
SM 1865 790 617 0 0.57 M 250.1 M 50
================================================================================
AV 62.2 26.3 8.3 FASTST M M 2 MAX(MPH)
MISC ----> 36 330 47 320
================================================================================
NOTES:
# LAST OF SEVERAL OCCURRENCES
COLUMN 17 PEAK WIND IN M.P.H.
PRELIMINARY LOCAL CLIMATOLOGICAL DATA (WS FORM: F-6) , PAGE 2
STATION: BAKER OR
MONTH: APRIL
YEAR: 2021
LATITUDE: 44 50 N
LONGITUDE: 117 49 W
[TEMPERATURE DATA] [PRECIPITATION DATA] SYMBOLS USED IN COLUMN 16
AVERAGE MONTHLY: 44.3 TOTAL FOR MONTH: 0.57 1 = FOG OR MIST
DPTR FM NORMAL: 0.8 DPTR FM NORMAL: -0.28 2 = FOG REDUCING VISIBILITY
HIGHEST: 81 ON 29 GRTST 24HR 0.43 ON 24-25 TO 1/4 MILE OR LESS
LOWEST: 12 ON 9 3 = THUNDER
SNOW, ICE PELLETS, HAIL 4 = ICE PELLETS
TOTAL MONTH: M 5 = HAIL
GRTST 24HR M ON M 6 = FREEZING RAIN OR DRIZZLE
GRTST DEPTH: M ON M 7 = DUSTSTORM OR SANDSTORM:
VSBY 1/2 MILE OR LESS
8 = SMOKE OR HAZE
[NO. OF DAYS WITH] [WEATHER - DAYS WITH] 9 = BLOWING SNOW
X = TORNADO
MAX 32 OR BELOW: 0 0.01 INCH OR MORE: 3
MAX 90 OR ABOVE: 0 0.10 INCH OR MORE: 3
MIN 32 OR BELOW: 20 0.50 INCH OR MORE: 0
MIN 0 OR BELOW: 0 1.00 INCH OR MORE: 0
[HDD (BASE 65) ]
TOTAL THIS MO. 617 CLEAR (SCALE 0-3) 23
DPTR FM NORMAL -28 PTCLDY (SCALE 4-7) 5
TOTAL FM JUL 1 5901 CLOUDY (SCALE 8-10) 2
DPTR FM NORMAL -1113
[CDD (BASE 65) ]
TOTAL THIS MO. 0
DPTR FM NORMAL 0 [PRESSURE DATA]
TOTAL FM JAN 1 0 HIGHEST SLP 30.33 ON 29
DPTR FM NORMAL 0 LOWEST SLP 29.68 ON 25
[REMARKS]
#FINAL-04-21#