000
CXUS56 KBOI 011002
CF6BKE
PRELIMINARY LOCAL CLIMATOLOGICAL DATA (WS FORM: F-6)
STATION: BAKER OR
MONTH: SEPTEMBER
YEAR: 2023
LATITUDE: 44 50 N
LONGITUDE: 117 49 W
TEMPERATURE IN F: :PCPN: SNOW: WIND :SUNSHINE: SKY :PK WND
================================================================================
1 2 3 4 5 6A 6B 7 8 9 10 11 12 13 14 15 16 17 18
12Z AVG MX 2MIN
DY MAX MIN AVG DEP HDD CDD WTR SNW DPTH SPD SPD DIR MIN PSBL S-S WX SPD DR
================================================================================
1 75 53 64 0 1 0 0.01 M M 3.8 16 350 M M 5 3 22 350
2 81 51 66 2 0 1 0.00 M M 4.3 17 80 M M 2 25 270
3 73 56 65 2 0 0 0.11 M M 3.0 18 330 M M 5 13 24 330
4 68 46 57 -6 8 0 0.00 M M 4.0 10 320 M M 7 16 340
5 76 39 58 -5 7 0 0.00 M M 4.3 15 100 M M 2 12 20 90
6 80 44 62 0 3 0 0.00 M M 5.5 17 350 M M 3 26 350
7 81 47 64 2 1 0 0.00 M M 4.8 15 330 M M 3 21 330
8 82 43 63 1 2 0 0.00 M M 3.6 9 270 M M 1 11 280
9 84 43 64 3 1 0 0.00 M M 2.1 13 120 M M 1 20 120
10 86 42 64 3 1 0 0.00 M M 2.7 9 280 M M 1 14 90
11 86 41 64 3 1 0 0.00 M M 4.8 18 340 M M 0 28 100
12 79 48 64 4 1 0 0.00 M M 7.6 21 360 M M 0 29 360
13 76 42 59 -1 6 0 0.00 M M 8.7 21 360 M M 0 29 360
14 79 35 57 -3 8 0 0.00 M M 4.3 12 300 M M 0 17 310
15 85 36 61 2 4 0 0.00 M M 3.4 13 100 M M 0 17 120
16 85 36 61 2 4 0 0.00 M M 4.3 15 90 M M 0 20 120
17 87 37 62 3 3 0 0.00 M M 3.9 18 350 M M 0 26 350
18 75 41 58 0 7 0 0.00 M M 6.1 17 350 M M 0 23 350
19 68 34 51 -7 14 0 0.00 M M 4.5 12 330 M M 0 15 330
20 58 27 43 -15 22 0 T M M 10.0 28 340 M M 3 36 350
21 61 38 50 -7 15 0 0.03 M M 7.4 18 340 M M 5 24 350
22 66 30 48 -9 17 0 0.00 M M 2.5 10 320 M M 0 18 14 330
23 73 29 51 -5 14 0 0.00 M M 7.9 23 130 M M 0 31 130
24 70 44 57 1 8 0 T M M 4.4 16 240 M M 6 21 230
25 78 42 60 4 5 0 T M M 9.0 29 350 M M 1 1 36 350
26 68 35 52 -3 13 0 T M M 5.4 17 230 M M 6 8 25 250
27 66 33 50 -5 15 0 T M M 5.8 20 10 M M 3 24 20
28 64 25 45 -9 20 0 0.00 M M 2.9 13 320 M M 2 1 17 330
29 63 43 53 -1 12 0 0.01 M M 6.9 20 340 M M 7 27 340
30 48 45 47 -7 18 0 0.01 M M 14.0 23 300 M M 9 32 300
================================================================================
SM 2221 1205 231 1 0.17 M 161.9 M 72
================================================================================
AV 74.0 40.2 5.4 FASTST M M 2 MAX(MPH)
MISC ----> 29 350 # 36 350
================================================================================
NOTES:
# LAST OF SEVERAL OCCURRENCES
COLUMN 17 PEAK WIND IN M.P.H.
PRELIMINARY LOCAL CLIMATOLOGICAL DATA (WS FORM: F-6) , PAGE 2
STATION: BAKER OR
MONTH: SEPTEMBER
YEAR: 2023
LATITUDE: 44 50 N
LONGITUDE: 117 49 W
[TEMPERATURE DATA] [PRECIPITATION DATA] SYMBOLS USED IN COLUMN 16
AVERAGE MONTHLY: 57.1 TOTAL FOR MONTH: 0.17 1 = FOG OR MIST
DPTR FM NORMAL: -2.0 DPTR FM NORMAL: -0.27 2 = FOG REDUCING VISIBILITY
HIGHEST: 87 ON 17 GRTST 24HR 0.11 ON 3- 3 TO 1/4 MILE OR LESS
LOWEST: 25 ON 28 3 = THUNDER
SNOW, ICE PELLETS, HAIL 4 = ICE PELLETS
TOTAL MONTH: M 5 = HAIL
GRTST 24HR M ON M 6 = FREEZING RAIN OR DRIZZLE
GRTST DEPTH: M ON M 7 = DUSTSTORM OR SANDSTORM:
VSBY 1/2 MILE OR LESS
8 = SMOKE OR HAZE
[NO. OF DAYS WITH] [WEATHER - DAYS WITH] 9 = BLOWING SNOW
X = TORNADO
MAX 32 OR BELOW: 0 0.01 INCH OR MORE: 5
MAX 90 OR ABOVE: 0 0.10 INCH OR MORE: 1
MIN 32 OR BELOW: 4 0.50 INCH OR MORE: 0
MIN 0 OR BELOW: 0 1.00 INCH OR MORE: 0
[HDD (BASE 65) ]
TOTAL THIS MO. 231 CLEAR (SCALE 0-3) 22
DPTR FM NORMAL 28 PTCLDY (SCALE 4-7) 7
TOTAL FM JUL 1 259 CLOUDY (SCALE 8-10) 1
DPTR FM NORMAL -15
[CDD (BASE 65) ]
TOTAL THIS MO. 1
DPTR FM NORMAL -24 [PRESSURE DATA]
TOTAL FM JAN 1 264 HIGHEST SLP 30.21 ON 14
DPTR FM NORMAL -61 LOWEST SLP 29.69 ON 1
[REMARKS]
#FINAL-09-23#