000
CXUS55 KSEW 011520 CCA
CF6BLI
PRELIMINARY LOCAL CLIMATOLOGICAL DATA (WS FORM: F-6)
STATION: BELLINGHAM WA AIRPORT
MONTH: JANUARY
YEAR: 2023
LATITUDE: 48 47 N
LONGITUDE: 122 32 W
TEMPERATURE IN F: :PCPN: SNOW: WIND :SUNSHINE: SKY :PK WND
================================================================================
1 2 3 4 5 6A 6B 7 8 9 10 11 12 13 14 15 16 17 18
12Z AVG MX 2MIN
DY MAX MIN AVG DEP HDD CDD WTR SNW DPTH SPD SPD DIR MIN PSBL S-S WX SPD DR
================================================================================
1 47 31 39 0 26 0 T M M 2.3 8 200 M M 8 12 13 200
2 44 27 36 -3 29 0 0.00 M M 1.2 10 60 M M 1 1 11 60
3 42 30 36 -3 29 0 0.03 M M 5.8 13 140 M M 8 1 17 140
4 47 34 41 2 24 0 T M M 10.9 21 50 M M 5 32 40
5 61 46 54 14 11 0 T M M 14.9 33 150 M M 8 55 160
6 55 48 52 12 13 0 T M M 10.2 23 170 M M 9 36 170
7 51 42 47 7 18 0 0.22 M M 6.2 20 150 M M 9 1 25 140
8 50 41 46 6 19 0 0.12 M M 9.8 28 160 M M 7 1 43 190
9 56 40 48 8 17 0 0.06 M M 13.0 30 150 M M 5 1 41 160
10 53 32 43 3 22 0 0.01 M M 6.5 17 20 M M 4 24 30
11 57 30 44 4 21 0 0.01 M M 5.5 14 30 M M 7 22 120
12 60 44 52 12 13 0 0.16 M M 8.7 20 160 M M 10 32 150
13 60 48 54 14 11 0 0.09 M M 9.3 30 160 M M 10 1 43 170
14 54 45 50 10 15 0 T M M 8.5 20 160 M M 6 29 160
15 51 39 45 5 20 0 0.04 M M 6.8 18 140 M M 9 27 140
16 50 43 47 7 18 0 T M M 11.1 24 160 M M 8 37 150
17 49 45 47 7 18 0 0.02 M M 12.8 26 160 M M 10 39 170
18 50 37 44 4 21 0 0.08 M M 11.5 29 150 M M 9 13 43 150
19 45 32 39 -1 26 0 0.00 M M 2.6 12 180 M M 5 1 17 170
20 48 29 39 -1 26 0 0.00 M M 0.7 6 70 M M 3 1 9 170
21 43 28 36 -4 29 0 0.19 M M 4.7 25 170 M M 7 1 40 170
22 42 32 37 -4 28 0 0.10 M M 2.7 9 180 M M 9 1 15 190
23 44 35 40 -1 25 0 T M M 1.0 8 150 M M 10 1 10 160
24 45 39 42 1 23 0 0.07 M M 4.7 15 180 M M 10 1 23 180
25 47 42 45 4 20 0 0.03 M M 1.1 5 340 M M 10 12 8 240
26 46 42 44 3 21 0 0.10 M M 6.8 18 180 M M 10 1 30 190
27 45 42 44 3 21 0 0.10 M M 2.8 15 180 M M 10 1 26 190
28 47 33 40 -1 25 0 0.00 M M 14.0 33 40 M M 5 12 52 30
29 38 23 31 -10 34 0 0.00 M M 12.0 28 40 M M 0 40 50
30 37 19 28 -13 37 0 0.00 M M 1.2 6 20 M M 1 8 20
31 34 30 32 -9 33 0 0.03 M M 3.6 9 30 M M 10 1 13 30
================================================================================
SM 1498 1128 693 0 1.46 M 212.9 M 223
================================================================================
AV 48.3 36.4 6.9 FASTST M M 7 MAX(MPH)
MISC ----> # 33 150 55 160
================================================================================
NOTES:
# LAST OF SEVERAL OCCURRENCES
COLUMN 17 PEAK WIND IN M.P.H.
PRELIMINARY LOCAL CLIMATOLOGICAL DATA (WS FORM: F-6) , PAGE 2
STATION: BELLINGHAM WA AIRPORT
MONTH: JANUARY
YEAR: 2023
LATITUDE: 48 47 N
LONGITUDE: 122 32 W
[TEMPERATURE DATA] [PRECIPITATION DATA] SYMBOLS USED IN COLUMN 16
AVERAGE MONTHLY: 42.4 TOTAL FOR MONTH: 1.46 1 = FOG OR MIST
DPTR FM NORMAL: 2.2 DPTR FM NORMAL: -3.03 2 = FOG REDUCING VISIBILITY
HIGHEST: 61 ON 5 GRTST 24HR 0.26 ON 21-22 TO 1/4 MILE OR LESS
LOWEST: 19 ON 30 3 = THUNDER
SNOW, ICE PELLETS, HAIL 4 = ICE PELLETS
TOTAL MONTH: M 5 = HAIL
GRTST 24HR M ON M 6 = FREEZING RAIN OR DRIZZLE
GRTST DEPTH: M ON M 7 = DUSTSTORM OR SANDSTORM:
VSBY 1/2 MILE OR LESS
8 = SMOKE OR HAZE
[NO. OF DAYS WITH] [WEATHER - DAYS WITH] 9 = BLOWING SNOW
X = TORNADO
MAX 32 OR BELOW: 0 0.01 INCH OR MORE: 18
MAX 90 OR ABOVE: 0 0.10 INCH OR MORE: 7
MIN 32 OR BELOW: 12 0.50 INCH OR MORE: 0
MIN 0 OR BELOW: 0 1.00 INCH OR MORE: 0
[HDD (BASE 65) ]
TOTAL THIS MO. 693 CLEAR (SCALE 0-3) 4
DPTR FM NORMAL -77 PTCLDY (SCALE 4-7) 13
TOTAL FM JUL 1 2884 CLOUDY (SCALE 8-10) 14
DPTR FM NORMAL -36
[CDD (BASE 65) ]
TOTAL THIS MO. 0
DPTR FM NORMAL 0 [PRESSURE DATA]
TOTAL FM JAN 1 0 HIGHEST SLP 30.77 ON 25
DPTR FM NORMAL 0 LOWEST SLP 29.29 ON 15
[REMARKS]
#FINAL-01-23#