000
CXUS55 KSEW 010930
CF6BLI
PRELIMINARY LOCAL CLIMATOLOGICAL DATA (WS FORM: F-6)
STATION: BELLINGHAM WA AIRPORT
MONTH: AUGUST
YEAR: 2022
LATITUDE: 48 47 N
LONGITUDE: 122 32 W
TEMPERATURE IN F: :PCPN: SNOW: WIND :SUNSHINE: SKY :PK WND
================================================================================
1 2 3 4 5 6A 6B 7 8 9 10 11 12 13 14 15 16 17 18
12Z AVG MX 2MIN
DY MAX MIN AVG DEP HDD CDD WTR SNW DPTH SPD SPD DIR MIN PSBL S-S WX SPD DR
================================================================================
1 76 58 67 2 0 2 0.00 M M 8.5 15 180 M M 1 26 190
2 72 59 66 1 0 1 0.00 M M 8.1 16 180 M M 2 24 200
3 68 57 63 -2 2 0 0.15 M M 9.4 17 180 M M 3 1 28 210
4 69 54 62 -3 3 0 0.12 M M 8.3 14 190 M M 7 1 26 170
5 75 49 62 -3 3 0 0.00 M M 4.0 14 300 M M 1 1 21 320
6 80 51 66 1 0 1 0.00 M M 2.8 12 270 M M 0 1 17 320
7 83 53 68 3 0 3 0.00 M M 2.8 10 280 M M 0 1 15 260
8 83 60 72 7 0 7 0.00 M M 3.0 8 300 M M 0 14 260
9 75 59 67 2 0 2 0.00 M M 5.8 12 180 M M 0 20 200
10 70 58 64 -1 1 0 T M M 7.4 16 180 M M 4 3 27 180
11 78 56 67 2 0 2 0.00 M M 3.3 9 300 M M 3 16 280
12 75 54 65 1 0 0 0.00 M M 6.8 13 190 M M 1 1 23 190
13 75 58 67 3 0 2 0.00 M M 5.8 13 180 M M 6 21 180
14 78 52 65 1 0 0 0.00 M M 2.5 8 300 M M 1 18 14 200
15 79 54 67 3 0 2 0.00 M M 4.9 12 180 M M 0 17 190
16 81 58 70 6 0 5 0.00 M M 5.0 13 190 M M 0 22 190
17 84 55 70 6 0 5 0.00 M M 2.9 10 280 M M 0 1 15 300
18 86 61 74 10 0 9 0.00 M M 1.9 10 280 M M 0 15 300
19 80 64 72 8 0 7 0.00 M M 5.6 16 180 M M 0 27 180
20 74 62 68 4 0 3 0.00 M M 7.7 13 190 M M 2 23 160
21 76 62 69 5 0 4 0.00 M M 6.4 13 180 M M 5 19 180
22 78 57 68 5 0 3 0.00 M M 4.7 12 180 M M 0 1 18 180
23 76 57 67 4 0 2 0.00 M M 5.3 10 180 M M 2 1 17 190
24 83 56 70 7 0 5 0.00 M M 2.8 8 200 M M 0 1 13 280
25 80 62 71 8 0 6 0.00 M M 6.8 13 190 M M 0 21 200
26 69 59 64 1 1 0 0.00 M M 10.9 17 180 M M 6 30 190
27 68 58 63 0 2 0 0.00 M M 8.7 17 160 M M 7 23 190
28 76 57 67 5 0 2 0.00 M M 4.8 12 180 M M 3 18 200
29 83 51 67 5 0 2 0.00 M M 2.2 9 280 M M 0 1 15 290
30 84 55 70 8 0 5 0.00 M M 2.8 12 290 M M 0 1 17 290
31 79 58 69 7 0 4 0.01 M M 5.4 15 180 M M 0 1 25 170
================================================================================
SM 2393 1764 12 84 0.28 M 167.3 M 54
================================================================================
AV 77.2 56.9 5.4 FASTST M M 2 MAX(MPH)
MISC ----> # 17 180 30 190
================================================================================
NOTES:
# LAST OF SEVERAL OCCURRENCES
COLUMN 17 PEAK WIND IN M.P.H.
PRELIMINARY LOCAL CLIMATOLOGICAL DATA (WS FORM: F-6) , PAGE 2
STATION: BELLINGHAM WA AIRPORT
MONTH: AUGUST
YEAR: 2022
LATITUDE: 48 47 N
LONGITUDE: 122 32 W
[TEMPERATURE DATA] [PRECIPITATION DATA] SYMBOLS USED IN COLUMN 16
AVERAGE MONTHLY: 67.0 TOTAL FOR MONTH: 0.28 1 = FOG OR MIST
DPTR FM NORMAL: 3.1 DPTR FM NORMAL: -0.85 2 = FOG REDUCING VISIBILITY
HIGHEST: 86 ON 18 GRTST 24HR 0.27 ON 3- 4 TO 1/4 MILE OR LESS
LOWEST: 49 ON 5 3 = THUNDER
SNOW, ICE PELLETS, HAIL 4 = ICE PELLETS
TOTAL MONTH: M 5 = HAIL
GRTST 24HR M ON M 6 = FREEZING RAIN OR DRIZZLE
GRTST DEPTH: M ON M 7 = DUSTSTORM OR SANDSTORM:
VSBY 1/2 MILE OR LESS
8 = SMOKE OR HAZE
[NO. OF DAYS WITH] [WEATHER - DAYS WITH] 9 = BLOWING SNOW
X = TORNADO
MAX 32 OR BELOW: 0 0.01 INCH OR MORE: 3
MAX 90 OR ABOVE: 0 0.10 INCH OR MORE: 2
MIN 32 OR BELOW: 0 0.50 INCH OR MORE: 0
MIN 0 OR BELOW: 0 1.00 INCH OR MORE: 0
[HDD (BASE 65) ]
TOTAL THIS MO. 12 CLEAR (SCALE 0-3) 23
DPTR FM NORMAL -53 PTCLDY (SCALE 4-7) 8
TOTAL FM JUL 1 45 CLOUDY (SCALE 8-10) 0
DPTR FM NORMAL -87
[CDD (BASE 65) ]
TOTAL THIS MO. 84
DPTR FM NORMAL 53 [PRESSURE DATA]
TOTAL FM JAN 1 167 HIGHEST SLP M ON M
DPTR FM NORMAL 96 LOWEST SLP 29.85 ON 19
[REMARKS]
#FINAL-08-22#