000
CXUS55 KSEW 020030
CF6BLI
PRELIMINARY LOCAL CLIMATOLOGICAL DATA (WS FORM: F-6)
STATION: BELLINGHAM WA AIRPORT
MONTH: AUGUST
YEAR: 2021
LATITUDE: 48 47 N
LONGITUDE: 122 32 W
TEMPERATURE IN F: :PCPN: SNOW: WIND :SUNSHINE: SKY :PK WND
================================================================================
1 2 3 4 5 6A 6B 7 8 9 10 11 12 13 14 15 16 17 18
12Z AVG MX 2MIN
DY MAX MIN AVG DEP HDD CDD WTR SNW DPTH SPD SPD DIR MIN PSBL S-S WX SPD DR
================================================================================
1 71 61 66 1 0 1 T M M 8.4 17 180 M M 2 8 28 160
2 78 61 70 5 0 5 0.00 M M 6.2 13 180 M M 0 8 20 160
3 80 55 68 3 0 3 0.00 M M 6.5 16 180 M M 2 18 27 190
4 83 59 71 6 0 6 0.00 M M 6.4 12 190 M M 1 8 20 210
5 75 63 69 4 0 4 0.00 M M 11.4 20 190 M M 1 8 31 170
6 70 61 66 1 0 1 0.01 M M 10.5 17 190 M M 8 28 180
7 69 58 64 -1 1 0 0.25 M M 7.3 17 180 M M 8 1 28 170
8 70 57 64 -1 1 0 0.07 M M 5.9 13 170 M M 9 1 20 190
9 76 59 68 3 0 3 0.00 M M 4.1 9 300 M M 4 15 290
10 80 58 69 4 0 4 0.00 M M 3.2 9 290 M M 2 14 300
11 83 58 71 6 0 6 0.00 M M 2.7 9 290 M M 0 1 15 300
12 100 60 80 16 0 15 0.00 M M 3.9 23 40 M M 3 8 33 50
13 86 60 73 9 0 8 0.00 M M 2.4 9 190 M M 7 18 16 190
14 78 64 71 7 0 6 0.00 M M 8.3 15 180 M M 2 8 23 190
15 76 59 68 4 0 3 0.00 M M 10.4 18 180 M M 3 12 29 170
16 69 60 65 1 0 0 T M M 9.3 17 190 M M 8 27 180
17 69 55 62 -2 3 0 0.12 M M 7.0 14 160 M M 5 1 19 190
18 75 51 63 -1 2 0 0.00 M M 3.7 10 250 M M 1 1 15 290
19 73 56 65 1 0 0 0.00 M M 4.6 13 170 M M 3 18 170
20 65 56 61 -3 4 0 T M M 4.9 14 180 M M 9 22 180
21 67 59 63 -1 2 0 0.00 M M 6.1 14 180 M M 10 25 180
22 65 58 62 -1 3 0 0.00 M M 9.2 15 180 M M 8 25 170
23 69 48 59 -4 6 0 0.04 M M 5.3 13 170 M M 5 1 22 170
24 74 45 60 -3 5 0 0.00 M M 2.9 12 290 M M 0 1 16 260
25 72 48 60 -3 5 0 0.00 M M 5.8 13 180 M M 0 1 21 160
26 66 60 63 0 2 0 0.08 M M 7.2 14 200 M M 9 1 21 180
27 68 51 60 -3 5 0 0.14 M M 4.7 12 180 M M 6 1 17 180
28 74 47 61 -1 4 0 0.00 M M 1.7 10 180 M M 1 12 15 160
29 75 50 63 1 2 0 0.00 M M 4.1 14 190 M M 1 1 20 190
30 65 52 59 -3 6 0 0.01 M M 10.2 20 160 M M 7 1 29 170
31 63 47 55 -7 10 0 0.24 M M 4.5 13 180 M M 7 1 20 170
================================================================================
SM 2284 1736 61 65 0.96 M 188.8 M 132
================================================================================
AV 73.7 56.0 6.1 FASTST M M 4 MAX(MPH)
MISC ----> 23 40 33 50
================================================================================
NOTES:
# LAST OF SEVERAL OCCURRENCES
COLUMN 17 PEAK WIND IN M.P.H.
PRELIMINARY LOCAL CLIMATOLOGICAL DATA (WS FORM: F-6) , PAGE 2
STATION: BELLINGHAM WA AIRPORT
MONTH: AUGUST
YEAR: 2021
LATITUDE: 48 47 N
LONGITUDE: 122 32 W
[TEMPERATURE DATA] [PRECIPITATION DATA] SYMBOLS USED IN COLUMN 16
AVERAGE MONTHLY: 64.8 TOTAL FOR MONTH: 0.96 1 = FOG OR MIST
DPTR FM NORMAL: 0.9 DPTR FM NORMAL: -0.17 2 = FOG REDUCING VISIBILITY
HIGHEST: 100 ON 12 GRTST 24HR 0.26 ON 6- 7 TO 1/4 MILE OR LESS
LOWEST: 45 ON 24 3 = THUNDER
SNOW, ICE PELLETS, HAIL 4 = ICE PELLETS
TOTAL MONTH: M 5 = HAIL
GRTST 24HR M ON M 6 = FREEZING RAIN OR DRIZZLE
GRTST DEPTH: M ON M 7 = DUSTSTORM OR SANDSTORM:
VSBY 1/2 MILE OR LESS
8 = SMOKE OR HAZE
[NO. OF DAYS WITH] [WEATHER - DAYS WITH] 9 = BLOWING SNOW
X = TORNADO
MAX 32 OR BELOW: 0 0.01 INCH OR MORE: 9
MAX 90 OR ABOVE: 1 0.10 INCH OR MORE: 4
MIN 32 OR BELOW: 0 0.50 INCH OR MORE: 0
MIN 0 OR BELOW: 0 1.00 INCH OR MORE: 0
[HDD (BASE 65) ]
TOTAL THIS MO. 61 CLEAR (SCALE 0-3) 16
DPTR FM NORMAL -4 PTCLDY (SCALE 4-7) 10
TOTAL FM JUL 1 86 CLOUDY (SCALE 8-10) 5
DPTR FM NORMAL -46
[CDD (BASE 65) ]
TOTAL THIS MO. 65
DPTR FM NORMAL 34 [PRESSURE DATA]
TOTAL FM JAN 1 200 HIGHEST SLP 30.19 ON 2
DPTR FM NORMAL 129 LOWEST SLP 29.81 ON 22
[REMARKS]
#FINAL-08-21#
CORRECTED