000
CXUS56 KSEW 031801 CCA
CLMBLI
CLIMATE REPORT...CORRECTED
NATIONAL WEATHER SERVICE SEATTLE
1001 AM PST SUN MAR 03 2024
...................................
...THE BELLINGHAM WA AIRPORT CLIMATE SUMMARY FOR THE MONTH OF FEBRUARY 2024...
CLIMATE NORMAL PERIOD 1991 TO 2020
CLIMATE RECORD PERIOD 1949 TO 2024
WEATHER OBSERVED NORMAL DEPART LAST YEAR`S
VALUE DATE(S) VALUE FROM VALUE DATE(S)
NORMAL
................................................................
TEMPERATURE (F)
RECORD
HIGH 68 02/27/1986
LOW 5 02/02/1989
02/03/1950
02/02/1950
HIGHEST 57 02/01 MM MM 56 02/09
LOWEST 29 02/09 MM MM 20 02/24
AVG. MAXIMUM 48.7 48.9 -0.2 45.3
AVG. MINIMUM 35.2 34.5 0.7 33.7
MEAN 42.0 41.7 0.3 39.5
DAYS MAX >= 90 0 0.0 0.0 0
DAYS MAX <= 32 0 0.5 -0.5 2
DAYS MIN <= 32 9 12.2 -3.2 12
DAYS MIN <= 0 0 0.0 0.0 0
PRECIPITATION (INCHES)
RECORD
MAXIMUM 8.65 1982
MINIMUM 0.49 1993
TOTALS 3.03 2.85 0.18 1.75
DAILY AVG. 0.11 NAN NAN 0.06
DAYS >= .01 15 15.8 -0.8 16
DAYS >= .10 7 8.8 -1.8 6
DAYS >= .50 3 1.2 1.8 1
DAYS >= 1.00 0 0.2 -0.2 0
GREATEST
24 HR. TOTAL 0.86 02/11 TO 02/12
DEGREE DAYS
HEATING TOTAL 633 652 -19 707
SINCE 7/1 3465 3618 -153 MM
COOLING TOTAL 0 0 0 0
SINCE 1/1 0 0 0 MM
................................................................
WIND (MPH)
AVERAGE WIND SPEED 6.3
HIGHEST WIND SPEED/DIRECTION 30/160 DATE 02/28
HIGHEST GUST SPEED/DIRECTION 48/190 DATE 02/28
SKY COVER
POSSIBLE SUNSHINE (PERCENT) MM
AVERAGE SKY COVER 0.70
NUMBER OF DAYS FAIR 3
NUMBER OF DAYS PC 12
NUMBER OF DAYS CLOUDY 13
AVERAGE RH (PERCENT) 75
WEATHER CONDITIONS. NUMBER OF DAYS WITH
THUNDERSTORM 0 MIXED PRECIP 0
HEAVY RAIN 0 RAIN 5
LIGHT RAIN 17 FREEZING RAIN 0
LT FREEZING RAIN 0 HAIL 0
HEAVY SNOW 0 SNOW 0
LIGHT SNOW 3 SLEET 0
FOG 19 FOG W/VIS <= 1/4 MILE 5
HAZE 3
- INDICATES NEGATIVE NUMBERS.
R INDICATES RECORD WAS SET OR TIED.
MM INDICATES DATA IS MISSING.
T INDICATES TRACE AMOUNT.
$$