000
CXUS53 KILX 011002
CF6BMI
PRELIMINARY LOCAL CLIMATOLOGICAL DATA (WS FORM: F-6)
STATION: BLOOMINGTON IL AIRPORT
MONTH: JANUARY
YEAR: 2024
LATITUDE: 40 28 N
LONGITUDE: 88 56 W
TEMPERATURE IN F: :PCPN: SNOW: WIND :SUNSHINE: SKY :PK WND
================================================================================
1 2 3 4 5 6A 6B 7 8 9 10 11 12 13 14 15 16 17 18
12Z AVG MX 2MIN
DY MAX MIN AVG DEP HDD CDD WTR SNW DPTH SPD SPD DIR MIN PSBL S-S WX SPD DR
================================================================================
1 35 27 31 M 34 0 T M M 11.3 16 330 M M 10 18 270
2 39 23 31 M 34 0 0.00 M M 12.8 21 220 M M 2 25 220
3 34 26 30 M 35 0 0.00 M M 8.2 12 330 M M 10 1 M M
4 37 26 32 M 33 0 0.00 M M 5.6 10 40 M M 8 M M
5 36 23 30 M 35 0 0.01 M M 8.8 13 90 M M 3 1 M M
6 34 30 32 M 33 0 0.14 M M 6.9 10 260 M M 10 12 M M
7 34 29 32 M 33 0 T M M 8.7 14 280 M M 10 1 M M
8 35 27 31 M 34 0 0.20 M M 12.6 21 90 M M 5 16 M M
9 40 32 36 M 29 0 0.42 M M 15.7 29 310 M M 10 1 36 310
10 34 28 31 M 34 0 T M M 16.0 23 300 M M 9 35 300
11 35 28 32 M 33 0 0.00 M M 12.4 24 260 M M 6 1 33 260
12 41 20 31 M 34 0 0.60 M M 17.8 33 90 M M 10 126 43 240
13 20 -4 8 M 57 0 T M M 22.2 30 270 M M 9 189 41 260
14 -4 -14 -9 M 74 0 T M M 17.2 27 270 M M 3 89 37 260
15 7 -11 -2 M 67 0 T M M 10.6 15 270 M M 3 M M
16 10 -6 2 M 63 0 T M M 17.0 24 250 M M 2 28 250
17 27 2 15 M 50 0 0.00 M M 14.2 21 240 M M 4 32 260
18 34 14 24 M 41 0 M M M 9.3 18 340 M M 9 1 M M
19 14 0 7 M 58 0 M M M 17.7 24 310 M M 6 1 30 330
20 18 -4 7 M 58 0 0.00 M M 10.5 16 310 M M 1 M M
21 22 -4 9 M 56 0 0.00 M M 13.0 23 170 M M 1 31 170
22 32 22 27 M 38 0 M M M 18.7 24 190 M M 10 16 32 200
23 37 32 35 M 30 0 0.37 M M 8.7 16 160 M M 10 126 20 140
24 38 34 36 M 29 0 0.44 M M 8.4 12 80 M M 10 12 M M
25 41 34 38 M 27 0 0.41 M M 8.3 16 30 M M 10 12 M M
26 41 34 38 M 27 0 T M M 6.7 10 310 M M 10 12 M M
27 37 33 35 M 30 0 0.07 M M 8.6 16 360 M M 10 12 M M
28 36 30 33 M 32 0 0.06 M M 15.5 23 340 M M 10 1 29 340
29 39 29 34 M 31 0 T M M 11.0 17 200 M M 7 12 M M
30 41 33 37 M 28 0 0.01 M M 12.2 17 200 M M 9 16 23 330
31 39 32 36 M 29 0 0.00 M M 10.1 16 220 M M 8 M M
================================================================================
SM 963 605 1226 0 2.73 M 376.7 M 225
================================================================================
AV 31.1 19.5 12.2 FASTST M M 7 MAX(MPH)
MISC ----> 33 90 43 240
================================================================================
NOTES:
# LAST OF SEVERAL OCCURRENCES
COLUMN 17 PEAK WIND IN M.P.H.
PRELIMINARY LOCAL CLIMATOLOGICAL DATA (WS FORM: F-6) , PAGE 2
STATION: BLOOMINGTON IL AIRPORT
MONTH: JANUARY
YEAR: 2024
LATITUDE: 40 28 N
LONGITUDE: 88 56 W
[TEMPERATURE DATA] [PRECIPITATION DATA] SYMBOLS USED IN COLUMN 16
AVERAGE MONTHLY: 25.3 TOTAL FOR MONTH: 2.73 1 = FOG OR MIST
DPTR FM NORMAL: 0.0 DPTR FM NORMAL: M 2 = FOG REDUCING VISIBILITY
HIGHEST: 41 ON 30,26 GRTST 24HR 0.71 ON 8- 9 TO 1/4 MILE OR LESS
LOWEST: -14 ON 14 3 = THUNDER
SNOW, ICE PELLETS, HAIL 4 = ICE PELLETS
TOTAL MONTH: M 5 = HAIL
GRTST 24HR M ON M 6 = FREEZING RAIN OR DRIZZLE
GRTST DEPTH: M ON M 7 = DUSTSTORM OR SANDSTORM:
VSBY 1/2 MILE OR LESS
8 = SMOKE OR HAZE
[NO. OF DAYS WITH] [WEATHER - DAYS WITH] 9 = BLOWING SNOW
X = TORNADO
MAX 32 OR BELOW: 9 0.01 INCH OR MORE: 11
MAX 90 OR ABOVE: 0 0.10 INCH OR MORE: 7
MIN 32 OR BELOW: 26 0.50 INCH OR MORE: 1
MIN 0 OR BELOW: 7 1.00 INCH OR MORE: 0
[HDD (BASE 65) ]
TOTAL THIS MO. 1226 CLEAR (SCALE 0-3) 4
DPTR FM NORMAL M PTCLDY (SCALE 4-7) 10
TOTAL FM JUL 1 3044 CLOUDY (SCALE 8-10) 17
DPTR FM NORMAL M
[CDD (BASE 65) ]
TOTAL THIS MO. 0
DPTR FM NORMAL M [PRESSURE DATA]
TOTAL FM JAN 1 0 HIGHEST SLP M ON M
DPTR FM NORMAL M LOWEST SLP M ON M
[REMARKS]
#FINAL-01-24#